{"id":2555,"date":"2015-01-07T18:44:29","date_gmt":"2015-01-07T18:44:29","guid":{"rendered":"http:\/\/estructuras-de-impacto.impact-structures.com\/?page_id=2555"},"modified":"2015-01-07T19:02:26","modified_gmt":"2015-01-07T19:02:26","slug":"impacto-aspectos-educativos-introduccion","status":"publish","type":"page","link":"http:\/\/estructuras-de-impacto.impact-structures.com\/?page_id=2555","title":{"rendered":"Impacto: Aspectos educativos &#8211; Introducci\u00f3n"},"content":{"rendered":"<p>Apreciado visitante de nuestra web,<\/p>\n<p>en los \u00faltimos a\u00f1os hemos observado un incremento permanente en el n\u00famero de p\u00e1ginas visitadas, de forma que las estad\u00edsticas han registrado m\u00e1s de 9000 (nueve mil) visitas en las \u00faltimas semanas y tan solo para la versi\u00f3n inglesa (sin contar las versiones alemana y espa\u00f1ola). Las estad\u00edsticas indican, adem\u00e1s, que un gran porcentaje de esas visitas se hacen a la p\u00e1gina \u201cUnderstanding the Impact Cratering Process: a Simple Approach\u201d (<a href=\"http:\/\/estructuras-de-impacto.impact-structures.com\/?page_id=7\" target=\"_blank\">&#8230; comprender el proceso de craterizaci\u00f3n por impacto: una aproximaci\u00f3n simple).<\/a><\/p>\n<p>Esta fue la chispa inicial para introducir una nueva categor\u00eda, la de \u201cEducaci\u00f3n en impactos\u201d, que puede ser clicada en el men\u00fa de cabecera desde ahora. Adem\u00e1s, tambi\u00e9n tenemos claro el hecho de que algunas de nuestras contribuciones cient\u00edficas \u2013 por decirlo de un modo geol\u00f3gico \u2013 se hallan sedimentadas y enterradas entre capas y capas m\u00e1s profundas, y que alg\u00fan art\u00edculo puede incluso haber sido sujeto de subducci\u00f3n y olvido a pesar de los programas de b\u00fasqueda. As\u00ed que, nuestra nueva categor\u00eda de \u201cEducaci\u00f3n en impactos\u201d pretende excavar especialmente en la vieja literatura sobre impactos que sea de particular importancia e inter\u00e9s, de modo que \u00e1reas espec\u00edficas inicialmente discutidas en nuestra web puedan ser ubicadas en un nuevo contexto en el que tambi\u00e9n se integraran nuevos aspectos de investigaci\u00f3n y publicaciones.<\/p>\n<p>En este punto el lector puede realizar un test que consiste en leer sobre la espalaci\u00f3n por impacto meteor\u00edtico.<\/p>\n","protected":false},"excerpt":{"rendered":"<p>Apreciado visitante de nuestra web, en los \u00faltimos a\u00f1os hemos observado un incremento permanente en el n\u00famero de p\u00e1ginas visitadas, de forma que las estad\u00edsticas han registrado m\u00e1s de 9000 (nueve mil) visitas en las \u00faltimas semanas y tan solo para la versi\u00f3n inglesa (sin contar las versiones alemana y espa\u00f1ola). Las estad\u00edsticas indican, adem\u00e1s, &hellip; <a href=\"http:\/\/estructuras-de-impacto.impact-structures.com\/?page_id=2555\" class=\"more-link\">Continuar leyendo<span class=\"screen-reader-text\"> \u00abImpacto: Aspectos educativos &#8211; Introducci\u00f3n\u00bb<\/span><\/a><\/p>\n","protected":false},"author":1,"featured_media":0,"parent":2551,"menu_order":0,"comment_status":"closed","ping_status":"closed","template":"","meta":{"footnotes":""},"class_list":["post-2555","page","type-page","status-publish","hentry"],"yoast_head":"<!-- This site is optimized with the Yoast SEO plugin v27.3 - https:\/\/yoast.com\/product\/yoast-seo-wordpress\/ -->\n<title>Impacto: Aspectos educativos - Introducci\u00f3n - ERNSTSON CLAUDIN ESTRUCTURAS DE IMPACTO - CR\u00c1TERES METEOR\u00cdTICOS<\/title>\n<meta name=\"robots\" content=\"index, follow, max-snippet:-1, max-image-preview:large, max-video-preview:-1\" \/>\n<link rel=\"canonical\" href=\"http:\/\/estructuras-de-impacto.impact-structures.com\/?page_id=2555\" \/>\n<meta property=\"og:locale\" content=\"es_ES\" \/>\n<meta property=\"og:type\" content=\"article\" \/>\n<meta property=\"og:title\" content=\"Impacto: Aspectos educativos - Introducci\u00f3n - ERNSTSON CLAUDIN ESTRUCTURAS DE IMPACTO - CR\u00c1TERES METEOR\u00cdTICOS\" \/>\n<meta property=\"og:description\" content=\"Apreciado visitante de nuestra web, en los \u00faltimos a\u00f1os hemos observado un incremento permanente en el n\u00famero de p\u00e1ginas visitadas, de forma que las estad\u00edsticas han registrado m\u00e1s de 9000 (nueve mil) visitas en las \u00faltimas semanas y tan solo para la versi\u00f3n inglesa (sin contar las versiones alemana y espa\u00f1ola). Las estad\u00edsticas indican, adem\u00e1s, &hellip; Continuar leyendo &quot;Impacto: Aspectos educativos &#8211; Introducci\u00f3n&quot;\" \/>\n<meta property=\"og:url\" content=\"http:\/\/estructuras-de-impacto.impact-structures.com\/?page_id=2555\" \/>\n<meta property=\"og:site_name\" content=\"ERNSTSON CLAUDIN ESTRUCTURAS DE IMPACTO - CR\u00c1TERES METEOR\u00cdTICOS\" \/>\n<meta property=\"article:modified_time\" content=\"2015-01-07T19:02:26+00:00\" \/>\n<meta name=\"twitter:card\" content=\"summary_large_image\" \/>\n<meta name=\"twitter:label1\" content=\"Tiempo de lectura\" \/>\n\t<meta name=\"twitter:data1\" content=\"1 minuto\" \/>\n<script type=\"application\/ld+json\" class=\"yoast-schema-graph\">{\"@context\":\"https:\\\/\\\/schema.org\",\"@graph\":[{\"@type\":\"WebPage\",\"@id\":\"http:\\\/\\\/estructuras-de-impacto.impact-structures.com\\\/?page_id=2555\",\"url\":\"http:\\\/\\\/estructuras-de-impacto.impact-structures.com\\\/?page_id=2555\",\"name\":\"Impacto: Aspectos educativos - Introducci\u00f3n - ERNSTSON CLAUDIN ESTRUCTURAS DE IMPACTO - CR\u00c1TERES METEOR\u00cdTICOS\",\"isPartOf\":{\"@id\":\"http:\\\/\\\/estructuras-de-impacto.impact-structures.com\\\/#website\"},\"datePublished\":\"2015-01-07T18:44:29+00:00\",\"dateModified\":\"2015-01-07T19:02:26+00:00\",\"breadcrumb\":{\"@id\":\"http:\\\/\\\/estructuras-de-impacto.impact-structures.com\\\/?page_id=2555#breadcrumb\"},\"inLanguage\":\"es\",\"potentialAction\":[{\"@type\":\"ReadAction\",\"target\":[\"http:\\\/\\\/estructuras-de-impacto.impact-structures.com\\\/?page_id=2555\"]}]},{\"@type\":\"BreadcrumbList\",\"@id\":\"http:\\\/\\\/estructuras-de-impacto.impact-structures.com\\\/?page_id=2555#breadcrumb\",\"itemListElement\":[{\"@type\":\"ListItem\",\"position\":1,\"name\":\"Portada\",\"item\":\"http:\\\/\\\/estructuras-de-impacto.impact-structures.com\\\/\"},{\"@type\":\"ListItem\",\"position\":2,\"name\":\"Impacto: Aspectos educativos\",\"item\":\"http:\\\/\\\/estructuras-de-impacto.impact-structures.com\\\/?page_id=2551\"},{\"@type\":\"ListItem\",\"position\":3,\"name\":\"Impacto: Aspectos educativos &#8211; Introducci\u00f3n\"}]},{\"@type\":\"WebSite\",\"@id\":\"http:\\\/\\\/estructuras-de-impacto.impact-structures.com\\\/#website\",\"url\":\"http:\\\/\\\/estructuras-de-impacto.impact-structures.com\\\/\",\"name\":\"ERNSTSON CLAUDIN ESTRUCTURAS DE IMPACTO - CR\u00c1TERES METEOR\u00cdTICOS\",\"description\":\"Investigaci\u00f3n sobre la geolog\u00eda, geof\u00edsica, y petrolog\u00eda\",\"potentialAction\":[{\"@type\":\"SearchAction\",\"target\":{\"@type\":\"EntryPoint\",\"urlTemplate\":\"http:\\\/\\\/estructuras-de-impacto.impact-structures.com\\\/?s={search_term_string}\"},\"query-input\":{\"@type\":\"PropertyValueSpecification\",\"valueRequired\":true,\"valueName\":\"search_term_string\"}}],\"inLanguage\":\"es\"}]}<\/script>\n<!-- \/ Yoast SEO plugin. -->","yoast_head_json":{"title":"Impacto: Aspectos educativos - Introducci\u00f3n - ERNSTSON CLAUDIN ESTRUCTURAS DE IMPACTO - CR\u00c1TERES METEOR\u00cdTICOS","robots":{"index":"index","follow":"follow","max-snippet":"max-snippet:-1","max-image-preview":"max-image-preview:large","max-video-preview":"max-video-preview:-1"},"canonical":"http:\/\/estructuras-de-impacto.impact-structures.com\/?page_id=2555","og_locale":"es_ES","og_type":"article","og_title":"Impacto: Aspectos educativos - Introducci\u00f3n - ERNSTSON CLAUDIN ESTRUCTURAS DE IMPACTO - CR\u00c1TERES METEOR\u00cdTICOS","og_description":"Apreciado visitante de nuestra web, en los \u00faltimos a\u00f1os hemos observado un incremento permanente en el n\u00famero de p\u00e1ginas visitadas, de forma que las estad\u00edsticas han registrado m\u00e1s de 9000 (nueve mil) visitas en las \u00faltimas semanas y tan solo para la versi\u00f3n inglesa (sin contar las versiones alemana y espa\u00f1ola). Las estad\u00edsticas indican, adem\u00e1s, &hellip; Continuar leyendo \"Impacto: Aspectos educativos &#8211; Introducci\u00f3n\"","og_url":"http:\/\/estructuras-de-impacto.impact-structures.com\/?page_id=2555","og_site_name":"ERNSTSON CLAUDIN ESTRUCTURAS DE IMPACTO - CR\u00c1TERES METEOR\u00cdTICOS","article_modified_time":"2015-01-07T19:02:26+00:00","twitter_card":"summary_large_image","twitter_misc":{"Tiempo de lectura":"1 minuto"},"schema":{"@context":"https:\/\/schema.org","@graph":[{"@type":"WebPage","@id":"http:\/\/estructuras-de-impacto.impact-structures.com\/?page_id=2555","url":"http:\/\/estructuras-de-impacto.impact-structures.com\/?page_id=2555","name":"Impacto: Aspectos educativos - Introducci\u00f3n - ERNSTSON CLAUDIN ESTRUCTURAS DE IMPACTO - CR\u00c1TERES METEOR\u00cdTICOS","isPartOf":{"@id":"http:\/\/estructuras-de-impacto.impact-structures.com\/#website"},"datePublished":"2015-01-07T18:44:29+00:00","dateModified":"2015-01-07T19:02:26+00:00","breadcrumb":{"@id":"http:\/\/estructuras-de-impacto.impact-structures.com\/?page_id=2555#breadcrumb"},"inLanguage":"es","potentialAction":[{"@type":"ReadAction","target":["http:\/\/estructuras-de-impacto.impact-structures.com\/?page_id=2555"]}]},{"@type":"BreadcrumbList","@id":"http:\/\/estructuras-de-impacto.impact-structures.com\/?page_id=2555#breadcrumb","itemListElement":[{"@type":"ListItem","position":1,"name":"Portada","item":"http:\/\/estructuras-de-impacto.impact-structures.com\/"},{"@type":"ListItem","position":2,"name":"Impacto: Aspectos educativos","item":"http:\/\/estructuras-de-impacto.impact-structures.com\/?page_id=2551"},{"@type":"ListItem","position":3,"name":"Impacto: Aspectos educativos &#8211; Introducci\u00f3n"}]},{"@type":"WebSite","@id":"http:\/\/estructuras-de-impacto.impact-structures.com\/#website","url":"http:\/\/estructuras-de-impacto.impact-structures.com\/","name":"ERNSTSON CLAUDIN ESTRUCTURAS DE IMPACTO - CR\u00c1TERES METEOR\u00cdTICOS","description":"Investigaci\u00f3n sobre la geolog\u00eda, geof\u00edsica, y petrolog\u00eda","potentialAction":[{"@type":"SearchAction","target":{"@type":"EntryPoint","urlTemplate":"http:\/\/estructuras-de-impacto.impact-structures.com\/?s={search_term_string}"},"query-input":{"@type":"PropertyValueSpecification","valueRequired":true,"valueName":"search_term_string"}}],"inLanguage":"es"}]}},"_links":{"self":[{"href":"http:\/\/estructuras-de-impacto.impact-structures.com\/index.php?rest_route=\/wp\/v2\/pages\/2555","targetHints":{"allow":["GET"]}}],"collection":[{"href":"http:\/\/estructuras-de-impacto.impact-structures.com\/index.php?rest_route=\/wp\/v2\/pages"}],"about":[{"href":"http:\/\/estructuras-de-impacto.impact-structures.com\/index.php?rest_route=\/wp\/v2\/types\/page"}],"author":[{"embeddable":true,"href":"http:\/\/estructuras-de-impacto.impact-structures.com\/index.php?rest_route=\/wp\/v2\/users\/1"}],"replies":[{"embeddable":true,"href":"http:\/\/estructuras-de-impacto.impact-structures.com\/index.php?rest_route=%2Fwp%2Fv2%2Fcomments&post=2555"}],"version-history":[{"count":0,"href":"http:\/\/estructuras-de-impacto.impact-structures.com\/index.php?rest_route=\/wp\/v2\/pages\/2555\/revisions"}],"up":[{"embeddable":true,"href":"http:\/\/estructuras-de-impacto.impact-structures.com\/index.php?rest_route=\/wp\/v2\/pages\/2551"}],"wp:attachment":[{"href":"http:\/\/estructuras-de-impacto.impact-structures.com\/index.php?rest_route=%2Fwp%2Fv2%2Fmedia&parent=2555"}],"curies":[{"name":"wp","href":"https:\/\/api.w.org\/{rel}","templated":true}]}}