{"id":15,"date":"2011-05-27T13:41:01","date_gmt":"2011-05-27T13:41:01","guid":{"rendered":"http:\/\/cms.impaktstrukturen.de\/?page_id=15"},"modified":"2012-04-19T08:19:43","modified_gmt":"2012-04-19T08:19:43","slug":"introduktion","status":"publish","type":"page","link":"http:\/\/estructuras-de-impacto.impact-structures.com\/?page_id=15","title":{"rendered":"Introducci\u00f3n a esta Web"},"content":{"rendered":"<p>El principal objetivo de esta web es el de contribuir a mejorar el conocimiento del proceso geol\u00f3gico de craterizaci\u00f3n por impacto. La craterizaci\u00f3n por impacto comprende todos los aspectos relacionados con la formaci\u00f3n de una estructura de impacto incluyendo las consideraciones astron\u00f3micas, los cuerpos c\u00f3smicos impactantes (los impactores: a saber meteoritos procedentes de asteroides y cometas), los diversos estadios del proceso de craterizaci\u00f3n por impacto, las implicacions geol\u00f3gicas y geof\u00edsicas, las impactitas, el metamorfismo de choque, los estudios y escalado experimentales de impacto, as\u00ed como factores de tipo social (NEO\u2019s, Near Earth Objects, que constituyen una amenza para la humanidad)<\/p>\n<p><a href=\"http:\/\/cms.impaktstrukturen.de\/wp-content\/uploads\/2011\/05\/meteor-krater.jpg\"><img loading=\"lazy\" decoding=\"async\" class=\"alignnone size-medium wp-image-1456\" title=\"meteor krater\" src=\"http:\/\/cms.impaktstrukturen.de\/wp-content\/uploads\/2011\/05\/meteor-krater-300x182.jpg\" alt=\"\" width=\"300\" height=\"182\" \/><\/a><\/p>\n<p>Meteor Crater.<em>\u00a0NASA<\/em><\/p>\n<p>Los sucesos b\u00e1sicos durante y despu\u00e9s del proceso de impacto de un meteorito son en su mayor parte desconocidos desde hace d\u00e9cadas. Hace m\u00e1s de 30 a\u00f1os, Eugene Merle Shoemaker, un ge\u00f3logo y astr\u00f3nomo americano, que capitane\u00f3 los estudios sobre impactos en la Tierra, en la Luna, y sobre los otros planetas y sat\u00e9lites, afirm\u00f3 que la craterizaci\u00f3n por impacto deb\u00eda considerarse como uno de los procesos geol\u00f3gicos m\u00e1s importantes en el desarrollo de nuestro sistema planetario. Hace unos 20 a\u00f1os, se imprimi\u00f3 el primer libro sobre craterizaci\u00f3n por impacto (\u201cImpact cratering. A geol\u00f2gic Process (Melosh, 1989)\u201d ).<\/p>\n<p>No obstante, la docencia sobre impactos en escuelas y universidades ha sido y todav\u00eda es pobre. La mayor\u00eda de ge\u00f3logos todav\u00eda no es consciente de que los objetos extraterrestres (asteroides y cometas) juegan un papel importante en la geolog\u00eda de nuestro planeta. Entre algunos ge\u00f3logos existen ideas parcialmente equ\u00edvocas sobre la formaci\u00f3n de los cr\u00e1teres de impacto, e incluso las rocas de impacto m\u00e1s comunes \u2013 como las brechas polim\u00edcticas, rocas de fundido de impacto, vidrios de impacto, suevitas y conos astillados \u2013 nunca han estado entre sus manos. De este modo es dif\u00edcil que puedan identificarlas en el campo y que presenten carencias en los conceptos m\u00e1s simples de la f\u00edsica de impacto.<\/p>\n<p>No importa d\u00f3nde ni cuando. Todav\u00eda hoy, cuando se sugiere el descubrimiento de una nueva estructura de impacto, la oposici\u00f3n de los ge\u00f3logos regionales puede ser considerable.<\/p>\n<p>Con todo esto en mente, decidimos empezar a construir la web de estructuras de impacto de Ernstson &amp; Claudin a finales de los a\u00f1os 90.\u00a0 Ahora estamos orgullosos de actualizar una versi\u00f3n completamente revisada. Como en la anterior nos centraremos en la geolog\u00eda de las estructuras de impacto, en los procesos de impacto y en las rocas de impacto procedentes de diversos \u201cobjetivos\u201d de impacto (cristalinos, sedimentarios y mixtos) de diversas partes del mundo. Tambi\u00e9n de manera similar a la primigenia web, concederemos una gran importancia al material gr\u00e1fico tanto de afloramientos, como de impactitas e im\u00e1genes microfotogr\u00e1ficas.<\/p>\n<p><a href=\"http:\/\/cms.impaktstrukturen.de\/wp-content\/uploads\/2011\/05\/Azuara.jpg\"><img loading=\"lazy\" decoding=\"async\" class=\"alignnone size-medium wp-image-1459\" title=\"Azuara\" src=\"http:\/\/cms.impaktstrukturen.de\/wp-content\/uploads\/2011\/05\/Azuara-300x211.jpg\" alt=\"\" width=\"300\" height=\"211\" \/><\/a><\/p>\n<p>Estructura de impacto de Azuara.\u00a0<em>Google Earth<\/em><\/p>\n<p>Aparte de las estructuras de impacto de Ries, Stenheim (Alemania) y de Rochechouart (Francia) que nos son familiares entre las estructuras europeas, la mayor parte de nuestra web est\u00e1 dedicada a las grandes estructuras de impacto espa\u00f1olas de Azuara y de Rubielos de la C\u00e9rida. Esta circunstancia obedece a las siguientes razones: Hemos (los autores K.E. y F.C., y colaboradores) estado trabajando durante m\u00e1s de 25 a\u00f1os en esta fascinante regi\u00f3n de impacto. Durante este tiempo hemos producido un conjunto de material bajo la forma de innumerables estudios y descripciones de afloramientos, algunos estudios de rocas de impacto as\u00ed como una abundante evidencia petrogr\u00e1fica de impacto. La regi\u00f3n de impacto\u00a0 que mide al menos unos 120 Km de longitud, se caracteriza por unas excelentes condiciones de afloramientos, una gran variabilidad en los escenarios geol\u00f3gicos de impacto y un f\u00e1cil acceso a los mismos. Mientras que en la regi\u00f3n de Yucat\u00e1n, donde se halla la famosa estructura de Chicxulub , las muestras se obtienen a partir de costos\u00edsimos sondeos que alcanzan algunos Km de profundidad, en Azuara\/Rubielos de la C\u00e9rida muestras comparables pueden obtenerse de una manera sencilla con el martillo al mismo tiempo que se disfruta de maravilloso paisaje. Adem\u00e1s, algunos de los afloramientos pueden tener (y de hecho han tenido) una utilidad educativa.<\/p>\n<p>Existe otra raz\u00f3n m\u00e1s para considerar la vertiente educativa de las estructuras de impacto espa\u00f1olas y de sus investigaciones. El impacto de Azuara\/Rubielos de la C\u00e9rida ejemplifica el caso t\u00edpico de controversia relativa a su g\u00e9nesis. Son bien conocidas las fuertes controversias existentes sobre las estructuras de impacto de Vredefort, Sudbury, Ries y otras. Todas ellas proceden casi siempre de una forma id\u00e9ntica al llevar a escena a los ge\u00f3logos regionalistas. Para ellos, el impacto de un cuerpo c\u00f3smico siempre es y era incompatible con la geolog\u00eda de la zona (la geolog\u00eda regional). De este modo ignoran que el proceso de impacto meteor\u00edtico es completamente estad\u00edstico y que el cuerpo impactante no tiene en cuenta ni a la geolog\u00eda regional ni a los ge\u00f3logos regionalistas.<\/p>\n<p>En el caso de las estructuras de impacto de Azuara-Rubielos de la C\u00e9rida, los mismos debates se han producido y se producen por los regionalistas y por parte de la denominada \u201ccomunidad de impactistas\u201d (independientemente de lo que esto sea). Por este motivo hemos dedicado un cap\u00edtulo especial a la controversia sobre Azuara\/Rubielos de la C\u00e9rida donde se recoge lo principal con la intenci\u00f3n de aportar alguna luz sobre c\u00f3mo (en este caso mal) opera la ciencia.<\/p>\n","protected":false},"excerpt":{"rendered":"<p>El principal objetivo de esta web es el de contribuir a mejorar el conocimiento del proceso geol\u00f3gico de craterizaci\u00f3n por impacto. La craterizaci\u00f3n por impacto comprende todos los aspectos relacionados con la formaci\u00f3n de una estructura de impacto incluyendo las consideraciones astron\u00f3micas, los cuerpos c\u00f3smicos impactantes (los impactores: a saber meteoritos procedentes de asteroides y &hellip; <a href=\"http:\/\/estructuras-de-impacto.impact-structures.com\/?page_id=15\" class=\"more-link\">Continuar leyendo<span class=\"screen-reader-text\"> \u00abIntroducci\u00f3n a esta Web\u00bb<\/span><\/a><\/p>\n","protected":false},"author":1,"featured_media":0,"parent":0,"menu_order":0,"comment_status":"closed","ping_status":"closed","template":"sidebar-page.php","meta":{"footnotes":""},"class_list":["post-15","page","type-page","status-publish","hentry"],"yoast_head":"<!-- This site is optimized with the Yoast SEO plugin v27.3 - https:\/\/yoast.com\/product\/yoast-seo-wordpress\/ -->\n<title>Introducci\u00f3n a esta Web - ERNSTSON CLAUDIN ESTRUCTURAS DE IMPACTO - CR\u00c1TERES METEOR\u00cdTICOS<\/title>\n<meta name=\"robots\" content=\"index, follow, max-snippet:-1, max-image-preview:large, max-video-preview:-1\" \/>\n<link rel=\"canonical\" href=\"http:\/\/estructuras-de-impacto.impact-structures.com\/?page_id=15\" \/>\n<meta property=\"og:locale\" content=\"es_ES\" \/>\n<meta property=\"og:type\" content=\"article\" \/>\n<meta property=\"og:title\" content=\"Introducci\u00f3n a esta Web - ERNSTSON CLAUDIN ESTRUCTURAS DE IMPACTO - CR\u00c1TERES METEOR\u00cdTICOS\" \/>\n<meta property=\"og:description\" content=\"El principal objetivo de esta web es el de contribuir a mejorar el conocimiento del proceso geol\u00f3gico de craterizaci\u00f3n por impacto. La craterizaci\u00f3n por impacto comprende todos los aspectos relacionados con la formaci\u00f3n de una estructura de impacto incluyendo las consideraciones astron\u00f3micas, los cuerpos c\u00f3smicos impactantes (los impactores: a saber meteoritos procedentes de asteroides y &hellip; Continuar leyendo &quot;Introducci\u00f3n a esta Web&quot;\" \/>\n<meta property=\"og:url\" content=\"http:\/\/estructuras-de-impacto.impact-structures.com\/?page_id=15\" \/>\n<meta property=\"og:site_name\" content=\"ERNSTSON CLAUDIN ESTRUCTURAS DE IMPACTO - CR\u00c1TERES METEOR\u00cdTICOS\" \/>\n<meta property=\"article:modified_time\" content=\"2012-04-19T08:19:43+00:00\" \/>\n<meta property=\"og:image\" content=\"http:\/\/cms.impaktstrukturen.de\/wp-content\/uploads\/2011\/05\/meteor-krater-300x182.jpg\" \/>\n<meta name=\"twitter:card\" content=\"summary_large_image\" \/>\n<meta name=\"twitter:label1\" content=\"Tiempo de lectura\" \/>\n\t<meta name=\"twitter:data1\" content=\"5 minutos\" \/>\n<script type=\"application\/ld+json\" class=\"yoast-schema-graph\">{\"@context\":\"https:\\\/\\\/schema.org\",\"@graph\":[{\"@type\":\"WebPage\",\"@id\":\"http:\\\/\\\/estructuras-de-impacto.impact-structures.com\\\/?page_id=15\",\"url\":\"http:\\\/\\\/estructuras-de-impacto.impact-structures.com\\\/?page_id=15\",\"name\":\"Introducci\u00f3n a esta Web - ERNSTSON CLAUDIN ESTRUCTURAS DE IMPACTO - CR\u00c1TERES METEOR\u00cdTICOS\",\"isPartOf\":{\"@id\":\"http:\\\/\\\/estructuras-de-impacto.impact-structures.com\\\/#website\"},\"primaryImageOfPage\":{\"@id\":\"http:\\\/\\\/estructuras-de-impacto.impact-structures.com\\\/?page_id=15#primaryimage\"},\"image\":{\"@id\":\"http:\\\/\\\/estructuras-de-impacto.impact-structures.com\\\/?page_id=15#primaryimage\"},\"thumbnailUrl\":\"http:\\\/\\\/cms.impaktstrukturen.de\\\/wp-content\\\/uploads\\\/2011\\\/05\\\/meteor-krater-300x182.jpg\",\"datePublished\":\"2011-05-27T13:41:01+00:00\",\"dateModified\":\"2012-04-19T08:19:43+00:00\",\"breadcrumb\":{\"@id\":\"http:\\\/\\\/estructuras-de-impacto.impact-structures.com\\\/?page_id=15#breadcrumb\"},\"inLanguage\":\"es\",\"potentialAction\":[{\"@type\":\"ReadAction\",\"target\":[\"http:\\\/\\\/estructuras-de-impacto.impact-structures.com\\\/?page_id=15\"]}]},{\"@type\":\"ImageObject\",\"inLanguage\":\"es\",\"@id\":\"http:\\\/\\\/estructuras-de-impacto.impact-structures.com\\\/?page_id=15#primaryimage\",\"url\":\"http:\\\/\\\/cms.impaktstrukturen.de\\\/wp-content\\\/uploads\\\/2011\\\/05\\\/meteor-krater-300x182.jpg\",\"contentUrl\":\"http:\\\/\\\/cms.impaktstrukturen.de\\\/wp-content\\\/uploads\\\/2011\\\/05\\\/meteor-krater-300x182.jpg\"},{\"@type\":\"BreadcrumbList\",\"@id\":\"http:\\\/\\\/estructuras-de-impacto.impact-structures.com\\\/?page_id=15#breadcrumb\",\"itemListElement\":[{\"@type\":\"ListItem\",\"position\":1,\"name\":\"Portada\",\"item\":\"http:\\\/\\\/estructuras-de-impacto.impact-structures.com\\\/\"},{\"@type\":\"ListItem\",\"position\":2,\"name\":\"Introducci\u00f3n a esta Web\"}]},{\"@type\":\"WebSite\",\"@id\":\"http:\\\/\\\/estructuras-de-impacto.impact-structures.com\\\/#website\",\"url\":\"http:\\\/\\\/estructuras-de-impacto.impact-structures.com\\\/\",\"name\":\"ERNSTSON CLAUDIN ESTRUCTURAS DE IMPACTO - CR\u00c1TERES METEOR\u00cdTICOS\",\"description\":\"Investigaci\u00f3n sobre la geolog\u00eda, geof\u00edsica, y petrolog\u00eda\",\"potentialAction\":[{\"@type\":\"SearchAction\",\"target\":{\"@type\":\"EntryPoint\",\"urlTemplate\":\"http:\\\/\\\/estructuras-de-impacto.impact-structures.com\\\/?s={search_term_string}\"},\"query-input\":{\"@type\":\"PropertyValueSpecification\",\"valueRequired\":true,\"valueName\":\"search_term_string\"}}],\"inLanguage\":\"es\"}]}<\/script>\n<!-- \/ Yoast SEO plugin. -->","yoast_head_json":{"title":"Introducci\u00f3n a esta Web - ERNSTSON CLAUDIN ESTRUCTURAS DE IMPACTO - CR\u00c1TERES METEOR\u00cdTICOS","robots":{"index":"index","follow":"follow","max-snippet":"max-snippet:-1","max-image-preview":"max-image-preview:large","max-video-preview":"max-video-preview:-1"},"canonical":"http:\/\/estructuras-de-impacto.impact-structures.com\/?page_id=15","og_locale":"es_ES","og_type":"article","og_title":"Introducci\u00f3n a esta Web - ERNSTSON CLAUDIN ESTRUCTURAS DE IMPACTO - CR\u00c1TERES METEOR\u00cdTICOS","og_description":"El principal objetivo de esta web es el de contribuir a mejorar el conocimiento del proceso geol\u00f3gico de craterizaci\u00f3n por impacto. La craterizaci\u00f3n por impacto comprende todos los aspectos relacionados con la formaci\u00f3n de una estructura de impacto incluyendo las consideraciones astron\u00f3micas, los cuerpos c\u00f3smicos impactantes (los impactores: a saber meteoritos procedentes de asteroides y &hellip; Continuar leyendo \"Introducci\u00f3n a esta Web\"","og_url":"http:\/\/estructuras-de-impacto.impact-structures.com\/?page_id=15","og_site_name":"ERNSTSON CLAUDIN ESTRUCTURAS DE IMPACTO - CR\u00c1TERES METEOR\u00cdTICOS","article_modified_time":"2012-04-19T08:19:43+00:00","og_image":[{"url":"http:\/\/cms.impaktstrukturen.de\/wp-content\/uploads\/2011\/05\/meteor-krater-300x182.jpg","type":"","width":"","height":""}],"twitter_card":"summary_large_image","twitter_misc":{"Tiempo de lectura":"5 minutos"},"schema":{"@context":"https:\/\/schema.org","@graph":[{"@type":"WebPage","@id":"http:\/\/estructuras-de-impacto.impact-structures.com\/?page_id=15","url":"http:\/\/estructuras-de-impacto.impact-structures.com\/?page_id=15","name":"Introducci\u00f3n a esta Web - ERNSTSON CLAUDIN ESTRUCTURAS DE IMPACTO - CR\u00c1TERES METEOR\u00cdTICOS","isPartOf":{"@id":"http:\/\/estructuras-de-impacto.impact-structures.com\/#website"},"primaryImageOfPage":{"@id":"http:\/\/estructuras-de-impacto.impact-structures.com\/?page_id=15#primaryimage"},"image":{"@id":"http:\/\/estructuras-de-impacto.impact-structures.com\/?page_id=15#primaryimage"},"thumbnailUrl":"http:\/\/cms.impaktstrukturen.de\/wp-content\/uploads\/2011\/05\/meteor-krater-300x182.jpg","datePublished":"2011-05-27T13:41:01+00:00","dateModified":"2012-04-19T08:19:43+00:00","breadcrumb":{"@id":"http:\/\/estructuras-de-impacto.impact-structures.com\/?page_id=15#breadcrumb"},"inLanguage":"es","potentialAction":[{"@type":"ReadAction","target":["http:\/\/estructuras-de-impacto.impact-structures.com\/?page_id=15"]}]},{"@type":"ImageObject","inLanguage":"es","@id":"http:\/\/estructuras-de-impacto.impact-structures.com\/?page_id=15#primaryimage","url":"http:\/\/cms.impaktstrukturen.de\/wp-content\/uploads\/2011\/05\/meteor-krater-300x182.jpg","contentUrl":"http:\/\/cms.impaktstrukturen.de\/wp-content\/uploads\/2011\/05\/meteor-krater-300x182.jpg"},{"@type":"BreadcrumbList","@id":"http:\/\/estructuras-de-impacto.impact-structures.com\/?page_id=15#breadcrumb","itemListElement":[{"@type":"ListItem","position":1,"name":"Portada","item":"http:\/\/estructuras-de-impacto.impact-structures.com\/"},{"@type":"ListItem","position":2,"name":"Introducci\u00f3n a esta Web"}]},{"@type":"WebSite","@id":"http:\/\/estructuras-de-impacto.impact-structures.com\/#website","url":"http:\/\/estructuras-de-impacto.impact-structures.com\/","name":"ERNSTSON CLAUDIN ESTRUCTURAS DE IMPACTO - CR\u00c1TERES METEOR\u00cdTICOS","description":"Investigaci\u00f3n sobre la geolog\u00eda, geof\u00edsica, y petrolog\u00eda","potentialAction":[{"@type":"SearchAction","target":{"@type":"EntryPoint","urlTemplate":"http:\/\/estructuras-de-impacto.impact-structures.com\/?s={search_term_string}"},"query-input":{"@type":"PropertyValueSpecification","valueRequired":true,"valueName":"search_term_string"}}],"inLanguage":"es"}]}},"_links":{"self":[{"href":"http:\/\/estructuras-de-impacto.impact-structures.com\/index.php?rest_route=\/wp\/v2\/pages\/15","targetHints":{"allow":["GET"]}}],"collection":[{"href":"http:\/\/estructuras-de-impacto.impact-structures.com\/index.php?rest_route=\/wp\/v2\/pages"}],"about":[{"href":"http:\/\/estructuras-de-impacto.impact-structures.com\/index.php?rest_route=\/wp\/v2\/types\/page"}],"author":[{"embeddable":true,"href":"http:\/\/estructuras-de-impacto.impact-structures.com\/index.php?rest_route=\/wp\/v2\/users\/1"}],"replies":[{"embeddable":true,"href":"http:\/\/estructuras-de-impacto.impact-structures.com\/index.php?rest_route=%2Fwp%2Fv2%2Fcomments&post=15"}],"version-history":[{"count":0,"href":"http:\/\/estructuras-de-impacto.impact-structures.com\/index.php?rest_route=\/wp\/v2\/pages\/15\/revisions"}],"wp:attachment":[{"href":"http:\/\/estructuras-de-impacto.impact-structures.com\/index.php?rest_route=%2Fwp%2Fv2%2Fmedia&parent=15"}],"curies":[{"name":"wp","href":"https:\/\/api.w.org\/{rel}","templated":true}]}}