{"id":1443,"date":"2011-12-04T17:55:10","date_gmt":"2011-12-04T17:55:10","guid":{"rendered":"http:\/\/cms.impact-structures.com\/?page_id=458"},"modified":"2011-12-04T17:55:10","modified_gmt":"2011-12-04T17:55:10","slug":"enrique-diaz-martinez-registro-geologico-de-eventos-de-impacto-meteoritico-en-espana-revision-del-conocimiento-actual-y-perspectivas-de-future-geological-record-of-meteorite-impact-events-in-spain","status":"publish","type":"page","link":"http:\/\/estructuras-de-impacto.impact-structures.com\/?page_id=1443","title":{"rendered":"Comment on D\u00edaz-Mart\u00ednez, E. (2005)"},"content":{"rendered":"<h2>Comment on<\/h2>\n<h2><span style=\"color: #800080;\">Enrique D\u00edaz-Mart\u00ednez: Registro geol\u00f3gico de eventos de impacto meteor\u00edtico en Espa\u00f1a: revisi\u00f3n del conocimiento actual y perspectivas de future. [<em>Geological record of meteorite impact events in Spain: review of current knowledge and future perspectives.<\/em>]\u00a0Journal of Iberian Geology 31 (1) 2005: 65-84<\/span><\/h2>\n<p>&nbsp;<\/p>\n<h3><strong>Comment<\/strong><\/h3>\n<p>E. D\u00edaz-Mart\u00ednez, formerly at the Center of Astrobiology (Madrid) and now a geologist at the geological survey of Spain, has written a paper that is in part a pure repetition of the texts which he and other regional geologists vehemently battling against the Spanish impacts (e.g. M. Aurell, A. L. Cort\u00e9s from the university of Zaragoza) have produced in the past (see the other titles of the Controversy menue). He presents the old assertions, distortions and confusions without any new ideas, new evidences, new proofs.<\/p>\n<p>Instead, D\u00edaz-Mart\u00ednez suppresses and keeps absolutely quiet about recent publications on the Azuara and Rubielos de la C\u00e9rida multiple impact, e.g. the comprehensive paper<\/p>\n<p>&#8212; Ernstson, K., Claudin, F., Sch\u00fcssler, U. &amp; Hradil, K. (2002). The mid-Tertiary Azuara and Rubielos de la C\u00e9rida paired impact structures (Spain). Treballs del Museu de Geologia de Barcelona. 11: 5-65,<\/p>\n<p>and the articles<\/p>\n<p>&#8211;Ernstson, K., Sch\u00fcssler, U., Claudin, F. &amp; Ernstson, T. (2003). An impact crater chain in northern Spain. Meteorite, 9, no 3, 35-39, and<\/p>\n<p>&#8212; Claudin, F. &amp; Ernstson, K. (2003). Geolog\u00eda planetaria y geolog\u00eda regional: El debate sobre un impacto m\u00faltiple en Arag\u00f3n. Ense\u00f1anza de la Ciencias de la Tierra, 11.3, 202-212.<\/p>\n<p>The article by D\u00edas-Mart\u00ednez\u00a0demonstrates once more his poor scientific approach and comprehension of science. Obviously and regrettably, the editor of the journal and the reviewers of the paper sympathize with this style of publication.<\/p>\n<p>For a more comprehensive comment on the article (in Spanish) by Ferran Claudin please click\u00a0<a title=\"\" href=\"http:\/\/www.estructuras-de-impacto.impact-structures.com\/spain\/controversy\/comment.html\">here<\/a>.<\/p>\n","protected":false},"excerpt":{"rendered":"<p>Comment on Enrique D\u00edaz-Mart\u00ednez: Registro geol\u00f3gico de eventos de impacto meteor\u00edtico en Espa\u00f1a: revisi\u00f3n del conocimiento actual y perspectivas de future. [Geological record of meteorite impact events in Spain: review of current knowledge and future perspectives.]\u00a0Journal of Iberian Geology 31 (1) 2005: 65-84 &nbsp; Comment E. D\u00edaz-Mart\u00ednez, formerly at the Center of Astrobiology (Madrid) and &hellip; <a href=\"http:\/\/estructuras-de-impacto.impact-structures.com\/?page_id=1443\" class=\"more-link\">Continuar leyendo<span class=\"screen-reader-text\"> \u00abComment on D\u00edaz-Mart\u00ednez, E. (2005)\u00bb<\/span><\/a><\/p>\n","protected":false},"author":1,"featured_media":0,"parent":28,"menu_order":0,"comment_status":"closed","ping_status":"closed","template":"sidebar-page.php","meta":{"footnotes":""},"class_list":["post-1443","page","type-page","status-publish","hentry"],"yoast_head":"<!-- This site is optimized with the Yoast SEO plugin v27.3 - https:\/\/yoast.com\/product\/yoast-seo-wordpress\/ -->\n<title>Comment on D\u00edaz-Mart\u00ednez, E. (2005) - ERNSTSON CLAUDIN ESTRUCTURAS DE IMPACTO - CR\u00c1TERES METEOR\u00cdTICOS<\/title>\n<meta name=\"robots\" content=\"index, follow, max-snippet:-1, max-image-preview:large, max-video-preview:-1\" \/>\n<link rel=\"canonical\" href=\"https:\/\/estructuras-de-impacto.impact-structures.com\/?page_id=1443\" \/>\n<meta property=\"og:locale\" content=\"es_ES\" \/>\n<meta property=\"og:type\" content=\"article\" \/>\n<meta property=\"og:title\" content=\"Comment on D\u00edaz-Mart\u00ednez, E. (2005) - ERNSTSON CLAUDIN ESTRUCTURAS DE IMPACTO - CR\u00c1TERES METEOR\u00cdTICOS\" \/>\n<meta property=\"og:description\" content=\"Comment on Enrique D\u00edaz-Mart\u00ednez: Registro geol\u00f3gico de eventos de impacto meteor\u00edtico en Espa\u00f1a: revisi\u00f3n del conocimiento actual y perspectivas de future. [Geological record of meteorite impact events in Spain: review of current knowledge and future perspectives.]\u00a0Journal of Iberian Geology 31 (1) 2005: 65-84 &nbsp; Comment E. D\u00edaz-Mart\u00ednez, formerly at the Center of Astrobiology (Madrid) and &hellip; Continuar leyendo &quot;Comment on D\u00edaz-Mart\u00ednez, E. (2005)&quot;\" \/>\n<meta property=\"og:url\" content=\"https:\/\/estructuras-de-impacto.impact-structures.com\/?page_id=1443\" \/>\n<meta property=\"og:site_name\" content=\"ERNSTSON CLAUDIN ESTRUCTURAS DE IMPACTO - CR\u00c1TERES METEOR\u00cdTICOS\" \/>\n<meta name=\"twitter:card\" content=\"summary_large_image\" \/>\n<meta name=\"twitter:label1\" content=\"Tiempo de lectura\" \/>\n\t<meta name=\"twitter:data1\" content=\"2 minutos\" \/>\n<script type=\"application\/ld+json\" class=\"yoast-schema-graph\">{\"@context\":\"https:\\\/\\\/schema.org\",\"@graph\":[{\"@type\":\"WebPage\",\"@id\":\"https:\\\/\\\/estructuras-de-impacto.impact-structures.com\\\/?page_id=1443\",\"url\":\"https:\\\/\\\/estructuras-de-impacto.impact-structures.com\\\/?page_id=1443\",\"name\":\"Comment on D\u00edaz-Mart\u00ednez, E. (2005) - ERNSTSON CLAUDIN ESTRUCTURAS DE IMPACTO - CR\u00c1TERES METEOR\u00cdTICOS\",\"isPartOf\":{\"@id\":\"http:\\\/\\\/estructuras-de-impacto.impact-structures.com\\\/#website\"},\"datePublished\":\"2011-12-04T17:55:10+00:00\",\"breadcrumb\":{\"@id\":\"https:\\\/\\\/estructuras-de-impacto.impact-structures.com\\\/?page_id=1443#breadcrumb\"},\"inLanguage\":\"es\",\"potentialAction\":[{\"@type\":\"ReadAction\",\"target\":[\"https:\\\/\\\/estructuras-de-impacto.impact-structures.com\\\/?page_id=1443\"]}]},{\"@type\":\"BreadcrumbList\",\"@id\":\"https:\\\/\\\/estructuras-de-impacto.impact-structures.com\\\/?page_id=1443#breadcrumb\",\"itemListElement\":[{\"@type\":\"ListItem\",\"position\":1,\"name\":\"Portada\",\"item\":\"http:\\\/\\\/estructuras-de-impacto.impact-structures.com\\\/\"},{\"@type\":\"ListItem\",\"position\":2,\"name\":\"La controversia\",\"item\":\"http:\\\/\\\/estructuras-de-impacto.impact-structures.com\\\/?page_id=28\"},{\"@type\":\"ListItem\",\"position\":3,\"name\":\"Comment on D\u00edaz-Mart\u00ednez, E. (2005)\"}]},{\"@type\":\"WebSite\",\"@id\":\"http:\\\/\\\/estructuras-de-impacto.impact-structures.com\\\/#website\",\"url\":\"http:\\\/\\\/estructuras-de-impacto.impact-structures.com\\\/\",\"name\":\"ERNSTSON CLAUDIN ESTRUCTURAS DE IMPACTO - CR\u00c1TERES METEOR\u00cdTICOS\",\"description\":\"Investigaci\u00f3n sobre la geolog\u00eda, geof\u00edsica, y petrolog\u00eda\",\"potentialAction\":[{\"@type\":\"SearchAction\",\"target\":{\"@type\":\"EntryPoint\",\"urlTemplate\":\"http:\\\/\\\/estructuras-de-impacto.impact-structures.com\\\/?s={search_term_string}\"},\"query-input\":{\"@type\":\"PropertyValueSpecification\",\"valueRequired\":true,\"valueName\":\"search_term_string\"}}],\"inLanguage\":\"es\"}]}<\/script>\n<!-- \/ Yoast SEO plugin. -->","yoast_head_json":{"title":"Comment on D\u00edaz-Mart\u00ednez, E. (2005) - ERNSTSON CLAUDIN ESTRUCTURAS DE IMPACTO - CR\u00c1TERES METEOR\u00cdTICOS","robots":{"index":"index","follow":"follow","max-snippet":"max-snippet:-1","max-image-preview":"max-image-preview:large","max-video-preview":"max-video-preview:-1"},"canonical":"https:\/\/estructuras-de-impacto.impact-structures.com\/?page_id=1443","og_locale":"es_ES","og_type":"article","og_title":"Comment on D\u00edaz-Mart\u00ednez, E. (2005) - ERNSTSON CLAUDIN ESTRUCTURAS DE IMPACTO - CR\u00c1TERES METEOR\u00cdTICOS","og_description":"Comment on Enrique D\u00edaz-Mart\u00ednez: Registro geol\u00f3gico de eventos de impacto meteor\u00edtico en Espa\u00f1a: revisi\u00f3n del conocimiento actual y perspectivas de future. [Geological record of meteorite impact events in Spain: review of current knowledge and future perspectives.]\u00a0Journal of Iberian Geology 31 (1) 2005: 65-84 &nbsp; Comment E. D\u00edaz-Mart\u00ednez, formerly at the Center of Astrobiology (Madrid) and &hellip; Continuar leyendo \"Comment on D\u00edaz-Mart\u00ednez, E. (2005)\"","og_url":"https:\/\/estructuras-de-impacto.impact-structures.com\/?page_id=1443","og_site_name":"ERNSTSON CLAUDIN ESTRUCTURAS DE IMPACTO - CR\u00c1TERES METEOR\u00cdTICOS","twitter_card":"summary_large_image","twitter_misc":{"Tiempo de lectura":"2 minutos"},"schema":{"@context":"https:\/\/schema.org","@graph":[{"@type":"WebPage","@id":"https:\/\/estructuras-de-impacto.impact-structures.com\/?page_id=1443","url":"https:\/\/estructuras-de-impacto.impact-structures.com\/?page_id=1443","name":"Comment on D\u00edaz-Mart\u00ednez, E. (2005) - ERNSTSON CLAUDIN ESTRUCTURAS DE IMPACTO - CR\u00c1TERES METEOR\u00cdTICOS","isPartOf":{"@id":"http:\/\/estructuras-de-impacto.impact-structures.com\/#website"},"datePublished":"2011-12-04T17:55:10+00:00","breadcrumb":{"@id":"https:\/\/estructuras-de-impacto.impact-structures.com\/?page_id=1443#breadcrumb"},"inLanguage":"es","potentialAction":[{"@type":"ReadAction","target":["https:\/\/estructuras-de-impacto.impact-structures.com\/?page_id=1443"]}]},{"@type":"BreadcrumbList","@id":"https:\/\/estructuras-de-impacto.impact-structures.com\/?page_id=1443#breadcrumb","itemListElement":[{"@type":"ListItem","position":1,"name":"Portada","item":"http:\/\/estructuras-de-impacto.impact-structures.com\/"},{"@type":"ListItem","position":2,"name":"La controversia","item":"http:\/\/estructuras-de-impacto.impact-structures.com\/?page_id=28"},{"@type":"ListItem","position":3,"name":"Comment on D\u00edaz-Mart\u00ednez, E. (2005)"}]},{"@type":"WebSite","@id":"http:\/\/estructuras-de-impacto.impact-structures.com\/#website","url":"http:\/\/estructuras-de-impacto.impact-structures.com\/","name":"ERNSTSON CLAUDIN ESTRUCTURAS DE IMPACTO - CR\u00c1TERES METEOR\u00cdTICOS","description":"Investigaci\u00f3n sobre la geolog\u00eda, geof\u00edsica, y petrolog\u00eda","potentialAction":[{"@type":"SearchAction","target":{"@type":"EntryPoint","urlTemplate":"http:\/\/estructuras-de-impacto.impact-structures.com\/?s={search_term_string}"},"query-input":{"@type":"PropertyValueSpecification","valueRequired":true,"valueName":"search_term_string"}}],"inLanguage":"es"}]}},"_links":{"self":[{"href":"http:\/\/estructuras-de-impacto.impact-structures.com\/index.php?rest_route=\/wp\/v2\/pages\/1443","targetHints":{"allow":["GET"]}}],"collection":[{"href":"http:\/\/estructuras-de-impacto.impact-structures.com\/index.php?rest_route=\/wp\/v2\/pages"}],"about":[{"href":"http:\/\/estructuras-de-impacto.impact-structures.com\/index.php?rest_route=\/wp\/v2\/types\/page"}],"author":[{"embeddable":true,"href":"http:\/\/estructuras-de-impacto.impact-structures.com\/index.php?rest_route=\/wp\/v2\/users\/1"}],"replies":[{"embeddable":true,"href":"http:\/\/estructuras-de-impacto.impact-structures.com\/index.php?rest_route=%2Fwp%2Fv2%2Fcomments&post=1443"}],"version-history":[{"count":0,"href":"http:\/\/estructuras-de-impacto.impact-structures.com\/index.php?rest_route=\/wp\/v2\/pages\/1443\/revisions"}],"up":[{"embeddable":true,"href":"http:\/\/estructuras-de-impacto.impact-structures.com\/index.php?rest_route=\/wp\/v2\/pages\/28"}],"wp:attachment":[{"href":"http:\/\/estructuras-de-impacto.impact-structures.com\/index.php?rest_route=%2Fwp%2Fv2%2Fmedia&parent=1443"}],"curies":[{"name":"wp","href":"https:\/\/api.w.org\/{rel}","templated":true}]}}