{"id":1438,"date":"2011-12-03T14:02:14","date_gmt":"2011-12-03T14:02:14","guid":{"rendered":"http:\/\/cms.impact-structures.com\/?page_id=324"},"modified":"2011-12-03T14:02:14","modified_gmt":"2011-12-03T14:02:14","slug":"silicate-phosphate-and-carbonate-melts-as-indicators-for-an-impact-related-high-temperature-influence-on-sedimentary-rocks-of-the-rubielos-de-la-cerida-structure-spain","status":"publish","type":"page","link":"http:\/\/estructuras-de-impacto.impact-structures.com\/?page_id=1438","title":{"rendered":"Poster 1"},"content":{"rendered":"<div align=\"center\"><center><\/center><center><\/center><center><\/center><center><\/center><center><\/center><center><span class=\"Apple-style-span\" style=\"font-family: 'Trebuchet MS', Helvetica, Geneva, Swiss, SunSans-Regular; font-weight: 300; font-size: 15px; line-height: 24px; white-space: normal;\">SILICATE, PHOSPHATE AND CARBONATE MELTS AS INDICATORS FOR AN IMPACT-RELATED HIGH-TEMPERATURE INFLUENCE ON SEDIMENTARY ROCKS OF THE RUBIELOS DE LA C\u00c9RIDA STRUCTURE, SPAIN<\/span><\/center><center><\/center><center><\/center><center><\/center><center><\/center><center><span class=\"Apple-style-span\" style=\"font-family: 'Trebuchet MS', Helvetica, Geneva, Swiss, SunSans-Regular; font-weight: 300; font-size: 15px; line-height: 24px; white-space: normal;\">Klaudia Hradil1, Ulrich Sch\u00fcssler1, Kord Ernstson2<\/span><\/center><center><span class=\"Apple-style-span\" style=\"font-family: 'Trebuchet MS', Helvetica, Geneva, Swiss, SunSans-Regular; font-weight: 300; font-size: 15px; line-height: 24px; white-space: normal;\">1Institut f\u00fcr Mineralogie, Universit\u00e4t W\u00fcrzburg, 2Fakult\u00e4t f\u00fcr Geowissenschaften, Universit\u00e4t W\u00fcrzburg<br \/>\n<\/span>&nbsp;<\/p>\n<p><\/center><center><strong>Introduction<\/strong><\/p>\n<p style=\"text-align: justify;\"><strong><\/strong><span class=\"Apple-style-span\" style=\"font-family: 'Helvetica Neue', Helvetica, Arial, sans-serif; font-size: 15px; line-height: 24px; white-space: normal;\"><span style=\"font-family: 'Trebuchet MS', Helvetica, Geneva, Swiss, SunSans-Regular;\">The Rubielos de la C\u00e9rida structure is located within the Iberian Chain of northeastern Spain, south of Zaragoza (Fig. 1). Neighbouring the well established Azuara impact structure and being of the same stratigraphic age, it is interpreted as one part of a doublet impact structure, caused by a paired projectile during the Lower to Mid-Tertiary [1, 2, 3]. Intermixed in a polymict impact megabreccia, various kinds of melted rocks occur as blocks of variabe size in a decimeter to metre range.<\/span><\/span><\/p>\n<p>&nbsp;<\/p>\n<p>&nbsp;<\/p>\n<p><\/center><\/div>\n<p><span style=\"font-family: 'Trebuchet MS', Helvetica, Geneva, Swiss, SunSans-Regular;\"><img loading=\"lazy\" decoding=\"async\" src=\"http:\/\/www.impact-structures.com\/images\/image101.jpg\" alt=\"\" width=\"270\" height=\"310\" border=\"0\" \/><br \/>\nFig. 1: Sketch-map showing the location of the Azuara (A) and the Rubielos de la C\u00e9rida (R) structures<\/span><\/p>\n<p><strong><strong><span style=\"font-family: 'Trebuchet MS', Helvetica, Geneva, Swiss, SunSans-Regular;\">Fig. 2: Rafts of former melt within the polymict impact megabreccia<\/span><\/strong><\/strong><\/p>\n<p><span style=\"font-family: 'Trebuchet MS', Helvetica, Geneva, Swiss, SunSans-Regular;\"><img loading=\"lazy\" decoding=\"async\" src=\"http:\/\/www.impact-structures.com\/images\/image124.jpg\" alt=\"\" width=\"248\" height=\"162\" border=\"0\" \/><br \/>\n<\/span><span style=\"font-family: 'Trebuchet MS', Helvetica, Geneva, Swiss, SunSans-Regular; font-size: x-small;\">2a: Silicate glass (length about 1 m)<\/span><\/p>\n<p><span style=\"font-family: 'Trebuchet MS', Helvetica, Geneva, Swiss, SunSans-Regular;\"><img loading=\"lazy\" decoding=\"async\" src=\"http:\/\/www.impact-structures.com\/images\/image126.jpg\" alt=\"\" width=\"379\" height=\"252\" border=\"0\" \/><br \/>\n<\/span><span style=\"font-family: 'Trebuchet MS', Helvetica, Geneva, Swiss, SunSans-Regular; font-size: x-small;\">2b: Phosphate melt rock (ca. 10 cm)<\/span><\/p>\n<p><span style=\"font-family: 'Trebuchet MS', Helvetica, Geneva, Swiss, SunSans-Regular;\"><img loading=\"lazy\" decoding=\"async\" src=\"http:\/\/www.impact-structures.com\/images\/image128.jpg\" alt=\"\" width=\"379\" height=\"252\" border=\"0\" \/><br \/>\n<\/span><span style=\"font-family: 'Trebuchet MS', Helvetica, Geneva, Swiss, SunSans-Regular; font-size: x-small;\">2c: Carbonate-phosphate melt rock (length about 20 cm)<\/span><\/p>\n<h4><strong><span style=\"font-family: 'Trebuchet MS', Helvetica, Geneva, Swiss, SunSans-Regular;\">Silicate melts<\/span><\/strong><\/h4>\n<p><span style=\"font-family: 'Trebuchet MS', Helvetica, Geneva, Swiss, SunSans-Regular;\">Porous and soft silicate melt rocks (Fig. 2a) are composed of more than 90% glass. This is typically shown by an amorphous \u00abglass hump\u00bb occurring in x-ray powder diffraction pattern (Fig. 3). The glass consists of two different phases. The dominant one is a whitish glass which forms tiny spheroids and lens-shaped bodies in a size of around 0.5 mm (Fig. 4). The second phase is a translucent greyish glass interstitial within the white phase. From microprobe analyses, both phases are rather similar and match the whole-rock RFA data of SiO2 around 58 wt.%, variable Al2O3 up to 21%, MgO 5-6%, CaO 1.5%, variable Na2O+K2O around 2%, LOI around 10%. This roughy fits the average composition of shales [4] which are assumed to be the pre-impact educt rocks.<\/span><\/p>\n<p><strong><strong><span style=\"font-family: 'Trebuchet MS', Helvetica, Geneva, Swiss, SunSans-Regular;\"><img loading=\"lazy\" decoding=\"async\" src=\"http:\/\/www.impact-structures.com\/images\/image1112.jpg\" alt=\"\" width=\"514\" height=\"342\" border=\"0\" \/><br \/>\n<\/span><span style=\"font-family: 'Trebuchet MS', Helvetica, Geneva, Swiss, SunSans-Regular; font-size: x-small;\">Fig 3: X-ray powder diffraction pattern of a silicate melt rock, showing the typical glass hump and peaks of additional minerals<\/span><\/strong><\/strong><\/p>\n<p><span style=\"font-family: 'Trebuchet MS', Helvetica, Geneva, Swiss, SunSans-Regular;\"><img loading=\"lazy\" decoding=\"async\" src=\"http:\/\/www.impact-structures.com\/images\/image1012.jpg\" alt=\"\" width=\"410\" height=\"262\" border=\"0\" \/><br \/>\n<\/span><span style=\"font-family: 'Trebuchet MS', Helvetica, Geneva, Swiss, SunSans-Regular; font-size: x-small;\">Fig 4: Silicate melt rock, consisting of spheroids and lenses of whitish glass and interstitial greyish glass (field 8 mm wide)<\/span><\/p>\n<h4><strong><span style=\"font-family: 'Trebuchet MS', Helvetica, Geneva, Swiss, SunSans-Regular;\">Phosphate and carbonate melts<\/span><\/strong><\/h4>\n<p><span style=\"font-family: 'Trebuchet MS', Helvetica, Geneva, Swiss, SunSans-Regular;\">A very special kind of former melt was found near the village of Barrachina within the Rubielos de la C\u00e9rida crater and consists of amoeba-like carbonate particles, embedded within a glassy matrix (Figs. 2c and 5a). The carbonate bodies are coarse-grained in their centres, with decreasing grain size and perpendicular orientation towards the rims. From microprobe investigations, the carbonate is pure calcite. The isotropic glassy matrix consists of nearly pure Ca-phosphate which locally may contain some additional Si. This matrix is pervaded by lots of tiny microcrystals which are identified by x-ray diffraction analysis to be apatite and which are interpreted as a result of recrystallization from the glass. The diffraction peaks of this apatite are much wider compared to those of a well crystallized one, indicating its very unperfect crystal structure (Fig. 6).<\/span><\/p>\n<p><span style=\"font-family: 'Trebuchet MS', Helvetica, Geneva, Swiss, SunSans-Regular;\"><img loading=\"lazy\" decoding=\"async\" src=\"http:\/\/www.impact-structures.com\/images\/image116.jpg\" alt=\"\" width=\"277\" height=\"201\" border=\"0\" \/><img loading=\"lazy\" decoding=\"async\" src=\"http:\/\/www.impact-structures.com\/images\/image114.jpg\" alt=\"\" width=\"314\" height=\"200\" border=\"0\" \/><br \/>\n<\/span><span style=\"font-family: 'Trebuchet MS', Helvetica, Geneva, Swiss, SunSans-Regular; font-size: x-small;\">Fig. 5: Carbonate-phosphate (a) and carbonate-silicate (b) liquid immiscibility, as shown in samples from the Rubielos de la C\u00e9rida crater (a) and from the Ries crater (b, from [5]). Fields are 6 and 5 mm wide.<\/span><\/p>\n<p><span style=\"font-family: 'Trebuchet MS', Helvetica, Geneva, Swiss, SunSans-Regular;\">A similar melt rock has been reported for the suevite of the Ries crater [5](Fig. 5b). In the suevite, the calcite particles have identical structure and composition compared with the melt rocks of Barrachina (Fig. 5) and are interpreted by Graup as quench products of a carbonate melt [5]. Different from the Barrachina melt rocks, the matrix in the Ries samples is silicate glass as a result of carbonate-silicate liquid immiscibility [5]. In our case, the melt rock displays a small-scaled immiscibility of coexisting former carbonate melt and phosphate melt. Beside these mixed melt rocks, fragments of pure former Ca-phosphate melt with glassy parts and unperfectly recrystallized apatite, but without carbonate were also found (Fig. 2b).<\/span><\/p>\n<p><strong><span style=\"font-family: 'Trebuchet MS', Helvetica, Geneva, Swiss, SunSans-Regular;\"><br \/>\n<img loading=\"lazy\" decoding=\"async\" src=\"http:\/\/www.impact-structures.com\/images\/image118.jpg\" alt=\"\" width=\"500\" height=\"343\" border=\"0\" \/><\/span><\/strong><\/p>\n<p><span style=\"font-family: 'Trebuchet MS', Helvetica, Geneva, Swiss, SunSans-Regular; font-size: x-small;\">Fig. 6: X-ray powder diffraction pattern of apatite, unperfectly recrystallized from phosphate melt of the Rubielos de a C\u00e9rida crater (upper pattern), compared to well crystallized apatite from a pegmatite (middle) and to theoretical pattern of apatite and calcite (PDF data base, lower pattern)<\/span><\/p>\n<p><strong><span style=\"font-family: 'Trebuchet MS', Helvetica, Geneva, Swiss, SunSans-Regular;\">Target rocks<\/span><\/strong><\/p>\n<p><span style=\"font-family: 'Trebuchet MS', Helvetica, Geneva, Swiss, SunSans-Regular;\">The composition of the various melt rocks displays the composition of the pre-impact stratigraphy of the target region which is strongly dominated by Devonian, Triassic, Jurassic, Cretaceous and Lower Tertiary carbonates, with interlayers of shales. Phosphate-rich material can be deduced e.g. from coprolite layers well known within sediments of the regional Lower Tertiary. Furtheron, recrystallized baryte which is partly enriched in the melt rocks may reflect the Baryte-veins, cross-cutting mainly the Paleozoic of the the target region.<\/span><\/p>\n<p><span style=\"font-family: 'Trebuchet MS', Helvetica, Geneva, Swiss, SunSans-Regular;\">References: &#8211; [1] Ernstson, K. et al., 1985, Earth Planet. Sci. Lett., 74, 361-370. [2] Ernstson, K. &amp; Fiebag, J., 1992, Geol. Rundschau, 81, 403-427. [3] Ernstson, K. et al., this volume. [4] Wedepohl, K.H. (ed.), 1969, Handbook of Geochemistry, Springer. [5] Graup, G., 1999, Meteoritics Planet. Sci, 34, 425-438.<\/span><\/p>\n","protected":false},"excerpt":{"rendered":"<p>SILICATE, PHOSPHATE AND CARBONATE MELTS AS INDICATORS FOR AN IMPACT-RELATED HIGH-TEMPERATURE INFLUENCE ON SEDIMENTARY ROCKS OF THE RUBIELOS DE LA C\u00c9RIDA STRUCTURE, SPAINKlaudia Hradil1, Ulrich Sch\u00fcssler1, Kord Ernstson21Institut f\u00fcr Mineralogie, Universit\u00e4t W\u00fcrzburg, 2Fakult\u00e4t f\u00fcr Geowissenschaften, Universit\u00e4t W\u00fcrzburg &nbsp; Introduction The Rubielos de la C\u00e9rida structure is located within the Iberian Chain of northeastern Spain, south &hellip; <a href=\"http:\/\/estructuras-de-impacto.impact-structures.com\/?page_id=1438\" class=\"more-link\">Continuar leyendo<span class=\"screen-reader-text\"> \u00abPoster 1\u00bb<\/span><\/a><\/p>\n","protected":false},"author":1,"featured_media":0,"parent":318,"menu_order":0,"comment_status":"closed","ping_status":"closed","template":"sidebar-page.php","meta":{"footnotes":""},"class_list":["post-1438","page","type-page","status-publish","hentry"],"yoast_head":"<!-- This site is optimized with the Yoast SEO plugin v27.3 - https:\/\/yoast.com\/product\/yoast-seo-wordpress\/ -->\n<title>Poster 1 - ERNSTSON CLAUDIN ESTRUCTURAS DE IMPACTO - CR\u00c1TERES METEOR\u00cdTICOS<\/title>\n<meta name=\"robots\" content=\"index, follow, max-snippet:-1, max-image-preview:large, max-video-preview:-1\" \/>\n<link rel=\"canonical\" href=\"http:\/\/estructuras-de-impacto.impact-structures.com\/?page_id=1438\" \/>\n<meta property=\"og:locale\" content=\"es_ES\" \/>\n<meta property=\"og:type\" content=\"article\" \/>\n<meta property=\"og:title\" content=\"Poster 1 - ERNSTSON CLAUDIN ESTRUCTURAS DE IMPACTO - CR\u00c1TERES METEOR\u00cdTICOS\" \/>\n<meta property=\"og:description\" content=\"SILICATE, PHOSPHATE AND CARBONATE MELTS AS INDICATORS FOR AN IMPACT-RELATED HIGH-TEMPERATURE INFLUENCE ON SEDIMENTARY ROCKS OF THE RUBIELOS DE LA C\u00c9RIDA STRUCTURE, SPAINKlaudia Hradil1, Ulrich Sch\u00fcssler1, Kord Ernstson21Institut f\u00fcr Mineralogie, Universit\u00e4t W\u00fcrzburg, 2Fakult\u00e4t f\u00fcr Geowissenschaften, Universit\u00e4t W\u00fcrzburg &nbsp; Introduction The Rubielos de la C\u00e9rida structure is located within the Iberian Chain of northeastern Spain, south &hellip; Continuar leyendo &quot;Poster 1&quot;\" \/>\n<meta property=\"og:url\" content=\"http:\/\/estructuras-de-impacto.impact-structures.com\/?page_id=1438\" \/>\n<meta property=\"og:site_name\" content=\"ERNSTSON CLAUDIN ESTRUCTURAS DE IMPACTO - CR\u00c1TERES METEOR\u00cdTICOS\" \/>\n<meta property=\"og:image\" content=\"http:\/\/www.impact-structures.com\/images\/image101.jpg\" \/>\n<meta name=\"twitter:card\" content=\"summary_large_image\" \/>\n<meta name=\"twitter:label1\" content=\"Tiempo de lectura\" \/>\n\t<meta name=\"twitter:data1\" content=\"4 minutos\" \/>\n<script type=\"application\/ld+json\" class=\"yoast-schema-graph\">{\"@context\":\"https:\\\/\\\/schema.org\",\"@graph\":[{\"@type\":\"WebPage\",\"@id\":\"http:\\\/\\\/estructuras-de-impacto.impact-structures.com\\\/?page_id=1438\",\"url\":\"http:\\\/\\\/estructuras-de-impacto.impact-structures.com\\\/?page_id=1438\",\"name\":\"Poster 1 - ERNSTSON CLAUDIN ESTRUCTURAS DE IMPACTO - CR\u00c1TERES METEOR\u00cdTICOS\",\"isPartOf\":{\"@id\":\"http:\\\/\\\/estructuras-de-impacto.impact-structures.com\\\/#website\"},\"primaryImageOfPage\":{\"@id\":\"http:\\\/\\\/estructuras-de-impacto.impact-structures.com\\\/?page_id=1438#primaryimage\"},\"image\":{\"@id\":\"http:\\\/\\\/estructuras-de-impacto.impact-structures.com\\\/?page_id=1438#primaryimage\"},\"thumbnailUrl\":\"http:\\\/\\\/www.impact-structures.com\\\/images\\\/image101.jpg\",\"datePublished\":\"2011-12-03T14:02:14+00:00\",\"breadcrumb\":{\"@id\":\"http:\\\/\\\/estructuras-de-impacto.impact-structures.com\\\/?page_id=1438#breadcrumb\"},\"inLanguage\":\"es\",\"potentialAction\":[{\"@type\":\"ReadAction\",\"target\":[\"http:\\\/\\\/estructuras-de-impacto.impact-structures.com\\\/?page_id=1438\"]}]},{\"@type\":\"ImageObject\",\"inLanguage\":\"es\",\"@id\":\"http:\\\/\\\/estructuras-de-impacto.impact-structures.com\\\/?page_id=1438#primaryimage\",\"url\":\"http:\\\/\\\/www.impact-structures.com\\\/images\\\/image101.jpg\",\"contentUrl\":\"http:\\\/\\\/www.impact-structures.com\\\/images\\\/image101.jpg\"},{\"@type\":\"BreadcrumbList\",\"@id\":\"http:\\\/\\\/estructuras-de-impacto.impact-structures.com\\\/?page_id=1438#breadcrumb\",\"itemListElement\":[{\"@type\":\"ListItem\",\"position\":1,\"name\":\"Portada\",\"item\":\"http:\\\/\\\/estructuras-de-impacto.impact-structures.com\\\/\"},{\"@type\":\"ListItem\",\"position\":2,\"name\":\"Las estructuras de impacto en Espa\u00f1a\",\"item\":\"http:\\\/\\\/estructuras-de-impacto.impact-structures.com\\\/?page_id=1404\"},{\"@type\":\"ListItem\",\"position\":3,\"name\":\"6\u00ba IMPACT WORKSHOP (TALLER SOBRE IMPACTOS), Granada (Espa\u00f1a)\",\"item\":\"http:\\\/\\\/estructuras-de-impacto.impact-structures.com\\\/?page_id=318\"},{\"@type\":\"ListItem\",\"position\":4,\"name\":\"Poster 1\"}]},{\"@type\":\"WebSite\",\"@id\":\"http:\\\/\\\/estructuras-de-impacto.impact-structures.com\\\/#website\",\"url\":\"http:\\\/\\\/estructuras-de-impacto.impact-structures.com\\\/\",\"name\":\"ERNSTSON CLAUDIN ESTRUCTURAS DE IMPACTO - CR\u00c1TERES METEOR\u00cdTICOS\",\"description\":\"Investigaci\u00f3n sobre la geolog\u00eda, geof\u00edsica, y petrolog\u00eda\",\"potentialAction\":[{\"@type\":\"SearchAction\",\"target\":{\"@type\":\"EntryPoint\",\"urlTemplate\":\"http:\\\/\\\/estructuras-de-impacto.impact-structures.com\\\/?s={search_term_string}\"},\"query-input\":{\"@type\":\"PropertyValueSpecification\",\"valueRequired\":true,\"valueName\":\"search_term_string\"}}],\"inLanguage\":\"es\"}]}<\/script>\n<!-- \/ Yoast SEO plugin. -->","yoast_head_json":{"title":"Poster 1 - ERNSTSON CLAUDIN ESTRUCTURAS DE IMPACTO - CR\u00c1TERES METEOR\u00cdTICOS","robots":{"index":"index","follow":"follow","max-snippet":"max-snippet:-1","max-image-preview":"max-image-preview:large","max-video-preview":"max-video-preview:-1"},"canonical":"http:\/\/estructuras-de-impacto.impact-structures.com\/?page_id=1438","og_locale":"es_ES","og_type":"article","og_title":"Poster 1 - ERNSTSON CLAUDIN ESTRUCTURAS DE IMPACTO - CR\u00c1TERES METEOR\u00cdTICOS","og_description":"SILICATE, PHOSPHATE AND CARBONATE MELTS AS INDICATORS FOR AN IMPACT-RELATED HIGH-TEMPERATURE INFLUENCE ON SEDIMENTARY ROCKS OF THE RUBIELOS DE LA C\u00c9RIDA STRUCTURE, SPAINKlaudia Hradil1, Ulrich Sch\u00fcssler1, Kord Ernstson21Institut f\u00fcr Mineralogie, Universit\u00e4t W\u00fcrzburg, 2Fakult\u00e4t f\u00fcr Geowissenschaften, Universit\u00e4t W\u00fcrzburg &nbsp; Introduction The Rubielos de la C\u00e9rida structure is located within the Iberian Chain of northeastern Spain, south &hellip; Continuar leyendo \"Poster 1\"","og_url":"http:\/\/estructuras-de-impacto.impact-structures.com\/?page_id=1438","og_site_name":"ERNSTSON CLAUDIN ESTRUCTURAS DE IMPACTO - CR\u00c1TERES METEOR\u00cdTICOS","og_image":[{"url":"http:\/\/www.impact-structures.com\/images\/image101.jpg","type":"","width":"","height":""}],"twitter_card":"summary_large_image","twitter_misc":{"Tiempo de lectura":"4 minutos"},"schema":{"@context":"https:\/\/schema.org","@graph":[{"@type":"WebPage","@id":"http:\/\/estructuras-de-impacto.impact-structures.com\/?page_id=1438","url":"http:\/\/estructuras-de-impacto.impact-structures.com\/?page_id=1438","name":"Poster 1 - ERNSTSON CLAUDIN ESTRUCTURAS DE IMPACTO - CR\u00c1TERES METEOR\u00cdTICOS","isPartOf":{"@id":"http:\/\/estructuras-de-impacto.impact-structures.com\/#website"},"primaryImageOfPage":{"@id":"http:\/\/estructuras-de-impacto.impact-structures.com\/?page_id=1438#primaryimage"},"image":{"@id":"http:\/\/estructuras-de-impacto.impact-structures.com\/?page_id=1438#primaryimage"},"thumbnailUrl":"http:\/\/www.impact-structures.com\/images\/image101.jpg","datePublished":"2011-12-03T14:02:14+00:00","breadcrumb":{"@id":"http:\/\/estructuras-de-impacto.impact-structures.com\/?page_id=1438#breadcrumb"},"inLanguage":"es","potentialAction":[{"@type":"ReadAction","target":["http:\/\/estructuras-de-impacto.impact-structures.com\/?page_id=1438"]}]},{"@type":"ImageObject","inLanguage":"es","@id":"http:\/\/estructuras-de-impacto.impact-structures.com\/?page_id=1438#primaryimage","url":"http:\/\/www.impact-structures.com\/images\/image101.jpg","contentUrl":"http:\/\/www.impact-structures.com\/images\/image101.jpg"},{"@type":"BreadcrumbList","@id":"http:\/\/estructuras-de-impacto.impact-structures.com\/?page_id=1438#breadcrumb","itemListElement":[{"@type":"ListItem","position":1,"name":"Portada","item":"http:\/\/estructuras-de-impacto.impact-structures.com\/"},{"@type":"ListItem","position":2,"name":"Las estructuras de impacto en Espa\u00f1a","item":"http:\/\/estructuras-de-impacto.impact-structures.com\/?page_id=1404"},{"@type":"ListItem","position":3,"name":"6\u00ba IMPACT WORKSHOP (TALLER SOBRE IMPACTOS), Granada (Espa\u00f1a)","item":"http:\/\/estructuras-de-impacto.impact-structures.com\/?page_id=318"},{"@type":"ListItem","position":4,"name":"Poster 1"}]},{"@type":"WebSite","@id":"http:\/\/estructuras-de-impacto.impact-structures.com\/#website","url":"http:\/\/estructuras-de-impacto.impact-structures.com\/","name":"ERNSTSON CLAUDIN ESTRUCTURAS DE IMPACTO - CR\u00c1TERES METEOR\u00cdTICOS","description":"Investigaci\u00f3n sobre la geolog\u00eda, geof\u00edsica, y petrolog\u00eda","potentialAction":[{"@type":"SearchAction","target":{"@type":"EntryPoint","urlTemplate":"http:\/\/estructuras-de-impacto.impact-structures.com\/?s={search_term_string}"},"query-input":{"@type":"PropertyValueSpecification","valueRequired":true,"valueName":"search_term_string"}}],"inLanguage":"es"}]}},"_links":{"self":[{"href":"http:\/\/estructuras-de-impacto.impact-structures.com\/index.php?rest_route=\/wp\/v2\/pages\/1438","targetHints":{"allow":["GET"]}}],"collection":[{"href":"http:\/\/estructuras-de-impacto.impact-structures.com\/index.php?rest_route=\/wp\/v2\/pages"}],"about":[{"href":"http:\/\/estructuras-de-impacto.impact-structures.com\/index.php?rest_route=\/wp\/v2\/types\/page"}],"author":[{"embeddable":true,"href":"http:\/\/estructuras-de-impacto.impact-structures.com\/index.php?rest_route=\/wp\/v2\/users\/1"}],"replies":[{"embeddable":true,"href":"http:\/\/estructuras-de-impacto.impact-structures.com\/index.php?rest_route=%2Fwp%2Fv2%2Fcomments&post=1438"}],"version-history":[{"count":0,"href":"http:\/\/estructuras-de-impacto.impact-structures.com\/index.php?rest_route=\/wp\/v2\/pages\/1438\/revisions"}],"up":[{"embeddable":true,"href":"http:\/\/estructuras-de-impacto.impact-structures.com\/index.php?rest_route=\/wp\/v2\/pages\/318"}],"wp:attachment":[{"href":"http:\/\/estructuras-de-impacto.impact-structures.com\/index.php?rest_route=%2Fwp%2Fv2%2Fmedia&parent=1438"}],"curies":[{"name":"wp","href":"https:\/\/api.w.org\/{rel}","templated":true}]}}