{"id":1434,"date":"2011-12-03T13:55:19","date_gmt":"2011-12-03T13:55:19","guid":{"rendered":"http:\/\/cms.impact-structures.com\/?page_id=310"},"modified":"2012-03-05T17:05:54","modified_gmt":"2012-03-05T17:05:54","slug":"spallation","status":"publish","type":"page","link":"http:\/\/estructuras-de-impacto.impact-structures.com\/?page_id=1434","title":{"rendered":"Espalaci\u00f3n (Empuje)"},"content":{"rendered":"<p>Algunas de las caracter\u00edsticas observadas en los cantos de cuarcitas del Buntsandstein pueden ser explicados por espalaci\u00f3n.<\/p>\n<p>En mec\u00e1nica de fracturaci\u00f3n, la espalaci\u00f3n es un proceso bien conocido que combina t\u00edpicamente el esfuerzo comprensivo y distensivo (no confundir con la espalaci\u00f3n nuclear). La espalaci\u00f3n sucede cuando un pulso din\u00e1mico compresivo afecta una superficie libre, donde se refleja como un pulso de rarefacci\u00f3n. El esfuerzo distensivo asociado puede dar lugar a fracturas internas de espalaci\u00f3n y a placas que se separan de la superficie libre. La imagen de debajo muestra una fuerte fracturaci\u00f3n por espalaci\u00f3n en un experimento de carga por shock realizado sobre un proyectil de hierro.<\/p>\n<p><span class=\"Apple-style-span\" style=\"font-family: 'Trebuchet MS', Helvetica, Geneva, Swiss, SunSans-Regular;\"><span class=\"Apple-style-span\" style=\"font-family: 'Helvetica Neue', Helvetica, Arial, 'Nimbus Sans L', sans-serif;\"><img loading=\"lazy\" decoding=\"async\" src=\"http:\/\/www.impact-structures.com\/imagekl\/kl0132.jpg\" alt=\"\" width=\"350\" height=\"250\" border=\"0\" \/><\/span>\u00a0<\/span>Fotograf\u00eda cortes\u00eda de M. Hiltl.<\/p>\n<p>En la craterizaci\u00f3n por impacto, la espalaci\u00f3n acostumbra a producirse en la zona pr\u00f3xima a la superficie del objetivo (Melosh 1989), ha sido descrita en los cr\u00e1teres micrometeor\u00edticos lunares (H\u00f6rz et al. 1971), y ha sido estudiada en el laboratorio para impactos experimentales en, p.e., objetivos gabroicos (Lange et al. 1984, Polanskey &amp; Aherens 1990).<\/p>\n<p>Las fracturas en los cantos deformados del Buntsandstein tienen mucho en com\u00fan con las fracturas de espalaci\u00f3n producidas experimentalmente en los experimentos por choque, tal y como se muestra en las im\u00e1genes de debajo.<\/p>\n<p><span class=\"Apple-style-span\" style=\"font-family: 'Helvetica Neue', Helvetica, Arial, 'Nimbus Sans L', sans-serif;\"><img loading=\"lazy\" decoding=\"async\" src=\"http:\/\/www.impact-structures.com\/images\/prod1016.jpg\" alt=\"\" width=\"386\" height=\"335\" \/><\/span><\/p>\n<p><span class=\"Apple-style-span\" style=\"font-family: 'Helvetica Neue', Helvetica, Arial, 'Nimbus Sans L', sans-serif;\">Conjuntos de fracturas abiertas con poca separaci\u00f3n entre si y producidas por espalaci\u00f3n en un canto de cuarcita el cual, por otra parte, esta intocado a nivel macrosc\u00f3pico. Un or\u00edgen tect\u00f3nico puede ser excluido. N\u00f3tese que la fractura principal a la derecha se refleja en la superficie del canto. Por razones geom\u00e9tricas, esto es lo esperado como consecuencia de la reflexi\u00f3n de un pulso din\u00e1mico en la superficie libre. En el caso de los conglomerados del Buntsandstein, no hab\u00eda una superficie libre en el sentido estricto sino un distinto contraste de impedancia de la onda de choque entre los cantos densos de cuarcita y la matriz arenosa y porosa.<\/span><\/p>\n<p><span class=\"Apple-style-span\" style=\"font-family: 'Helvetica Neue', Helvetica, Arial, 'Nimbus Sans L', sans-serif;\"><img loading=\"lazy\" decoding=\"async\" src=\"http:\/\/www.impact-structures.com\/imagekl\/kl0131.jpg\" alt=\"\" width=\"350\" height=\"250\" border=\"0\" \/><span class=\"Apple-style-span\" style=\"font-family: 'Helvetica Neue', Helvetica, Arial, sans-serif;\">\u00a0<\/span><\/span><\/p>\n<p>Fracturas de espalaci\u00f3n poco espaciadas en un canto de cuarcita. Obs\u00e9rvese el fragmento de morfolog\u00eda lenticular casi completamente despegado del canto.<\/p>\n<p><span class=\"Apple-style-span\" style=\"font-family: 'Helvetica Neue', Helvetica, Arial, 'Nimbus Sans L', sans-serif;\"><img decoding=\"async\" src=\"http:\/\/www.impact-structures.com\/images\/prod1018_small.jpg\" alt=\"\" border=\"2\" \/><\/span>\u00a0 A<span class=\"Apple-style-span\" style=\"font-family: 'Helvetica Neue', Helvetica, Arial, 'Nimbus Sans L', sans-serif;\"><img decoding=\"async\" src=\"http:\/\/www.impact-structures.com\/images\/prod1019_small.jpg\" alt=\"\" border=\"2\" \/>\u00a0B<\/span><\/p>\n<p><span style=\"font-family: 'Trebuchet MS', Helvetica, Geneva, Swiss, SunSans-Regular;\">Canto de cuarcita con marcas de hoyos (A) mostrando peque\u00f1as fracturas de espalaci\u00f3n circulares (flecha). Diferente de la abrasi\u00f3n irregular, la espalaci\u00f3n se define por una fracturaci\u00f3n circular fr\u00e1gil y un halo anular de micro-fracturaci\u00f3n (ver la ampliaci\u00f3n; B). N\u00f3tese que el centro de la estructura esta en su mayor parte no perturbado. Este hecho puede apreciarse tambi\u00e9n en la espalaci\u00f3n producida en cr\u00e1teres de <a href=\"http:\/\/impacto.impact-structures.com\/?page_id=1436\" target=\"_blank\">impactos experimentales<\/a>.<\/span><\/p>\n","protected":false},"excerpt":{"rendered":"<p>Algunas de las caracter\u00edsticas observadas en los cantos de cuarcitas del Buntsandstein pueden ser explicados por espalaci\u00f3n. En mec\u00e1nica de fracturaci\u00f3n, la espalaci\u00f3n es un proceso bien conocido que combina t\u00edpicamente el esfuerzo comprensivo y distensivo (no confundir con la espalaci\u00f3n nuclear). La espalaci\u00f3n sucede cuando un pulso din\u00e1mico compresivo afecta una superficie libre, donde &hellip; <a href=\"http:\/\/estructuras-de-impacto.impact-structures.com\/?page_id=1434\" class=\"more-link\">Continuar leyendo<span class=\"screen-reader-text\"> \u00abEspalaci\u00f3n (Empuje)\u00bb<\/span><\/a><\/p>\n","protected":false},"author":1,"featured_media":0,"parent":1431,"menu_order":0,"comment_status":"closed","ping_status":"closed","template":"sidebar-page.php","meta":{"footnotes":""},"class_list":["post-1434","page","type-page","status-publish","hentry"],"yoast_head":"<!-- This site is optimized with the Yoast SEO plugin v27.3 - https:\/\/yoast.com\/product\/yoast-seo-wordpress\/ -->\n<title>Espalaci\u00f3n (Empuje) - ERNSTSON CLAUDIN ESTRUCTURAS DE IMPACTO - CR\u00c1TERES METEOR\u00cdTICOS<\/title>\n<meta name=\"robots\" content=\"index, follow, max-snippet:-1, max-image-preview:large, max-video-preview:-1\" \/>\n<link rel=\"canonical\" href=\"https:\/\/estructuras-de-impacto.impact-structures.com\/?page_id=1434\" \/>\n<meta property=\"og:locale\" content=\"es_ES\" \/>\n<meta property=\"og:type\" content=\"article\" \/>\n<meta property=\"og:title\" content=\"Espalaci\u00f3n (Empuje) - ERNSTSON CLAUDIN ESTRUCTURAS DE IMPACTO - CR\u00c1TERES METEOR\u00cdTICOS\" \/>\n<meta property=\"og:description\" content=\"Algunas de las caracter\u00edsticas observadas en los cantos de cuarcitas del Buntsandstein pueden ser explicados por espalaci\u00f3n. En mec\u00e1nica de fracturaci\u00f3n, la espalaci\u00f3n es un proceso bien conocido que combina t\u00edpicamente el esfuerzo comprensivo y distensivo (no confundir con la espalaci\u00f3n nuclear). La espalaci\u00f3n sucede cuando un pulso din\u00e1mico compresivo afecta una superficie libre, donde &hellip; Continuar leyendo &quot;Espalaci\u00f3n (Empuje)&quot;\" \/>\n<meta property=\"og:url\" content=\"https:\/\/estructuras-de-impacto.impact-structures.com\/?page_id=1434\" \/>\n<meta property=\"og:site_name\" content=\"ERNSTSON CLAUDIN ESTRUCTURAS DE IMPACTO - CR\u00c1TERES METEOR\u00cdTICOS\" \/>\n<meta property=\"article:modified_time\" content=\"2012-03-05T17:05:54+00:00\" \/>\n<meta property=\"og:image\" content=\"http:\/\/www.impact-structures.com\/imagekl\/kl0132.jpg\" \/>\n<meta name=\"twitter:card\" content=\"summary_large_image\" \/>\n<meta name=\"twitter:label1\" content=\"Tiempo de lectura\" \/>\n\t<meta name=\"twitter:data1\" content=\"2 minutos\" \/>\n<script type=\"application\/ld+json\" class=\"yoast-schema-graph\">{\"@context\":\"https:\\\/\\\/schema.org\",\"@graph\":[{\"@type\":\"WebPage\",\"@id\":\"https:\\\/\\\/estructuras-de-impacto.impact-structures.com\\\/?page_id=1434\",\"url\":\"https:\\\/\\\/estructuras-de-impacto.impact-structures.com\\\/?page_id=1434\",\"name\":\"Espalaci\u00f3n (Empuje) - ERNSTSON CLAUDIN ESTRUCTURAS DE IMPACTO - CR\u00c1TERES METEOR\u00cdTICOS\",\"isPartOf\":{\"@id\":\"http:\\\/\\\/estructuras-de-impacto.impact-structures.com\\\/#website\"},\"primaryImageOfPage\":{\"@id\":\"https:\\\/\\\/estructuras-de-impacto.impact-structures.com\\\/?page_id=1434#primaryimage\"},\"image\":{\"@id\":\"https:\\\/\\\/estructuras-de-impacto.impact-structures.com\\\/?page_id=1434#primaryimage\"},\"thumbnailUrl\":\"http:\\\/\\\/www.impact-structures.com\\\/imagekl\\\/kl0132.jpg\",\"datePublished\":\"2011-12-03T13:55:19+00:00\",\"dateModified\":\"2012-03-05T17:05:54+00:00\",\"breadcrumb\":{\"@id\":\"https:\\\/\\\/estructuras-de-impacto.impact-structures.com\\\/?page_id=1434#breadcrumb\"},\"inLanguage\":\"es\",\"potentialAction\":[{\"@type\":\"ReadAction\",\"target\":[\"https:\\\/\\\/estructuras-de-impacto.impact-structures.com\\\/?page_id=1434\"]}]},{\"@type\":\"ImageObject\",\"inLanguage\":\"es\",\"@id\":\"https:\\\/\\\/estructuras-de-impacto.impact-structures.com\\\/?page_id=1434#primaryimage\",\"url\":\"http:\\\/\\\/www.impact-structures.com\\\/imagekl\\\/kl0132.jpg\",\"contentUrl\":\"http:\\\/\\\/www.impact-structures.com\\\/imagekl\\\/kl0132.jpg\"},{\"@type\":\"BreadcrumbList\",\"@id\":\"https:\\\/\\\/estructuras-de-impacto.impact-structures.com\\\/?page_id=1434#breadcrumb\",\"itemListElement\":[{\"@type\":\"ListItem\",\"position\":1,\"name\":\"Portada\",\"item\":\"http:\\\/\\\/estructuras-de-impacto.impact-structures.com\\\/\"},{\"@type\":\"ListItem\",\"position\":2,\"name\":\"Las estructuras de impacto en Espa\u00f1a\",\"item\":\"http:\\\/\\\/estructuras-de-impacto.impact-structures.com\\\/?page_id=1404\"},{\"@type\":\"ListItem\",\"position\":3,\"name\":\"Deformaci\u00f3n por choque en conglomerados Tri\u00e1sicos del Buntsandstein, Espa\u00f1a\",\"item\":\"https:\\\/\\\/estructuras-de-impacto.impact-structures.com\\\/?page_id=1431\"},{\"@type\":\"ListItem\",\"position\":4,\"name\":\"Espalaci\u00f3n (Empuje)\"}]},{\"@type\":\"WebSite\",\"@id\":\"http:\\\/\\\/estructuras-de-impacto.impact-structures.com\\\/#website\",\"url\":\"http:\\\/\\\/estructuras-de-impacto.impact-structures.com\\\/\",\"name\":\"ERNSTSON CLAUDIN ESTRUCTURAS DE IMPACTO - CR\u00c1TERES METEOR\u00cdTICOS\",\"description\":\"Investigaci\u00f3n sobre la geolog\u00eda, geof\u00edsica, y petrolog\u00eda\",\"potentialAction\":[{\"@type\":\"SearchAction\",\"target\":{\"@type\":\"EntryPoint\",\"urlTemplate\":\"http:\\\/\\\/estructuras-de-impacto.impact-structures.com\\\/?s={search_term_string}\"},\"query-input\":{\"@type\":\"PropertyValueSpecification\",\"valueRequired\":true,\"valueName\":\"search_term_string\"}}],\"inLanguage\":\"es\"}]}<\/script>\n<!-- \/ Yoast SEO plugin. -->","yoast_head_json":{"title":"Espalaci\u00f3n (Empuje) - ERNSTSON CLAUDIN ESTRUCTURAS DE IMPACTO - CR\u00c1TERES METEOR\u00cdTICOS","robots":{"index":"index","follow":"follow","max-snippet":"max-snippet:-1","max-image-preview":"max-image-preview:large","max-video-preview":"max-video-preview:-1"},"canonical":"https:\/\/estructuras-de-impacto.impact-structures.com\/?page_id=1434","og_locale":"es_ES","og_type":"article","og_title":"Espalaci\u00f3n (Empuje) - ERNSTSON CLAUDIN ESTRUCTURAS DE IMPACTO - CR\u00c1TERES METEOR\u00cdTICOS","og_description":"Algunas de las caracter\u00edsticas observadas en los cantos de cuarcitas del Buntsandstein pueden ser explicados por espalaci\u00f3n. En mec\u00e1nica de fracturaci\u00f3n, la espalaci\u00f3n es un proceso bien conocido que combina t\u00edpicamente el esfuerzo comprensivo y distensivo (no confundir con la espalaci\u00f3n nuclear). La espalaci\u00f3n sucede cuando un pulso din\u00e1mico compresivo afecta una superficie libre, donde &hellip; Continuar leyendo \"Espalaci\u00f3n (Empuje)\"","og_url":"https:\/\/estructuras-de-impacto.impact-structures.com\/?page_id=1434","og_site_name":"ERNSTSON CLAUDIN ESTRUCTURAS DE IMPACTO - CR\u00c1TERES METEOR\u00cdTICOS","article_modified_time":"2012-03-05T17:05:54+00:00","og_image":[{"url":"http:\/\/www.impact-structures.com\/imagekl\/kl0132.jpg","type":"","width":"","height":""}],"twitter_card":"summary_large_image","twitter_misc":{"Tiempo de lectura":"2 minutos"},"schema":{"@context":"https:\/\/schema.org","@graph":[{"@type":"WebPage","@id":"https:\/\/estructuras-de-impacto.impact-structures.com\/?page_id=1434","url":"https:\/\/estructuras-de-impacto.impact-structures.com\/?page_id=1434","name":"Espalaci\u00f3n (Empuje) - ERNSTSON CLAUDIN ESTRUCTURAS DE IMPACTO - CR\u00c1TERES METEOR\u00cdTICOS","isPartOf":{"@id":"http:\/\/estructuras-de-impacto.impact-structures.com\/#website"},"primaryImageOfPage":{"@id":"https:\/\/estructuras-de-impacto.impact-structures.com\/?page_id=1434#primaryimage"},"image":{"@id":"https:\/\/estructuras-de-impacto.impact-structures.com\/?page_id=1434#primaryimage"},"thumbnailUrl":"http:\/\/www.impact-structures.com\/imagekl\/kl0132.jpg","datePublished":"2011-12-03T13:55:19+00:00","dateModified":"2012-03-05T17:05:54+00:00","breadcrumb":{"@id":"https:\/\/estructuras-de-impacto.impact-structures.com\/?page_id=1434#breadcrumb"},"inLanguage":"es","potentialAction":[{"@type":"ReadAction","target":["https:\/\/estructuras-de-impacto.impact-structures.com\/?page_id=1434"]}]},{"@type":"ImageObject","inLanguage":"es","@id":"https:\/\/estructuras-de-impacto.impact-structures.com\/?page_id=1434#primaryimage","url":"http:\/\/www.impact-structures.com\/imagekl\/kl0132.jpg","contentUrl":"http:\/\/www.impact-structures.com\/imagekl\/kl0132.jpg"},{"@type":"BreadcrumbList","@id":"https:\/\/estructuras-de-impacto.impact-structures.com\/?page_id=1434#breadcrumb","itemListElement":[{"@type":"ListItem","position":1,"name":"Portada","item":"http:\/\/estructuras-de-impacto.impact-structures.com\/"},{"@type":"ListItem","position":2,"name":"Las estructuras de impacto en Espa\u00f1a","item":"http:\/\/estructuras-de-impacto.impact-structures.com\/?page_id=1404"},{"@type":"ListItem","position":3,"name":"Deformaci\u00f3n por choque en conglomerados Tri\u00e1sicos del Buntsandstein, Espa\u00f1a","item":"https:\/\/estructuras-de-impacto.impact-structures.com\/?page_id=1431"},{"@type":"ListItem","position":4,"name":"Espalaci\u00f3n (Empuje)"}]},{"@type":"WebSite","@id":"http:\/\/estructuras-de-impacto.impact-structures.com\/#website","url":"http:\/\/estructuras-de-impacto.impact-structures.com\/","name":"ERNSTSON CLAUDIN ESTRUCTURAS DE IMPACTO - CR\u00c1TERES METEOR\u00cdTICOS","description":"Investigaci\u00f3n sobre la geolog\u00eda, geof\u00edsica, y petrolog\u00eda","potentialAction":[{"@type":"SearchAction","target":{"@type":"EntryPoint","urlTemplate":"http:\/\/estructuras-de-impacto.impact-structures.com\/?s={search_term_string}"},"query-input":{"@type":"PropertyValueSpecification","valueRequired":true,"valueName":"search_term_string"}}],"inLanguage":"es"}]}},"_links":{"self":[{"href":"http:\/\/estructuras-de-impacto.impact-structures.com\/index.php?rest_route=\/wp\/v2\/pages\/1434","targetHints":{"allow":["GET"]}}],"collection":[{"href":"http:\/\/estructuras-de-impacto.impact-structures.com\/index.php?rest_route=\/wp\/v2\/pages"}],"about":[{"href":"http:\/\/estructuras-de-impacto.impact-structures.com\/index.php?rest_route=\/wp\/v2\/types\/page"}],"author":[{"embeddable":true,"href":"http:\/\/estructuras-de-impacto.impact-structures.com\/index.php?rest_route=\/wp\/v2\/users\/1"}],"replies":[{"embeddable":true,"href":"http:\/\/estructuras-de-impacto.impact-structures.com\/index.php?rest_route=%2Fwp%2Fv2%2Fcomments&post=1434"}],"version-history":[{"count":0,"href":"http:\/\/estructuras-de-impacto.impact-structures.com\/index.php?rest_route=\/wp\/v2\/pages\/1434\/revisions"}],"up":[{"embeddable":true,"href":"http:\/\/estructuras-de-impacto.impact-structures.com\/index.php?rest_route=\/wp\/v2\/pages\/1431"}],"wp:attachment":[{"href":"http:\/\/estructuras-de-impacto.impact-structures.com\/index.php?rest_route=%2Fwp%2Fv2%2Fmedia&parent=1434"}],"curies":[{"name":"wp","href":"https:\/\/api.w.org\/{rel}","templated":true}]}}