{"id":1429,"date":"2011-12-03T13:50:25","date_gmt":"2011-12-03T13:50:25","guid":{"rendered":"http:\/\/cms.impact-structures.com\/?page_id=300"},"modified":"2011-12-17T11:03:29","modified_gmt":"2011-12-17T11:03:29","slug":"outcrop-descriptions","status":"publish","type":"page","link":"http:\/\/estructuras-de-impacto.impact-structures.com\/?page_id=1429","title":{"rendered":"Afloramientos"},"content":{"rendered":"<p>&nbsp;<\/p>\n<table border=\"1\" cellspacing=\"2\" cellpadding=\"0\">\n<tbody>\n<tr>\n<td>\n<h3 align=\"center\"><span style=\"font-size: x-small; color: #0000ff;\">Pueden agrandarse las im\u00e1genes hasta ocupar la pantalla por completo con solo apretar el bot\u00f3n del rat\u00f3n sobre ellas! La carga de la imagen puede requerir cierto tiempo.<\/span><\/h3>\n<div><span style=\"font-size: x-small;\"><br \/>\n<\/span><\/div>\n<\/td>\n<\/tr>\n<\/tbody>\n<\/table>\n<p><strong><a href=\"http:\/\/www.impaktstrukturen.de\/origi\/Bild1c.jpg\" target=\"_blank\"><span style=\"font-family: 'Trebuchet MS', Helvetica, Geneva, Swiss, SunSans-Regular;\"><img decoding=\"async\" src=\"http:\/\/www.impact-structures.com\/images\/Bild1c_small.jpg\" alt=\"Bild1c.jpg (69077 Byte)\" border=\"0\" \/><\/span><\/a><\/strong><\/p>\n<p><strong><a href=\"http:\/\/www.impaktstrukturen.de\/origi\/Bild1A.jpg\" target=\"_blank\"><span style=\"font-family: 'Trebuchet MS', Helvetica, Geneva, Swiss, SunSans-Regular;\"><img decoding=\"async\" src=\"http:\/\/www.impact-structures.com\/images\/Bild1A_small.jpg\" alt=\"Bild1A.jpg (74682 Byte)\" border=\"0\" \/><\/span><\/a><\/strong><\/p>\n<p><strong><a href=\"http:\/\/www.impaktstrukturen.de\/origi\/018.jpg\" target=\"_blank\"><span style=\"font-family: 'Trebuchet MS', Helvetica, Geneva, Swiss, SunSans-Regular;\"><img loading=\"lazy\" decoding=\"async\" src=\"http:\/\/www.impact-structures.com\/imagekl\/kl018.jpg\" alt=\"\" width=\"350\" height=\"250\" border=\"0\" \/><\/span><\/a><\/strong><\/p>\n<p>Eyectas de impacto de Puerto Minguez. Parte de los aproximadamente 5 Km de dep\u00f3sitos continuos expuestos por el corte de la carretera. Las rocas que se aprecian corresponden a una mezcla intensa de material excavado y local debido probablemente a la erosi\u00f3n y sedimentaci\u00f3n bal\u00edstica (Oberbeck, 1975).<\/p>\n<hr \/>\n<p><a href=\"http:\/\/www.impaktstrukturen.de\/origi\/bild2a.jpg\" target=\"_blank\"><span style=\"font-family: 'Trebuchet MS', Helvetica, Geneva, Swiss, SunSans-Regular;\"><img decoding=\"async\" src=\"http:\/\/www.impact-structures.com\/images\/bild2a_small.jpg\" alt=\"bild2a.jpg (80395 Byte)\" border=\"0\" \/><\/span><\/a><\/p>\n<p><a href=\"http:\/\/www.impaktstrukturen.de\/origi\/bild2b.jpg\" target=\"_blank\"><span style=\"font-family: 'Trebuchet MS', Helvetica, Geneva, Swiss, SunSans-Regular;\"><img decoding=\"async\" src=\"http:\/\/www.impact-structures.com\/images\/bild2b_small.jpg\" alt=\"bild2b.jpg (86282 Byte)\" border=\"0\" \/><\/span><\/a><\/p>\n<p><strong><a href=\"http:\/\/www.impaktstrukturen.de\/origi\/bild2c.jpg\" target=\"_blank\"><span style=\"font-family: 'Trebuchet MS', Helvetica, Geneva, Swiss, SunSans-Regular;\"><img decoding=\"async\" src=\"http:\/\/www.impact-structures.com\/images\/bild2c_small.jpg\" alt=\"bild2c.jpg (89753 Byte)\" border=\"0\" \/><\/span><\/a><\/strong><\/p>\n<p>Eyecta de impacto de Puerto Minguez. Diferentes aspectos de la estructura interna:<\/p>\n<p>&#8212; bloque de componentes conglomer\u00e1ticos, de bordes abruptos, inmerso en el seno de una matriz arenoso-margosa;<\/p>\n<p>&#8212; rocas del Paleozoico y Mesozoico entremezcladas dentro de una matriz de materiales del Terciario inferior.<\/p>\n<p><strong><a href=\"http:\/\/www.impaktstrukturen.de\/origi\/bild2d.jpg\" target=\"_blank\"><span style=\"font-family: 'Trebuchet MS', Helvetica, Geneva, Swiss, SunSans-Regular;\"><img decoding=\"async\" src=\"http:\/\/www.impact-structures.com\/images\/bild2d_small.jpg\" alt=\"bild2d.jpg (118470 Byte)\" border=\"2\" \/><\/span><\/a><\/strong><\/p>\n<p>&nbsp;<\/p>\n<p>Acumulaciones en forma de cuenco de componentes calizos redondeados y subredondeados inmersos en una matriz de grano fino. Hay que destacar que los componentes calizos presentan dformaciones pl\u00e1sticas muy intensas (ver: deformaciones mesosc\u00f3picas), casi sin ninguna excepci\u00f3n e independientemente de su tama\u00f1o.<\/p>\n<p><a href=\"http:\/\/www.impaktstrukturen.de\/origi\/156.jpg\" target=\"_blank\"><span style=\"font-family: 'Trebuchet MS', Helvetica, Geneva, Swiss, SunSans-Regular;\"><img loading=\"lazy\" decoding=\"async\" src=\"http:\/\/www.impact-structures.com\/imagekl\/kl0156.jpg\" alt=\"\" width=\"350\" height=\"250\" border=\"0\" \/><\/span><\/a><\/p>\n<p><span style=\"font-family: 'Trebuchet MS', Helvetica, Geneva, Swiss, SunSans-Regular;\">Eyecta de impacto en la zona de Puerto Minguez. Mezcla intensa de materiales predominantemente Paleozoicos (color oscuro) con materiales del Terciario inferior subordinados (m\u00e1s rojizos). Los componentes m\u00e1s claros corresponden a gravas y bloques del Mesozoico que provienen \u2013 lo m\u00e1s probable \u2013 de conglomerados del Terciario inferior. Todos (\u00a1) los bloques y gravas exhiben deformaciones pl\u00e1sticas en forma de intensas y profundas estriaciones e impresiones. Son frecuentes (ver las fotograf\u00edas respectivas en: Deformaciones Mesosc\u00f3picas) las fracturas rotacionales y el pulido en espejo. En los materiales Paleozoicos, los componentes esquistosos tambi\u00e9n est\u00e1n estriados. La altura del afloramiento es de aproximadamente 8 m.<\/span><\/p>\n<p align=\"LEFT\"><strong><a href=\"http:\/\/www.impaktstrukturen.de\/origi\/bild3b.jpg\" target=\"_blank\"><span style=\"font-family: 'Trebuchet MS', Helvetica, Geneva, Swiss, SunSans-Regular;\"><img decoding=\"async\" src=\"http:\/\/www.impact-structures.com\/images\/bild3b_small.jpg\" alt=\"bild3b.jpg (64268 Byte)\" border=\"0\" \/><\/span><\/a><\/strong><\/p>\n<p align=\"LEFT\">Eyectas de impacto en la zona de Puerto Minguez. Diferente de la situaci\u00f3n mostrada con anterioridad, aqu\u00ed los grandes componentes calizos no est\u00e1n redondeados y parecen ser fragmentos de un megabloque Mesozoico entremezclado dentro del material Paleozoico. Es evidente que este bandeado no es el resultado de una deposici\u00f3n fluvial, como ha sido sugerido por algunos ge\u00f3logos. La altura del afloramiento es de alrededor de 5 m.<\/p>\n<hr \/>\n<p><span style=\"font-family: 'Trebuchet MS', Helvetica, Geneva, Swiss, SunSans-Regular;\"><a href=\"http:\/\/www.impaktstrukturen.de\/origi\/157.jpg\" target=\"_blank\"><img loading=\"lazy\" decoding=\"async\" src=\"http:\/\/www.impact-structures.com\/imagekl\/kl0157.jpg\" alt=\"\" width=\"350\" height=\"250\" border=\"0\" \/><\/a><\/span><\/p>\n<p>Eyecta de impacto en la zona de Puerto Minguez: Mezcla intensa de componentes Paleozoicos y Mesozoicos redondeados, subredondeado y angulares inmersos en una matriz arenoso-margosa. Los fragmentos de cuarcitas Paleozoicas angulares pueden haber llevado a Moissenet et al. en 1972 a escribir en su art\u00edculo sobre el \u201e<strong>enigm\u00e1tico<\/strong>\u201c dep\u00f3sito en la zona de Puerto (que significa paso alto) M\u00ednguez. No se hallan afloramientos de rocas Paleozoicas a menos de 15 Km de esta zona.<\/p>\n","protected":false},"excerpt":{"rendered":"<p>&nbsp; Pueden agrandarse las im\u00e1genes hasta ocupar la pantalla por completo con solo apretar el bot\u00f3n del rat\u00f3n sobre ellas! La carga de la imagen puede requerir cierto tiempo. Eyectas de impacto de Puerto Minguez. Parte de los aproximadamente 5 Km de dep\u00f3sitos continuos expuestos por el corte de la carretera. Las rocas que se &hellip; <a href=\"http:\/\/estructuras-de-impacto.impact-structures.com\/?page_id=1429\" class=\"more-link\">Continuar leyendo<span class=\"screen-reader-text\"> \u00abAfloramientos\u00bb<\/span><\/a><\/p>\n","protected":false},"author":1,"featured_media":0,"parent":1428,"menu_order":0,"comment_status":"closed","ping_status":"closed","template":"sidebar-page.php","meta":{"footnotes":""},"class_list":["post-1429","page","type-page","status-publish","hentry"],"yoast_head":"<!-- This site is optimized with the Yoast SEO plugin v27.3 - https:\/\/yoast.com\/product\/yoast-seo-wordpress\/ -->\n<title>Afloramientos - ERNSTSON CLAUDIN ESTRUCTURAS DE IMPACTO - CR\u00c1TERES METEOR\u00cdTICOS<\/title>\n<meta name=\"robots\" content=\"index, follow, max-snippet:-1, max-image-preview:large, max-video-preview:-1\" \/>\n<link rel=\"canonical\" href=\"http:\/\/estructuras-de-impacto.impact-structures.com\/?page_id=1429\" \/>\n<meta property=\"og:locale\" content=\"es_ES\" \/>\n<meta property=\"og:type\" content=\"article\" \/>\n<meta property=\"og:title\" content=\"Afloramientos - ERNSTSON CLAUDIN ESTRUCTURAS DE IMPACTO - CR\u00c1TERES METEOR\u00cdTICOS\" \/>\n<meta property=\"og:description\" content=\"&nbsp; Pueden agrandarse las im\u00e1genes hasta ocupar la pantalla por completo con solo apretar el bot\u00f3n del rat\u00f3n sobre ellas! La carga de la imagen puede requerir cierto tiempo. Eyectas de impacto de Puerto Minguez. Parte de los aproximadamente 5 Km de dep\u00f3sitos continuos expuestos por el corte de la carretera. Las rocas que se &hellip; Continuar leyendo &quot;Afloramientos&quot;\" \/>\n<meta property=\"og:url\" content=\"http:\/\/estructuras-de-impacto.impact-structures.com\/?page_id=1429\" \/>\n<meta property=\"og:site_name\" content=\"ERNSTSON CLAUDIN ESTRUCTURAS DE IMPACTO - CR\u00c1TERES METEOR\u00cdTICOS\" \/>\n<meta property=\"article:modified_time\" content=\"2011-12-17T11:03:29+00:00\" \/>\n<meta property=\"og:image\" content=\"http:\/\/www.impact-structures.com\/images\/Bild1c_small.jpg\" \/>\n<meta name=\"twitter:card\" content=\"summary_large_image\" \/>\n<meta name=\"twitter:label1\" content=\"Tiempo de lectura\" \/>\n\t<meta name=\"twitter:data1\" content=\"2 minutos\" \/>\n<script type=\"application\/ld+json\" class=\"yoast-schema-graph\">{\"@context\":\"https:\\\/\\\/schema.org\",\"@graph\":[{\"@type\":\"WebPage\",\"@id\":\"http:\\\/\\\/estructuras-de-impacto.impact-structures.com\\\/?page_id=1429\",\"url\":\"http:\\\/\\\/estructuras-de-impacto.impact-structures.com\\\/?page_id=1429\",\"name\":\"Afloramientos - ERNSTSON CLAUDIN ESTRUCTURAS DE IMPACTO - CR\u00c1TERES METEOR\u00cdTICOS\",\"isPartOf\":{\"@id\":\"http:\\\/\\\/estructuras-de-impacto.impact-structures.com\\\/#website\"},\"primaryImageOfPage\":{\"@id\":\"http:\\\/\\\/estructuras-de-impacto.impact-structures.com\\\/?page_id=1429#primaryimage\"},\"image\":{\"@id\":\"http:\\\/\\\/estructuras-de-impacto.impact-structures.com\\\/?page_id=1429#primaryimage\"},\"thumbnailUrl\":\"http:\\\/\\\/www.impact-structures.com\\\/images\\\/Bild1c_small.jpg\",\"datePublished\":\"2011-12-03T13:50:25+00:00\",\"dateModified\":\"2011-12-17T11:03:29+00:00\",\"breadcrumb\":{\"@id\":\"http:\\\/\\\/estructuras-de-impacto.impact-structures.com\\\/?page_id=1429#breadcrumb\"},\"inLanguage\":\"es\",\"potentialAction\":[{\"@type\":\"ReadAction\",\"target\":[\"http:\\\/\\\/estructuras-de-impacto.impact-structures.com\\\/?page_id=1429\"]}]},{\"@type\":\"ImageObject\",\"inLanguage\":\"es\",\"@id\":\"http:\\\/\\\/estructuras-de-impacto.impact-structures.com\\\/?page_id=1429#primaryimage\",\"url\":\"http:\\\/\\\/www.impact-structures.com\\\/images\\\/Bild1c_small.jpg\",\"contentUrl\":\"http:\\\/\\\/www.impact-structures.com\\\/images\\\/Bild1c_small.jpg\"},{\"@type\":\"BreadcrumbList\",\"@id\":\"http:\\\/\\\/estructuras-de-impacto.impact-structures.com\\\/?page_id=1429#breadcrumb\",\"itemListElement\":[{\"@type\":\"ListItem\",\"position\":1,\"name\":\"Portada\",\"item\":\"http:\\\/\\\/estructuras-de-impacto.impact-structures.com\\\/\"},{\"@type\":\"ListItem\",\"position\":2,\"name\":\"Las estructuras de impacto en Espa\u00f1a\",\"item\":\"http:\\\/\\\/estructuras-de-impacto.impact-structures.com\\\/?page_id=1404\"},{\"@type\":\"ListItem\",\"position\":3,\"name\":\"Eyectas de impacto en Puerto M\u00ednguez\",\"item\":\"http:\\\/\\\/estructuras-de-impacto.impact-structures.com\\\/?page_id=1428\"},{\"@type\":\"ListItem\",\"position\":4,\"name\":\"Afloramientos\"}]},{\"@type\":\"WebSite\",\"@id\":\"http:\\\/\\\/estructuras-de-impacto.impact-structures.com\\\/#website\",\"url\":\"http:\\\/\\\/estructuras-de-impacto.impact-structures.com\\\/\",\"name\":\"ERNSTSON CLAUDIN ESTRUCTURAS DE IMPACTO - CR\u00c1TERES METEOR\u00cdTICOS\",\"description\":\"Investigaci\u00f3n sobre la geolog\u00eda, geof\u00edsica, y petrolog\u00eda\",\"potentialAction\":[{\"@type\":\"SearchAction\",\"target\":{\"@type\":\"EntryPoint\",\"urlTemplate\":\"http:\\\/\\\/estructuras-de-impacto.impact-structures.com\\\/?s={search_term_string}\"},\"query-input\":{\"@type\":\"PropertyValueSpecification\",\"valueRequired\":true,\"valueName\":\"search_term_string\"}}],\"inLanguage\":\"es\"}]}<\/script>\n<!-- \/ Yoast SEO plugin. -->","yoast_head_json":{"title":"Afloramientos - ERNSTSON CLAUDIN ESTRUCTURAS DE IMPACTO - CR\u00c1TERES METEOR\u00cdTICOS","robots":{"index":"index","follow":"follow","max-snippet":"max-snippet:-1","max-image-preview":"max-image-preview:large","max-video-preview":"max-video-preview:-1"},"canonical":"http:\/\/estructuras-de-impacto.impact-structures.com\/?page_id=1429","og_locale":"es_ES","og_type":"article","og_title":"Afloramientos - ERNSTSON CLAUDIN ESTRUCTURAS DE IMPACTO - CR\u00c1TERES METEOR\u00cdTICOS","og_description":"&nbsp; Pueden agrandarse las im\u00e1genes hasta ocupar la pantalla por completo con solo apretar el bot\u00f3n del rat\u00f3n sobre ellas! La carga de la imagen puede requerir cierto tiempo. Eyectas de impacto de Puerto Minguez. Parte de los aproximadamente 5 Km de dep\u00f3sitos continuos expuestos por el corte de la carretera. Las rocas que se &hellip; Continuar leyendo \"Afloramientos\"","og_url":"http:\/\/estructuras-de-impacto.impact-structures.com\/?page_id=1429","og_site_name":"ERNSTSON CLAUDIN ESTRUCTURAS DE IMPACTO - CR\u00c1TERES METEOR\u00cdTICOS","article_modified_time":"2011-12-17T11:03:29+00:00","og_image":[{"url":"http:\/\/www.impact-structures.com\/images\/Bild1c_small.jpg","type":"","width":"","height":""}],"twitter_card":"summary_large_image","twitter_misc":{"Tiempo de lectura":"2 minutos"},"schema":{"@context":"https:\/\/schema.org","@graph":[{"@type":"WebPage","@id":"http:\/\/estructuras-de-impacto.impact-structures.com\/?page_id=1429","url":"http:\/\/estructuras-de-impacto.impact-structures.com\/?page_id=1429","name":"Afloramientos - ERNSTSON CLAUDIN ESTRUCTURAS DE IMPACTO - CR\u00c1TERES METEOR\u00cdTICOS","isPartOf":{"@id":"http:\/\/estructuras-de-impacto.impact-structures.com\/#website"},"primaryImageOfPage":{"@id":"http:\/\/estructuras-de-impacto.impact-structures.com\/?page_id=1429#primaryimage"},"image":{"@id":"http:\/\/estructuras-de-impacto.impact-structures.com\/?page_id=1429#primaryimage"},"thumbnailUrl":"http:\/\/www.impact-structures.com\/images\/Bild1c_small.jpg","datePublished":"2011-12-03T13:50:25+00:00","dateModified":"2011-12-17T11:03:29+00:00","breadcrumb":{"@id":"http:\/\/estructuras-de-impacto.impact-structures.com\/?page_id=1429#breadcrumb"},"inLanguage":"es","potentialAction":[{"@type":"ReadAction","target":["http:\/\/estructuras-de-impacto.impact-structures.com\/?page_id=1429"]}]},{"@type":"ImageObject","inLanguage":"es","@id":"http:\/\/estructuras-de-impacto.impact-structures.com\/?page_id=1429#primaryimage","url":"http:\/\/www.impact-structures.com\/images\/Bild1c_small.jpg","contentUrl":"http:\/\/www.impact-structures.com\/images\/Bild1c_small.jpg"},{"@type":"BreadcrumbList","@id":"http:\/\/estructuras-de-impacto.impact-structures.com\/?page_id=1429#breadcrumb","itemListElement":[{"@type":"ListItem","position":1,"name":"Portada","item":"http:\/\/estructuras-de-impacto.impact-structures.com\/"},{"@type":"ListItem","position":2,"name":"Las estructuras de impacto en Espa\u00f1a","item":"http:\/\/estructuras-de-impacto.impact-structures.com\/?page_id=1404"},{"@type":"ListItem","position":3,"name":"Eyectas de impacto en Puerto M\u00ednguez","item":"http:\/\/estructuras-de-impacto.impact-structures.com\/?page_id=1428"},{"@type":"ListItem","position":4,"name":"Afloramientos"}]},{"@type":"WebSite","@id":"http:\/\/estructuras-de-impacto.impact-structures.com\/#website","url":"http:\/\/estructuras-de-impacto.impact-structures.com\/","name":"ERNSTSON CLAUDIN ESTRUCTURAS DE IMPACTO - CR\u00c1TERES METEOR\u00cdTICOS","description":"Investigaci\u00f3n sobre la geolog\u00eda, geof\u00edsica, y petrolog\u00eda","potentialAction":[{"@type":"SearchAction","target":{"@type":"EntryPoint","urlTemplate":"http:\/\/estructuras-de-impacto.impact-structures.com\/?s={search_term_string}"},"query-input":{"@type":"PropertyValueSpecification","valueRequired":true,"valueName":"search_term_string"}}],"inLanguage":"es"}]}},"_links":{"self":[{"href":"http:\/\/estructuras-de-impacto.impact-structures.com\/index.php?rest_route=\/wp\/v2\/pages\/1429","targetHints":{"allow":["GET"]}}],"collection":[{"href":"http:\/\/estructuras-de-impacto.impact-structures.com\/index.php?rest_route=\/wp\/v2\/pages"}],"about":[{"href":"http:\/\/estructuras-de-impacto.impact-structures.com\/index.php?rest_route=\/wp\/v2\/types\/page"}],"author":[{"embeddable":true,"href":"http:\/\/estructuras-de-impacto.impact-structures.com\/index.php?rest_route=\/wp\/v2\/users\/1"}],"replies":[{"embeddable":true,"href":"http:\/\/estructuras-de-impacto.impact-structures.com\/index.php?rest_route=%2Fwp%2Fv2%2Fcomments&post=1429"}],"version-history":[{"count":0,"href":"http:\/\/estructuras-de-impacto.impact-structures.com\/index.php?rest_route=\/wp\/v2\/pages\/1429\/revisions"}],"up":[{"embeddable":true,"href":"http:\/\/estructuras-de-impacto.impact-structures.com\/index.php?rest_route=\/wp\/v2\/pages\/1428"}],"wp:attachment":[{"href":"http:\/\/estructuras-de-impacto.impact-structures.com\/index.php?rest_route=%2Fwp%2Fv2%2Fmedia&parent=1429"}],"curies":[{"name":"wp","href":"https:\/\/api.w.org\/{rel}","templated":true}]}}