{"id":1426,"date":"2011-12-03T13:48:13","date_gmt":"2011-12-03T13:48:13","guid":{"rendered":"http:\/\/cms.impact-structures.com\/?page_id=294"},"modified":"2012-05-26T10:46:21","modified_gmt":"2012-05-26T10:46:21","slug":"accretionary-lapilli-in-the-suevitic-basal-breccia","status":"publish","type":"page","link":"http:\/\/estructuras-de-impacto.impact-structures.com\/?page_id=1426","title":{"rendered":"Lapilli acrecional"},"content":{"rendered":"<h2>Lapilli acrecional en la brecha suev\u00edtica basal<\/h2>\n<p>Lapilli acrecional es un t\u00e9rmino que originalmente se relacionaba exclusivamente con el volcanismo. El lapilli acrecional consiste en peloides que se forman por la acreci\u00f3n de ceniza fina alrededor de gotas de agua de condensaci\u00f3n o de part\u00edculas s\u00f3lidas, a menudo en el interior de columnas eruptivas ricas en vapor. Frecuentemente, exhiben una estructura interna conc\u00e9ntrica, y, una vez formados, pueden ser transportados y depositados por procesos pirocl\u00e1sticos de ca\u00edda, de oleadas y de flujo (Allaby &amp; Allaby, 1999; A Dictionary of Earth Sciences).<\/p>\n<p>Lapilli armado es la variedad de lapilli acrecional frecuente en los dep\u00f3sitos de oleadas basales (base-surges) bas\u00e1lticos que se caracterizan por la presencia de granos constituidos por un fragmento l\u00edtico, perfectamente identificable como un lapilli, que forma el nucleo del grano, que est\u00e1 cubierto por una cubierta gruesa de ceniza poco estructurada (Diccionario, Institut d&#8217;Estudis Catalans).<\/p>\n<p>Dado que procesos similares se producen en la turbulenta columna (pluma) explosiva que se eleva por encima de la creciente cavidad generada en la etapa de excavaci\u00f3n de un cr\u00e1ter de impacto, no es sorprendente que se haya encontrado lapilli acrecional en dep\u00f3sitos de impacto. Graup (1981) describe el hallazgo de lapilli acrecional en la brecha suev\u00edtica de retroceso de la estructura de impacto de Ries. Tambi\u00e9n se han citado en el caso de los dep\u00f3sitos de eyecta de la estructura de impacto de Chicxulub (relacionada con el l\u00edmite K\/T) en M\u00e9xico (ver:\u00a0<a href=\"http:\/\/www.lpi.usra.edu\/meetings\/largeimpacts2003\/pdf\/4113.pdf\" target=\"_blank\">http:\/\/www.lpi.usra.edu\/meetings\/largeimpacts2003\/pdf\/4113.pdf<\/a>) y en Belize (ver: (<a href=\"http:\/\/www.icdp-online.de\/news\/workshops\/abstracts\/EGS03\/EAE03-J-06925.pdf\" target=\"_blank\">http:\/\/www.icdp-online.de\/news\/workshops\/abstracts\/EGS03\/EAE03-J-06925.pdf<\/a>\u00a0.\u00a0Se han descrito concentraciones de lapilli, que dan lugar a una lapillita discontinua de clastos retrabajados en el interior de la megabrecha relacionada con el impacto del dev\u00f3nico tard\u00edo del Alamo (<a href=\"http:\/\/gsa.confex.com\/gsa\/2002AM\/finalprogram\/abstract_42158.htm\" target=\"_blank\">http:\/\/gsa.confex.com\/gsa\/2002AM\/finalprogram\/abstract_42158.htm<\/a>).<\/p>\n<p>Se ha podido observar lapilli acrecional en diversos afloramientos de las estructuras de Azuara y Rubielos de la C\u00e9rida donde se halla formando parte de la matriz de diques de brechas polim\u00edcticas y en la brecha suev\u00edtica basal.<\/p>\n<p><strong>Cerca de fuentes calientes<\/strong><strong><\/strong><\/p>\n<p><img loading=\"lazy\" decoding=\"async\" src=\"http:\/\/www.impact-structures.com\/spain\/accretionary-lapilli\/image002.gif\" alt=\"Image002\" width=\"299\" height=\"225\" \/><\/p>\n<p>Fig. 1. La brecha basal cerca de Fuentes Calientes, regi\u00f3n este de la cuenca de impacto. Detalle (sobre el martillo) en la Fig. 2.<\/p>\n<p><img loading=\"lazy\" decoding=\"async\" src=\"http:\/\/www.impact-structures.com\/spain\/accretionary-lapilli\/image004.gif\" alt=\"Image004\" width=\"299\" height=\"225\" \/><\/p>\n<p>Fig. 2. Sistema de diques compuestos de lapilli acrecional en una matriz de color claro que intersecta la brecha basal mostrada en la Fig. 1.<\/p>\n<p><img loading=\"lazy\" decoding=\"async\" src=\"http:\/\/www.impact-structures.com\/spain\/accretionary-lapilli\/image006.gif\" alt=\"Image006\" width=\"305\" height=\"218\" \/><\/p>\n<p>Fig. 3. Detalle de un dique de lapilli que penetra en la brecha basal cercana a Fuentes Calientes. Obs\u00e9rvese que algunos lapillos tienen la t\u00edpica estructura en capas de cebolla alrededor de un n\u00facleo rocoso.<\/p>\n<p>&nbsp;<\/p>\n<p><strong>Cerca de escriche &#8211; borde sudeste de la cuenca cercano a teruel<\/strong><strong><\/strong><\/p>\n<p><img loading=\"lazy\" decoding=\"async\" src=\"http:\/\/www.impact-structures.com\/spain\/accretionary-lapilli\/image008.gif\" alt=\"Image008\" width=\"298\" height=\"482\" \/><\/p>\n<p>Fig. 4. Extensas partes del afloramiento de la brecha basal cercano a Escriche est\u00e1n formadas por una matriz lapill\u00edtica con tan s\u00f3lo algunos fragmentos de roca angulosos, probablmente de calizas del Muschelkalk. A destacar que la muestra que se observa en la foto presenta una textura de matriz dentro de matriz. Tambi\u00e9n conviene fijarse en el dique situado en la parte inferior y que penetra la anteriormente mencionada matriz, suministrando una evidencia de una litificaci\u00f3n muy peculiar.<\/p>\n<p><img loading=\"lazy\" decoding=\"async\" src=\"http:\/\/www.impact-structures.com\/spain\/accretionary-lapilli\/image010.gif\" alt=\"Image010\" width=\"296\" height=\"429\" \/><\/p>\n<p>Fig. 5. Detalle de la brecha lapill\u00edtica expuesta cerca de Escriche. La ancura de campo es de 18 mm.<\/p>\n<p>&nbsp;<\/p>\n<p><strong>Cerca de corbat\u00f3n, al este del levantamiento central de rubielos dfe la c\u00e9rida<\/strong><strong><\/strong><\/p>\n<p><img loading=\"lazy\" decoding=\"async\" src=\"http:\/\/www.impact-structures.com\/spain\/accretionary-lapilli\/image012.gif\" alt=\"Image012\" width=\"312\" height=\"197\" \/><\/p>\n<p>Fig. 6. Brecha basal rica en matriz cercana a Corbat\u00f3n. Los clastos de color oscuro son probablemente calizas del Muschelkalk<\/p>\n<p><img loading=\"lazy\" decoding=\"async\" src=\"http:\/\/www.impact-structures.com\/spain\/accretionary-lapilli\/image014.gif\" alt=\"Image014\" width=\"305\" height=\"260\" \/><\/p>\n<p>Fig. 7. Lapilli acrecional presente en la matriz de la brecha basal cercana a Corbat\u00f3n. La anchura de campo es de 3cm.<\/p>\n<p><img loading=\"lazy\" decoding=\"async\" src=\"http:\/\/www.impact-structures.com\/spain\/accretionary-lapilli\/image016.gif\" alt=\"Image016\" width=\"300\" height=\"222\" \/><\/p>\n<p>Lapilli acrecional presente en la brecha basal cercana a Corbat\u00f3n visto en secci\u00f3n delgada. Microfotograf\u00eda realizada a n\u00edcoles cruzados; la anchura de campo es de 6,5 mm. El lapilli est\u00e1 b\u00e1sicamente constituido por envueltas carbonatadas con algunos materiales silicatados accesorios (p.e., los fragmentos de cuarzo que se observan en el lapillo de mayor tama\u00f1o).<\/p>\n<p>&nbsp;<\/p>\n<p><strong>Para comparar: lapillita procedente de una diatrema volc\u00e1nica (avon diatremes) de missouri (USA)<\/strong><strong><\/strong><\/p>\n<p><img loading=\"lazy\" decoding=\"async\" src=\"http:\/\/www.impact-structures.com\/spain\/accretionary-lapilli\/image018.gif\" alt=\"Image018\" width=\"299\" height=\"277\" \/><\/p>\n<p>&nbsp;<\/p>\n<p>Muestra cortada y pulida de un lapilli acrecional de las diatremas kimberl\u00edticas de Avon (Missouri, USA). La anchura de campo es de 3,5 cm. Puede apreciarse la remarcada similitud entre la textura de la roca formada por lapilli acrecional volc\u00e1nico y el de impacto, lo que no permite una f\u00e1cil distinci\u00f3n. La muestra es cortes\u00eda de John Townsend.<\/p>\n<p>&nbsp;<\/p>\n<p>Puede leerse una peque\u00f1a descripci\u00f3n del distrito volc\u00e1nico de Avon en:\u00a0 <span style=\"text-decoration: underline;\"><a href=\"http:\/\/gsa.confex.com\/gsa\/2008NC\/finalprogram\/abstract_138126.htm\" target=\"_blank\">http:\/\/gsa.confex.com\/gsa\/2008NC\/finalprogram\/abstract_138126.htm<\/a><\/span><\/p>\n<p><span style=\"color: #ff0000;\"><br \/>\n<\/span><\/p>\n","protected":false},"excerpt":{"rendered":"<p>Lapilli acrecional en la brecha suev\u00edtica basal Lapilli acrecional es un t\u00e9rmino que originalmente se relacionaba exclusivamente con el volcanismo. El lapilli acrecional consiste en peloides que se forman por la acreci\u00f3n de ceniza fina alrededor de gotas de agua de condensaci\u00f3n o de part\u00edculas s\u00f3lidas, a menudo en el interior de columnas eruptivas ricas &hellip; <a href=\"http:\/\/estructuras-de-impacto.impact-structures.com\/?page_id=1426\" class=\"more-link\">Continuar leyendo<span class=\"screen-reader-text\"> \u00abLapilli acrecional\u00bb<\/span><\/a><\/p>\n","protected":false},"author":1,"featured_media":0,"parent":1417,"menu_order":0,"comment_status":"closed","ping_status":"closed","template":"sidebar-page.php","meta":{"footnotes":""},"class_list":["post-1426","page","type-page","status-publish","hentry"],"yoast_head":"<!-- This site is optimized with the Yoast SEO plugin v27.3 - https:\/\/yoast.com\/product\/yoast-seo-wordpress\/ -->\n<title>Lapilli acrecional - ERNSTSON CLAUDIN ESTRUCTURAS DE IMPACTO - CR\u00c1TERES METEOR\u00cdTICOS<\/title>\n<meta name=\"robots\" content=\"index, follow, max-snippet:-1, max-image-preview:large, max-video-preview:-1\" \/>\n<link rel=\"canonical\" href=\"http:\/\/estructuras-de-impacto.impact-structures.com\/?page_id=1426\" \/>\n<meta property=\"og:locale\" content=\"es_ES\" \/>\n<meta property=\"og:type\" content=\"article\" \/>\n<meta property=\"og:title\" content=\"Lapilli acrecional - ERNSTSON CLAUDIN ESTRUCTURAS DE IMPACTO - CR\u00c1TERES METEOR\u00cdTICOS\" \/>\n<meta property=\"og:description\" content=\"Lapilli acrecional en la brecha suev\u00edtica basal Lapilli acrecional es un t\u00e9rmino que originalmente se relacionaba exclusivamente con el volcanismo. El lapilli acrecional consiste en peloides que se forman por la acreci\u00f3n de ceniza fina alrededor de gotas de agua de condensaci\u00f3n o de part\u00edculas s\u00f3lidas, a menudo en el interior de columnas eruptivas ricas &hellip; Continuar leyendo &quot;Lapilli acrecional&quot;\" \/>\n<meta property=\"og:url\" content=\"http:\/\/estructuras-de-impacto.impact-structures.com\/?page_id=1426\" \/>\n<meta property=\"og:site_name\" content=\"ERNSTSON CLAUDIN ESTRUCTURAS DE IMPACTO - CR\u00c1TERES METEOR\u00cdTICOS\" \/>\n<meta property=\"article:modified_time\" content=\"2012-05-26T10:46:21+00:00\" \/>\n<meta property=\"og:image\" content=\"http:\/\/www.impact-structures.com\/spain\/accretionary-lapilli\/image002.gif\" \/>\n<meta name=\"twitter:card\" content=\"summary_large_image\" \/>\n<meta name=\"twitter:label1\" content=\"Tiempo de lectura\" \/>\n\t<meta name=\"twitter:data1\" content=\"4 minutos\" \/>\n<script type=\"application\/ld+json\" class=\"yoast-schema-graph\">{\"@context\":\"https:\\\/\\\/schema.org\",\"@graph\":[{\"@type\":\"WebPage\",\"@id\":\"http:\\\/\\\/estructuras-de-impacto.impact-structures.com\\\/?page_id=1426\",\"url\":\"http:\\\/\\\/estructuras-de-impacto.impact-structures.com\\\/?page_id=1426\",\"name\":\"Lapilli acrecional - ERNSTSON CLAUDIN ESTRUCTURAS DE IMPACTO - CR\u00c1TERES METEOR\u00cdTICOS\",\"isPartOf\":{\"@id\":\"http:\\\/\\\/estructuras-de-impacto.impact-structures.com\\\/#website\"},\"primaryImageOfPage\":{\"@id\":\"http:\\\/\\\/estructuras-de-impacto.impact-structures.com\\\/?page_id=1426#primaryimage\"},\"image\":{\"@id\":\"http:\\\/\\\/estructuras-de-impacto.impact-structures.com\\\/?page_id=1426#primaryimage\"},\"thumbnailUrl\":\"http:\\\/\\\/www.impact-structures.com\\\/spain\\\/accretionary-lapilli\\\/image002.gif\",\"datePublished\":\"2011-12-03T13:48:13+00:00\",\"dateModified\":\"2012-05-26T10:46:21+00:00\",\"breadcrumb\":{\"@id\":\"http:\\\/\\\/estructuras-de-impacto.impact-structures.com\\\/?page_id=1426#breadcrumb\"},\"inLanguage\":\"es\",\"potentialAction\":[{\"@type\":\"ReadAction\",\"target\":[\"http:\\\/\\\/estructuras-de-impacto.impact-structures.com\\\/?page_id=1426\"]}]},{\"@type\":\"ImageObject\",\"inLanguage\":\"es\",\"@id\":\"http:\\\/\\\/estructuras-de-impacto.impact-structures.com\\\/?page_id=1426#primaryimage\",\"url\":\"http:\\\/\\\/www.impact-structures.com\\\/spain\\\/accretionary-lapilli\\\/image002.gif\",\"contentUrl\":\"http:\\\/\\\/www.impact-structures.com\\\/spain\\\/accretionary-lapilli\\\/image002.gif\"},{\"@type\":\"BreadcrumbList\",\"@id\":\"http:\\\/\\\/estructuras-de-impacto.impact-structures.com\\\/?page_id=1426#breadcrumb\",\"itemListElement\":[{\"@type\":\"ListItem\",\"position\":1,\"name\":\"Portada\",\"item\":\"http:\\\/\\\/estructuras-de-impacto.impact-structures.com\\\/\"},{\"@type\":\"ListItem\",\"position\":2,\"name\":\"Las estructuras de impacto en Espa\u00f1a\",\"item\":\"http:\\\/\\\/estructuras-de-impacto.impact-structures.com\\\/?page_id=1404\"},{\"@type\":\"ListItem\",\"position\":3,\"name\":\"La cuenca de impacto de Rubielos de la C\u00e9rida\",\"item\":\"http:\\\/\\\/estructuras-de-impacto.impact-structures.com\\\/?page_id=1417\"},{\"@type\":\"ListItem\",\"position\":4,\"name\":\"Lapilli acrecional\"}]},{\"@type\":\"WebSite\",\"@id\":\"http:\\\/\\\/estructuras-de-impacto.impact-structures.com\\\/#website\",\"url\":\"http:\\\/\\\/estructuras-de-impacto.impact-structures.com\\\/\",\"name\":\"ERNSTSON CLAUDIN ESTRUCTURAS DE IMPACTO - CR\u00c1TERES METEOR\u00cdTICOS\",\"description\":\"Investigaci\u00f3n sobre la geolog\u00eda, geof\u00edsica, y petrolog\u00eda\",\"potentialAction\":[{\"@type\":\"SearchAction\",\"target\":{\"@type\":\"EntryPoint\",\"urlTemplate\":\"http:\\\/\\\/estructuras-de-impacto.impact-structures.com\\\/?s={search_term_string}\"},\"query-input\":{\"@type\":\"PropertyValueSpecification\",\"valueRequired\":true,\"valueName\":\"search_term_string\"}}],\"inLanguage\":\"es\"}]}<\/script>\n<!-- \/ Yoast SEO plugin. -->","yoast_head_json":{"title":"Lapilli acrecional - ERNSTSON CLAUDIN ESTRUCTURAS DE IMPACTO - CR\u00c1TERES METEOR\u00cdTICOS","robots":{"index":"index","follow":"follow","max-snippet":"max-snippet:-1","max-image-preview":"max-image-preview:large","max-video-preview":"max-video-preview:-1"},"canonical":"http:\/\/estructuras-de-impacto.impact-structures.com\/?page_id=1426","og_locale":"es_ES","og_type":"article","og_title":"Lapilli acrecional - ERNSTSON CLAUDIN ESTRUCTURAS DE IMPACTO - CR\u00c1TERES METEOR\u00cdTICOS","og_description":"Lapilli acrecional en la brecha suev\u00edtica basal Lapilli acrecional es un t\u00e9rmino que originalmente se relacionaba exclusivamente con el volcanismo. El lapilli acrecional consiste en peloides que se forman por la acreci\u00f3n de ceniza fina alrededor de gotas de agua de condensaci\u00f3n o de part\u00edculas s\u00f3lidas, a menudo en el interior de columnas eruptivas ricas &hellip; Continuar leyendo \"Lapilli acrecional\"","og_url":"http:\/\/estructuras-de-impacto.impact-structures.com\/?page_id=1426","og_site_name":"ERNSTSON CLAUDIN ESTRUCTURAS DE IMPACTO - CR\u00c1TERES METEOR\u00cdTICOS","article_modified_time":"2012-05-26T10:46:21+00:00","og_image":[{"url":"http:\/\/www.impact-structures.com\/spain\/accretionary-lapilli\/image002.gif","type":"","width":"","height":""}],"twitter_card":"summary_large_image","twitter_misc":{"Tiempo de lectura":"4 minutos"},"schema":{"@context":"https:\/\/schema.org","@graph":[{"@type":"WebPage","@id":"http:\/\/estructuras-de-impacto.impact-structures.com\/?page_id=1426","url":"http:\/\/estructuras-de-impacto.impact-structures.com\/?page_id=1426","name":"Lapilli acrecional - ERNSTSON CLAUDIN ESTRUCTURAS DE IMPACTO - CR\u00c1TERES METEOR\u00cdTICOS","isPartOf":{"@id":"http:\/\/estructuras-de-impacto.impact-structures.com\/#website"},"primaryImageOfPage":{"@id":"http:\/\/estructuras-de-impacto.impact-structures.com\/?page_id=1426#primaryimage"},"image":{"@id":"http:\/\/estructuras-de-impacto.impact-structures.com\/?page_id=1426#primaryimage"},"thumbnailUrl":"http:\/\/www.impact-structures.com\/spain\/accretionary-lapilli\/image002.gif","datePublished":"2011-12-03T13:48:13+00:00","dateModified":"2012-05-26T10:46:21+00:00","breadcrumb":{"@id":"http:\/\/estructuras-de-impacto.impact-structures.com\/?page_id=1426#breadcrumb"},"inLanguage":"es","potentialAction":[{"@type":"ReadAction","target":["http:\/\/estructuras-de-impacto.impact-structures.com\/?page_id=1426"]}]},{"@type":"ImageObject","inLanguage":"es","@id":"http:\/\/estructuras-de-impacto.impact-structures.com\/?page_id=1426#primaryimage","url":"http:\/\/www.impact-structures.com\/spain\/accretionary-lapilli\/image002.gif","contentUrl":"http:\/\/www.impact-structures.com\/spain\/accretionary-lapilli\/image002.gif"},{"@type":"BreadcrumbList","@id":"http:\/\/estructuras-de-impacto.impact-structures.com\/?page_id=1426#breadcrumb","itemListElement":[{"@type":"ListItem","position":1,"name":"Portada","item":"http:\/\/estructuras-de-impacto.impact-structures.com\/"},{"@type":"ListItem","position":2,"name":"Las estructuras de impacto en Espa\u00f1a","item":"http:\/\/estructuras-de-impacto.impact-structures.com\/?page_id=1404"},{"@type":"ListItem","position":3,"name":"La cuenca de impacto de Rubielos de la C\u00e9rida","item":"http:\/\/estructuras-de-impacto.impact-structures.com\/?page_id=1417"},{"@type":"ListItem","position":4,"name":"Lapilli acrecional"}]},{"@type":"WebSite","@id":"http:\/\/estructuras-de-impacto.impact-structures.com\/#website","url":"http:\/\/estructuras-de-impacto.impact-structures.com\/","name":"ERNSTSON CLAUDIN ESTRUCTURAS DE IMPACTO - CR\u00c1TERES METEOR\u00cdTICOS","description":"Investigaci\u00f3n sobre la geolog\u00eda, geof\u00edsica, y petrolog\u00eda","potentialAction":[{"@type":"SearchAction","target":{"@type":"EntryPoint","urlTemplate":"http:\/\/estructuras-de-impacto.impact-structures.com\/?s={search_term_string}"},"query-input":{"@type":"PropertyValueSpecification","valueRequired":true,"valueName":"search_term_string"}}],"inLanguage":"es"}]}},"_links":{"self":[{"href":"http:\/\/estructuras-de-impacto.impact-structures.com\/index.php?rest_route=\/wp\/v2\/pages\/1426","targetHints":{"allow":["GET"]}}],"collection":[{"href":"http:\/\/estructuras-de-impacto.impact-structures.com\/index.php?rest_route=\/wp\/v2\/pages"}],"about":[{"href":"http:\/\/estructuras-de-impacto.impact-structures.com\/index.php?rest_route=\/wp\/v2\/types\/page"}],"author":[{"embeddable":true,"href":"http:\/\/estructuras-de-impacto.impact-structures.com\/index.php?rest_route=\/wp\/v2\/users\/1"}],"replies":[{"embeddable":true,"href":"http:\/\/estructuras-de-impacto.impact-structures.com\/index.php?rest_route=%2Fwp%2Fv2%2Fcomments&post=1426"}],"version-history":[{"count":0,"href":"http:\/\/estructuras-de-impacto.impact-structures.com\/index.php?rest_route=\/wp\/v2\/pages\/1426\/revisions"}],"up":[{"embeddable":true,"href":"http:\/\/estructuras-de-impacto.impact-structures.com\/index.php?rest_route=\/wp\/v2\/pages\/1417"}],"wp:attachment":[{"href":"http:\/\/estructuras-de-impacto.impact-structures.com\/index.php?rest_route=%2Fwp%2Fv2%2Fmedia&parent=1426"}],"curies":[{"name":"wp","href":"https:\/\/api.w.org\/{rel}","templated":true}]}}