{"id":1420,"date":"2011-12-03T13:21:17","date_gmt":"2011-12-03T13:21:17","guid":{"rendered":"http:\/\/cms.impact-structures.com\/?page_id=269"},"modified":"2012-05-26T09:57:50","modified_gmt":"2012-05-26T09:57:50","slug":"basal-suevite-breccia-in-the-rubielos-de-la-cerida-impact-basin","status":"publish","type":"page","link":"http:\/\/estructuras-de-impacto.impact-structures.com\/?page_id=1420","title":{"rendered":"Brecha basal suev\u00edtica"},"content":{"rendered":"<h2>Brecha Basal Suev\u00edtica en la cuenca de impacto de Rubielos de la C\u00e9rida<\/h2>\n<p>El t\u00e9rmino \u201cbrecha basal\u201d, originalmente introducido para las rocas de la estructura de impacto de Azuara (ver\u00a0<a href=\"http:\/\/estructuras-de-impacto.impact-structures.com\/?page_id=125\" target=\"_blank\">http:\/\/estructuras-de-impacto.impact-structures.com\/?page_id=125<\/a>), hace referencia a la circunstancia de que esta peculiar brecha se encuentra distribuida de un modo regular en la base del Terciario superior post-impacto (y post-Alp\u00eddico), no afectado por la tect\u00f3nica. La capa de brechas, con estratificaci\u00f3n horizontal y de m\u00e1s de 20 m de espesor, se halla sobreyaciendo en discordancia las rocas plegadas. En los contactos, en los que m\u00e1s o menos se entremezcla con \u00e9stas, no se observa ning\u00fan retrabajamiento o formaci\u00f3n de suelos. Las rocas del Paleozoico y del Mesozoico proporcionan los clastos angulosos (en ocasiones subredondeados) y los diminutos fragmentos que se hallan inmersos en una matriz carbonatada de excepcional cementaci\u00f3n y que a menudo exhibe una distintiva textura fluidal.<\/p>\n<p>Abundan los clastos que son a su vez brechas (brechas dentro de brechas). A menudo, los clastos de caliza y dolomia muestran una textura esquel\u00e9tica y vesicular, que a veces se extiende de modo que tan s\u00f3lo permanece el borde del clasto y el agujero restante contiene un polvo blanquecino residual. La decarbonataci\u00f3n por alta temperatura, la formaci\u00f3n de fundido carbonatado y la subsiguiente recombinaci\u00f3n son las causas m\u00e1s probables de este fen\u00f3meno. A partir de los an\u00e1lisis de fluorescencia de rayos X , de difracci\u00f3n de rayos X, y de secciones delgadas, Mayer (1991) infiri\u00f3 que hab\u00eda una fase amorfa de SiO<sub>2<\/sub>\u00a0(alrededor de un 10%) formando parte de la matriz.<\/p>\n<p>Se asume que esta fase se halla en forma de vidrio finamente disperso. En tan s\u00f3lo unos pocos casos, pueden observarse mediante el microscopio \u00f3ptico la existencia de part\u00edculas de vidrio en la brecha basal. M\u00e1s significativa es la abundante presencia de cuarzo diapl\u00e9ctico en la brecha basal (Mayer, 1991). La formaci\u00f3n de cuarzo diapl\u00e9ctico requiere presiones de choque mayores de 15 Gpa (= 150 kbar) (Bunch et al., 1968). Las estructuras de deformaci\u00f3n planar (PDFs) son raras, pero los conjuntos m\u00faltiples de fracturas planares (PFs, clivaje) en el cuarzo, el micromaclado en calcita y el fuerte desarrollo de bandas de deformaci\u00f3n en micas indican un metamorfismo de choque moderado. De acuerdo con la actual clasificaci\u00f3n y nomenclatura de las rocas de impacto (IUGS Subcomisi\u00f3n para la Sistem\u00e1tica de las Rocas Metamorficas, Grupo de Estudio para impactitas), esta brecha basal polim\u00edctica que contiene clastos chocados y fundido, se denomina suevita o brecha suev\u00edtica.<\/p>\n<p>Como en muchos casos la matriz de la brecha basal presenta una predominante composici\u00f3n carbonatada, una cristalizaci\u00f3n de la misma a partir de un fundido carbonatado ha de tenerse en consideraci\u00f3n. En este caso, y de acuerdo con la nomenclatura de la IUGS, la brecha basal deber\u00eda ser denominada como una roca de fundido de impacto. Una clara distinci\u00f3n, no obstante, es dif\u00edcil, y no deber\u00eda excluirse una coexistencia de matriz derivada de un fundido y de una acumulaci\u00f3n de material cl\u00e1stico.<\/p>\n<h3><img loading=\"lazy\" decoding=\"async\" src=\"http:\/\/www.impact-structures.com\/spain\/basal-suevite-breccia\/image002.gif\" alt=\"Image002\" width=\"302\" height=\"227\" \/><\/h3>\n<h3>Fig. 1.\u00a0Brecha basal que sobreyace, en discordancia (angular), las calizas del Jur\u00e1sico. Levantamiento central de la cadena de Rubielos de la C\u00e9rida, Sierra Palomera.<\/h3>\n<h3><\/h3>\n<h2>Rubielos de la C\u00e9rida<\/h2>\n<p>Una brecha, que presenta facies comparables y una id\u00e9ntica posici\u00f3n estratigr\u00e1fica, es muy abundante tambi\u00e9n en la cuenca de impacto de Rubielos de la C\u00e9rida. Se encuentra en el levantamiento central de la cadena, en las regiones del borde, y en aquellas zonas donde las rocas Mesozoicas emergen entre el Cenozoico y el Cuaternario. La extensa presencia de esta brecha suev\u00edtica basal, estratigr\u00e1ficamente expuesta de manera uniforme desde la parte norte de la estructura de Azuara a la parte sur de la cuenca de impacto elongada de Rubielos de la C\u00e9rida, a lo largo de una distancia de aproximadamente 120 Km, constituye una potente clave para el establecimiento de un impacto m\u00faltiple por la acci\u00f3n de un asteroide o cometa fragmentado (ver\u00a0<a href=\"http:\/\/www.estructuras-de-impacti.impact-structures.com\/Archiv\/archiv.html\" target=\"_blank\">http:\/\/www.estructuras-de-impacti.impact-structures.com\/Archiv\/archiv.html<\/a>\u00a0).<\/p>\n<p>Los ge\u00f3logos regionalistas que refutan el origen por impacto de Azuara y Rubielos de la C\u00e9rida (M. Aurell, E. D\u00edaz-Mart\u00ednez, A.L. Cort\u00e9s, y otros) consideran la brecha basal bien como un conglomerado, como sedimentos lacustres, o como calcreta (caliche). A trav\u00e9s de las im\u00e1genes mostradas debajo, los efectos de choque, y la deposici\u00f3n estratigr\u00e1fica uniforme a lo largo de 120 Km, el lector\/a puede decidir si esta de acuerdo (o no) con su interpretaci\u00f3n.<\/p>\n<p><strong>Afloramientos de la brecha basal suev\u00edtica<\/strong><\/p>\n<p><img loading=\"lazy\" decoding=\"async\" src=\"http:\/\/www.impact-structures.com\/spain\/basal-suevite-breccia\/image004.gif\" alt=\"Image004\" width=\"305\" height=\"230\" \/><\/p>\n<p>Fig. 2. Brecha basal suev\u00edtica en contacto brusco sobre la Fm Utrillas (Cret\u00e0cico). Cerca de Fuentes Calientes, en la regi\u00f3n este de la cuienca.<\/p>\n<p><img loading=\"lazy\" decoding=\"async\" src=\"http:\/\/www.impact-structures.com\/spain\/basal-suevite-breccia\/image006.gif\" alt=\"Image006\" width=\"304\" height=\"405\" \/><\/p>\n<p>Fig. 3. Contacto basal de la brecha sobre las areniscas de Utrillas; cerca de Fuentes Calientes.<\/p>\n<p><img loading=\"lazy\" decoding=\"async\" src=\"http:\/\/www.impact-structures.com\/spain\/basal-suevite-breccia\/image008.gif\" alt=\"Image008\" width=\"307\" height=\"408\" \/><\/p>\n<p>Fig. 4. Detalle de la brecha basal suev\u00edtica de las Figs. 2 y 3. Los clastos fuertemente corro\u00eddos reflejan la intensa decarbonatizaci\u00f3n y\/o la fusi\u00f3n del carbonato. La descomposici\u00f3n obviamente confinada al interior de los clastos no est\u00e1 completamente entendida, pero sugerimos dos posibilidades que no se excluyen entre si. Los clastos pertenec\u00edan a conglomerados del Terciario inferior del objetivo y experimentaron una concentraci\u00f3n del choque en su interior por reverberaci\u00f3n de las ondas de choque y magnificaci\u00f3n de sus efectos. La otra posibilidad es el calentamiento por choque de los cantos y un enfriamiento externo r\u00e1pido posterior a la eyecci\u00f3n, que \u00fanicamente permiti\u00f3 que el interior fuera decarbonatizado y fundido. Clastos con afectaciones similares por corrosi\u00f3n han sido frecuentemente observados en los dep\u00f3sitos de impacto de Azuara y Rubielos de la C\u00e9rida.<\/p>\n<p><img loading=\"lazy\" decoding=\"async\" src=\"http:\/\/www.impact-structures.com\/spain\/basal-suevite-breccia\/image010.gif\" alt=\"Image010\" width=\"302\" height=\"202\" \/><\/p>\n<p>Fig. 5.\u00a0Brecha basal que sobreyace en discordancia las calizas intensamente fracturadas del Muschelkalk. Regi\u00f3n sureste del borde, entre El Pobo y Corbal\u00e1n.<\/p>\n<p><img loading=\"lazy\" decoding=\"async\" src=\"http:\/\/www.impact-structures.com\/spain\/basal-suevite-breccia\/image012.gif\" alt=\"Image012\" width=\"302\" height=\"204\" \/><\/p>\n<p>Fig. 6.\u00a0Brecha basal que sobreyace las calizas megabrechificadas del Muschelkalk. Levantamiento central de la cadena, al noreste de Caud\u00e9.<\/p>\n<p><img loading=\"lazy\" decoding=\"async\" src=\"http:\/\/www.impact-structures.com\/spain\/basal-suevite-breccia\/image014.gif\" alt=\"Image014\" width=\"302\" height=\"204\" \/><\/p>\n<p>Fig. 7.\u00a0Detalle de la brecha basal.\u00a0Puede apreciarse grandes clastos que exhiben una distintiva textura fluidal. Levantamiento\u00a0central de la cadena, al noreste de Caud\u00e9.<\/p>\n<p>Levantamiento\u00a0central de la cadena, al noreste de Caud\u00e9.<\/p>\n<p><img loading=\"lazy\" decoding=\"async\" src=\"http:\/\/www.impact-structures.com\/spain\/basal-suevite-breccia\/image016.gif\" alt=\"Image016\" width=\"302\" height=\"227\" \/><\/p>\n<p>Fig. 8.\u00a0Generaciones de brechas en la brecha basal; ver debajo del martillo. Levantamiento central de la cadena, al noreste de Caud\u00e9.<\/p>\n<p><img loading=\"lazy\" decoding=\"async\" src=\"http:\/\/www.impact-structures.com\/spain\/basal-suevite-breccia\/image018.gif\" alt=\"Image018\" width=\"302\" height=\"227\" \/><\/p>\n<p>Fig. 9.\u00a0Bolsada de brechas en la brecha basal. Levantamiento central de la cadena, al noreste de Caud\u00e9.<\/p>\n<p>&nbsp;<\/p>\n<p><strong>Muestras cortadas de la brecha basal procedentes de diferentes localidades<\/strong><\/p>\n<p><img loading=\"lazy\" decoding=\"async\" src=\"http:\/\/www.impact-structures.com\/spain\/basal-suevite-breccia\/image020.gif\" alt=\"Image020\" width=\"302\" height=\"199\" \/><\/p>\n<p>Fig. 10.\u00a0Brecha basal procedente del sur del levantamiento central de la cadena, cerca de Celadas.<\/p>\n<p><img loading=\"lazy\" decoding=\"async\" src=\"http:\/\/www.impact-structures.com\/spain\/basal-suevite-breccia\/image022.gif\" alt=\"Image022\" width=\"302\" height=\"140\" \/><\/p>\n<p>Fig. 11.\u00a0Brecha basal procedente del levantamiento central de la cadena, cerca de Cama\u00f1as. Apr\u00e9ciese la textura de flujo y los clastos mayores ajustados al mismo. El color rojizo de algunos fragmentos calizos probablemente se deba a temperaturas elevadas.<\/p>\n<p><img loading=\"lazy\" decoding=\"async\" src=\"http:\/\/www.impact-structures.com\/spain\/basal-suevite-breccia\/image024.gif\" alt=\"Image024\" width=\"491\" height=\"435\" \/><\/p>\n<p>Fig. 12.Brecha basal procedente de la parte este de la cadena central de levantamientos entre Cama\u00f1as y Alfambra. De nuevo el color rojizo de algunos fragmentos de calizas sea probablemente el resultado de uan elevaci\u00f3n de la temperatura. Muestra cedida por cortes\u00eda de P. Bockstaller.<\/p>\n<p><img loading=\"lazy\" decoding=\"async\" src=\"http:\/\/www.impact-structures.com\/spain\/basal-suevite-breccia\/image026.gif\" alt=\"Image026\" width=\"302\" height=\"258\" \/><\/p>\n<p>Fig. 13.\u00a0Brecha basal procedente del levantamiento central de la cadena, al suroeste de Aguat\u00f3n. Obs\u00e9rvense los diquecillos de material de la matriz que cortan algunos clastos.<\/p>\n<p><img loading=\"lazy\" decoding=\"async\" src=\"http:\/\/www.impact-structures.com\/spain\/basal-suevite-breccia\/image028.gif\" alt=\"Image028\" width=\"302\" height=\"196\" \/><\/p>\n<p>Fig. 14.\u00a0Brecha basal procedente del levantamiento central de la cadena cerca de Celadas. El material blanquecino se interpreta como un relicto de fundido carbonatado.<\/p>\n<p><img loading=\"lazy\" decoding=\"async\" src=\"http:\/\/www.impact-structures.com\/spain\/basal-suevite-breccia\/image030.gif\" alt=\"Image030\" width=\"302\" height=\"166\" \/><\/p>\n<p>Fig. 15.\u00a0Brecha basal procedente de la parte oeste de la cuenca, al nor-noroeste de Villafranca del Campo. Puede apreciarse la textura de flujo y las m\u00faltiples generaciones de brechas. Con respecto al t\u00e9rmino \u201cbrecha\u201d, la presencia de clastos redondeados no debe confundirse. \u00c9sta es un fen\u00f3meno bien conocido en las brechas de impacto. Su causa puede ser debida a las rotaciones internas bajo intensa presi\u00f3n (\u201cconglomerizaci\u00f3n\u201d por impacto, ver<a href=\"http:\/\/estructuras-de-impacto.www.impact-structures.com\/france\/rouchechouart1.htm\">http:\/\/estructuras-de-impacto.www.impact-structures.com\/france\/rouchechouart1.htm<\/a>\u00a0) y\/o a la decarbonataci\u00f3n\/fusi\u00f3n de los m\u00e1rgenes de los fragmentos carbonatados.<\/p>\n<p><img loading=\"lazy\" decoding=\"async\" src=\"http:\/\/www.impact-structures.com\/spain\/basal-suevite-breccia\/image032.gif\" alt=\"Image032\" width=\"302\" height=\"246\" \/><\/p>\n<p>Figs. 16-19.\u00a0M\u00e1s brechas basales procedentes de la parte oeste de la cuenca, al nor-noroeste de Villafranca del Campo: una mezcla multicolor de fragmentos del Buntsandstein, del Muschelkalk, del Keuper ( \u00bf y del Jur\u00e1sico? ), junto con una significativa contribuci\u00f3n de material rojizo del Buntsandstein en la matriz.<\/p>\n<p><img loading=\"lazy\" decoding=\"async\" src=\"http:\/\/www.impact-structures.com\/spain\/basal-suevite-breccia\/image034.gif\" alt=\"Image034\" width=\"302\" height=\"223\" \/><\/p>\n<p>Fig. 17. Brecha basal rica en matriz.<\/p>\n<p><img loading=\"lazy\" decoding=\"async\" src=\"http:\/\/www.impact-structures.com\/spain\/basal-suevite-breccia\/image036.gif\" alt=\"Image036\" width=\"302\" height=\"189\" \/><\/p>\n<p>Fig. 18. Apr\u00e9ciese el clasto vesicular de caliza, intensamente corro\u00eddo, que probablemente se origin\u00f3 por un fuerte calentamiento.<\/p>\n<p><img loading=\"lazy\" decoding=\"async\" src=\"http:\/\/www.impact-structures.com\/spain\/basal-suevite-breccia\/image038.gif\" alt=\"Image038\" width=\"302\" height=\"144\" \/><\/p>\n<p>Fig. 19. Textura fluidal distintiva en la brecha basal.<\/p>\n<p><img loading=\"lazy\" decoding=\"async\" src=\"http:\/\/www.impact-structures.com\/spain\/basal-suevite-breccia\/image040.gif\" alt=\"Image040\" width=\"302\" height=\"141\" \/><\/p>\n<p>Fig. 20.\u00a0Brecha basal procedente de la parte este de la cuenca, entre Visiedo y Perales de Alfambra.<\/p>\n<p><img loading=\"lazy\" decoding=\"async\" src=\"http:\/\/www.impact-structures.com\/spain\/basal-suevite-breccia\/image042.gif\" alt=\"Image042\" width=\"302\" height=\"250\" \/><\/p>\n<p>Fig. 21.\u00a0Brecha basal procedente de la parte suroeste del levantamiento central de la cadena, entre Villarquemado y Celadas<\/p>\n<p><img loading=\"lazy\" decoding=\"async\" src=\"http:\/\/www.impact-structures.com\/spain\/basal-suevite-breccia\/image044.gif\" alt=\"Image044\" width=\"302\" height=\"227\" \/><\/p>\n<p>Fig. 22.\u00a0Brecha basal procedente de la regi\u00f3n sureste del borde, al sur del Pobo. A la derecha de la moneda puede apreciarse una brecha dentro de brecha.<\/p>\n<p><img loading=\"lazy\" decoding=\"async\" src=\"http:\/\/www.impact-structures.com\/spain\/basal-suevite-breccia\/image046.gif\" alt=\"Image046\" width=\"302\" height=\"238\" \/><\/p>\n<p>Fig. 23.\u00a0Otra brecha basal procedente de la zona sur del borde, al suroeste de El Pobo. Pueden apreciarse pocos clastos del Buntsandstein y del Muschelkalk inmersos en una matriz en la que existe una gran contribuci\u00f3n de material del Buntsandstein.<\/p>\n<p><img loading=\"lazy\" decoding=\"async\" src=\"http:\/\/www.impact-structures.com\/spain\/basal-suevite-breccia\/image048.gif\" alt=\"Image048\" width=\"302\" height=\"174\" \/><\/p>\n<p>Fig. 24.\u00a0Brecha basal procedente de la parte sur del Borde, al suroeste de El Pobo. Exhibe predominantemente componentes del Buntsandstein. Pueden apreciarse los diquecillos de (?) fundido carbonatado primigenio que cortan el clasto de arenisca de mayor tama\u00f1o (debajo: detalle de lo expuesto).<\/p>\n<p><img loading=\"lazy\" decoding=\"async\" src=\"http:\/\/www.impact-structures.com\/spain\/basal-suevite-breccia\/image050.gif\" alt=\"Image050\" width=\"302\" height=\"217\" \/><\/p>\n<p>Fig. 25. Detalle de la muestra de la Fig. 24. Puede observarse una textura de flujo dentro de flujo (generaciones de textura fluidal) dentro de los diquecillos.<\/p>\n","protected":false},"excerpt":{"rendered":"<p>Brecha Basal Suev\u00edtica en la cuenca de impacto de Rubielos de la C\u00e9rida El t\u00e9rmino \u201cbrecha basal\u201d, originalmente introducido para las rocas de la estructura de impacto de Azuara (ver\u00a0http:\/\/estructuras-de-impacto.impact-structures.com\/?page_id=125), hace referencia a la circunstancia de que esta peculiar brecha se encuentra distribuida de un modo regular en la base del Terciario superior post-impacto (y &hellip; <a href=\"http:\/\/estructuras-de-impacto.impact-structures.com\/?page_id=1420\" class=\"more-link\">Continuar leyendo<span class=\"screen-reader-text\"> \u00abBrecha basal suev\u00edtica\u00bb<\/span><\/a><\/p>\n","protected":false},"author":1,"featured_media":0,"parent":1417,"menu_order":0,"comment_status":"closed","ping_status":"closed","template":"sidebar-page.php","meta":{"footnotes":""},"class_list":["post-1420","page","type-page","status-publish","hentry"],"yoast_head":"<!-- This site is optimized with the Yoast SEO plugin v27.3 - https:\/\/yoast.com\/product\/yoast-seo-wordpress\/ -->\n<title>Brecha basal suev\u00edtica - ERNSTSON CLAUDIN ESTRUCTURAS DE IMPACTO - CR\u00c1TERES METEOR\u00cdTICOS<\/title>\n<meta name=\"robots\" content=\"index, follow, max-snippet:-1, max-image-preview:large, max-video-preview:-1\" \/>\n<link rel=\"canonical\" href=\"https:\/\/estructuras-de-impacto.impact-structures.com\/?page_id=1420\" \/>\n<meta property=\"og:locale\" content=\"es_ES\" \/>\n<meta property=\"og:type\" content=\"article\" \/>\n<meta property=\"og:title\" content=\"Brecha basal suev\u00edtica - ERNSTSON CLAUDIN ESTRUCTURAS DE IMPACTO - CR\u00c1TERES METEOR\u00cdTICOS\" \/>\n<meta property=\"og:description\" content=\"Brecha Basal Suev\u00edtica en la cuenca de impacto de Rubielos de la C\u00e9rida El t\u00e9rmino \u201cbrecha basal\u201d, originalmente introducido para las rocas de la estructura de impacto de Azuara (ver\u00a0http:\/\/estructuras-de-impacto.impact-structures.com\/?page_id=125), hace referencia a la circunstancia de que esta peculiar brecha se encuentra distribuida de un modo regular en la base del Terciario superior post-impacto (y &hellip; Continuar leyendo &quot;Brecha basal suev\u00edtica&quot;\" \/>\n<meta property=\"og:url\" content=\"https:\/\/estructuras-de-impacto.impact-structures.com\/?page_id=1420\" \/>\n<meta property=\"og:site_name\" content=\"ERNSTSON CLAUDIN ESTRUCTURAS DE IMPACTO - CR\u00c1TERES METEOR\u00cdTICOS\" \/>\n<meta property=\"article:modified_time\" content=\"2012-05-26T09:57:50+00:00\" \/>\n<meta property=\"og:image\" content=\"http:\/\/www.impact-structures.com\/spain\/basal-suevite-breccia\/image002.gif\" \/>\n<meta name=\"twitter:card\" content=\"summary_large_image\" \/>\n<meta name=\"twitter:label1\" content=\"Tiempo de lectura\" \/>\n\t<meta name=\"twitter:data1\" content=\"8 minutos\" \/>\n<script type=\"application\/ld+json\" class=\"yoast-schema-graph\">{\"@context\":\"https:\\\/\\\/schema.org\",\"@graph\":[{\"@type\":\"WebPage\",\"@id\":\"https:\\\/\\\/estructuras-de-impacto.impact-structures.com\\\/?page_id=1420\",\"url\":\"https:\\\/\\\/estructuras-de-impacto.impact-structures.com\\\/?page_id=1420\",\"name\":\"Brecha basal suev\u00edtica - ERNSTSON CLAUDIN ESTRUCTURAS DE IMPACTO - CR\u00c1TERES METEOR\u00cdTICOS\",\"isPartOf\":{\"@id\":\"http:\\\/\\\/estructuras-de-impacto.impact-structures.com\\\/#website\"},\"primaryImageOfPage\":{\"@id\":\"https:\\\/\\\/estructuras-de-impacto.impact-structures.com\\\/?page_id=1420#primaryimage\"},\"image\":{\"@id\":\"https:\\\/\\\/estructuras-de-impacto.impact-structures.com\\\/?page_id=1420#primaryimage\"},\"thumbnailUrl\":\"http:\\\/\\\/www.impact-structures.com\\\/spain\\\/basal-suevite-breccia\\\/image002.gif\",\"datePublished\":\"2011-12-03T13:21:17+00:00\",\"dateModified\":\"2012-05-26T09:57:50+00:00\",\"breadcrumb\":{\"@id\":\"https:\\\/\\\/estructuras-de-impacto.impact-structures.com\\\/?page_id=1420#breadcrumb\"},\"inLanguage\":\"es\",\"potentialAction\":[{\"@type\":\"ReadAction\",\"target\":[\"https:\\\/\\\/estructuras-de-impacto.impact-structures.com\\\/?page_id=1420\"]}]},{\"@type\":\"ImageObject\",\"inLanguage\":\"es\",\"@id\":\"https:\\\/\\\/estructuras-de-impacto.impact-structures.com\\\/?page_id=1420#primaryimage\",\"url\":\"http:\\\/\\\/www.impact-structures.com\\\/spain\\\/basal-suevite-breccia\\\/image002.gif\",\"contentUrl\":\"http:\\\/\\\/www.impact-structures.com\\\/spain\\\/basal-suevite-breccia\\\/image002.gif\"},{\"@type\":\"BreadcrumbList\",\"@id\":\"https:\\\/\\\/estructuras-de-impacto.impact-structures.com\\\/?page_id=1420#breadcrumb\",\"itemListElement\":[{\"@type\":\"ListItem\",\"position\":1,\"name\":\"Portada\",\"item\":\"http:\\\/\\\/estructuras-de-impacto.impact-structures.com\\\/\"},{\"@type\":\"ListItem\",\"position\":2,\"name\":\"Las estructuras de impacto en Espa\u00f1a\",\"item\":\"http:\\\/\\\/estructuras-de-impacto.impact-structures.com\\\/?page_id=1404\"},{\"@type\":\"ListItem\",\"position\":3,\"name\":\"La cuenca de impacto de Rubielos de la C\u00e9rida\",\"item\":\"http:\\\/\\\/estructuras-de-impacto.impact-structures.com\\\/?page_id=1417\"},{\"@type\":\"ListItem\",\"position\":4,\"name\":\"Brecha basal suev\u00edtica\"}]},{\"@type\":\"WebSite\",\"@id\":\"http:\\\/\\\/estructuras-de-impacto.impact-structures.com\\\/#website\",\"url\":\"http:\\\/\\\/estructuras-de-impacto.impact-structures.com\\\/\",\"name\":\"ERNSTSON CLAUDIN ESTRUCTURAS DE IMPACTO - CR\u00c1TERES METEOR\u00cdTICOS\",\"description\":\"Investigaci\u00f3n sobre la geolog\u00eda, geof\u00edsica, y petrolog\u00eda\",\"potentialAction\":[{\"@type\":\"SearchAction\",\"target\":{\"@type\":\"EntryPoint\",\"urlTemplate\":\"http:\\\/\\\/estructuras-de-impacto.impact-structures.com\\\/?s={search_term_string}\"},\"query-input\":{\"@type\":\"PropertyValueSpecification\",\"valueRequired\":true,\"valueName\":\"search_term_string\"}}],\"inLanguage\":\"es\"}]}<\/script>\n<!-- \/ Yoast SEO plugin. -->","yoast_head_json":{"title":"Brecha basal suev\u00edtica - ERNSTSON CLAUDIN ESTRUCTURAS DE IMPACTO - CR\u00c1TERES METEOR\u00cdTICOS","robots":{"index":"index","follow":"follow","max-snippet":"max-snippet:-1","max-image-preview":"max-image-preview:large","max-video-preview":"max-video-preview:-1"},"canonical":"https:\/\/estructuras-de-impacto.impact-structures.com\/?page_id=1420","og_locale":"es_ES","og_type":"article","og_title":"Brecha basal suev\u00edtica - ERNSTSON CLAUDIN ESTRUCTURAS DE IMPACTO - CR\u00c1TERES METEOR\u00cdTICOS","og_description":"Brecha Basal Suev\u00edtica en la cuenca de impacto de Rubielos de la C\u00e9rida El t\u00e9rmino \u201cbrecha basal\u201d, originalmente introducido para las rocas de la estructura de impacto de Azuara (ver\u00a0http:\/\/estructuras-de-impacto.impact-structures.com\/?page_id=125), hace referencia a la circunstancia de que esta peculiar brecha se encuentra distribuida de un modo regular en la base del Terciario superior post-impacto (y &hellip; Continuar leyendo \"Brecha basal suev\u00edtica\"","og_url":"https:\/\/estructuras-de-impacto.impact-structures.com\/?page_id=1420","og_site_name":"ERNSTSON CLAUDIN ESTRUCTURAS DE IMPACTO - CR\u00c1TERES METEOR\u00cdTICOS","article_modified_time":"2012-05-26T09:57:50+00:00","og_image":[{"url":"http:\/\/www.impact-structures.com\/spain\/basal-suevite-breccia\/image002.gif","type":"","width":"","height":""}],"twitter_card":"summary_large_image","twitter_misc":{"Tiempo de lectura":"8 minutos"},"schema":{"@context":"https:\/\/schema.org","@graph":[{"@type":"WebPage","@id":"https:\/\/estructuras-de-impacto.impact-structures.com\/?page_id=1420","url":"https:\/\/estructuras-de-impacto.impact-structures.com\/?page_id=1420","name":"Brecha basal suev\u00edtica - ERNSTSON CLAUDIN ESTRUCTURAS DE IMPACTO - CR\u00c1TERES METEOR\u00cdTICOS","isPartOf":{"@id":"http:\/\/estructuras-de-impacto.impact-structures.com\/#website"},"primaryImageOfPage":{"@id":"https:\/\/estructuras-de-impacto.impact-structures.com\/?page_id=1420#primaryimage"},"image":{"@id":"https:\/\/estructuras-de-impacto.impact-structures.com\/?page_id=1420#primaryimage"},"thumbnailUrl":"http:\/\/www.impact-structures.com\/spain\/basal-suevite-breccia\/image002.gif","datePublished":"2011-12-03T13:21:17+00:00","dateModified":"2012-05-26T09:57:50+00:00","breadcrumb":{"@id":"https:\/\/estructuras-de-impacto.impact-structures.com\/?page_id=1420#breadcrumb"},"inLanguage":"es","potentialAction":[{"@type":"ReadAction","target":["https:\/\/estructuras-de-impacto.impact-structures.com\/?page_id=1420"]}]},{"@type":"ImageObject","inLanguage":"es","@id":"https:\/\/estructuras-de-impacto.impact-structures.com\/?page_id=1420#primaryimage","url":"http:\/\/www.impact-structures.com\/spain\/basal-suevite-breccia\/image002.gif","contentUrl":"http:\/\/www.impact-structures.com\/spain\/basal-suevite-breccia\/image002.gif"},{"@type":"BreadcrumbList","@id":"https:\/\/estructuras-de-impacto.impact-structures.com\/?page_id=1420#breadcrumb","itemListElement":[{"@type":"ListItem","position":1,"name":"Portada","item":"http:\/\/estructuras-de-impacto.impact-structures.com\/"},{"@type":"ListItem","position":2,"name":"Las estructuras de impacto en Espa\u00f1a","item":"http:\/\/estructuras-de-impacto.impact-structures.com\/?page_id=1404"},{"@type":"ListItem","position":3,"name":"La cuenca de impacto de Rubielos de la C\u00e9rida","item":"http:\/\/estructuras-de-impacto.impact-structures.com\/?page_id=1417"},{"@type":"ListItem","position":4,"name":"Brecha basal suev\u00edtica"}]},{"@type":"WebSite","@id":"http:\/\/estructuras-de-impacto.impact-structures.com\/#website","url":"http:\/\/estructuras-de-impacto.impact-structures.com\/","name":"ERNSTSON CLAUDIN ESTRUCTURAS DE IMPACTO - CR\u00c1TERES METEOR\u00cdTICOS","description":"Investigaci\u00f3n sobre la geolog\u00eda, geof\u00edsica, y petrolog\u00eda","potentialAction":[{"@type":"SearchAction","target":{"@type":"EntryPoint","urlTemplate":"http:\/\/estructuras-de-impacto.impact-structures.com\/?s={search_term_string}"},"query-input":{"@type":"PropertyValueSpecification","valueRequired":true,"valueName":"search_term_string"}}],"inLanguage":"es"}]}},"_links":{"self":[{"href":"http:\/\/estructuras-de-impacto.impact-structures.com\/index.php?rest_route=\/wp\/v2\/pages\/1420","targetHints":{"allow":["GET"]}}],"collection":[{"href":"http:\/\/estructuras-de-impacto.impact-structures.com\/index.php?rest_route=\/wp\/v2\/pages"}],"about":[{"href":"http:\/\/estructuras-de-impacto.impact-structures.com\/index.php?rest_route=\/wp\/v2\/types\/page"}],"author":[{"embeddable":true,"href":"http:\/\/estructuras-de-impacto.impact-structures.com\/index.php?rest_route=\/wp\/v2\/users\/1"}],"replies":[{"embeddable":true,"href":"http:\/\/estructuras-de-impacto.impact-structures.com\/index.php?rest_route=%2Fwp%2Fv2%2Fcomments&post=1420"}],"version-history":[{"count":0,"href":"http:\/\/estructuras-de-impacto.impact-structures.com\/index.php?rest_route=\/wp\/v2\/pages\/1420\/revisions"}],"up":[{"embeddable":true,"href":"http:\/\/estructuras-de-impacto.impact-structures.com\/index.php?rest_route=\/wp\/v2\/pages\/1417"}],"wp:attachment":[{"href":"http:\/\/estructuras-de-impacto.impact-structures.com\/index.php?rest_route=%2Fwp%2Fv2%2Fmedia&parent=1420"}],"curies":[{"name":"wp","href":"https:\/\/api.w.org\/{rel}","templated":true}]}}