{"id":1402,"date":"2011-12-01T13:27:29","date_gmt":"2011-12-01T13:27:29","guid":{"rendered":"http:\/\/cms.impact-structures.com\/?page_id=15"},"modified":"2020-01-29T12:28:25","modified_gmt":"2020-01-29T12:28:25","slug":"impact-ejecta-page","status":"publish","type":"page","link":"http:\/\/estructuras-de-impacto.impact-structures.com\/?page_id=1402","title":{"rendered":"Eyecta de impacto"},"content":{"rendered":"<p><strong>Los t\u00e9rminos escritos en <em>it\u00e1lica<\/em> est\u00e1n generalmente explicados en el <a href=\"http:\/\/estructuras-de-impacto.impact-structures.com\/?page_id=626\" target=\"_blank\" rel=\"noopener noreferrer\">glosario<\/a> de nuestra web.<\/strong><\/p>\n<p>Los eyecta de impacto constituyen un grupo especial de sedimentos que comprenden aquellos materiales que son expulsados del cr\u00e1ter de impacto durante el <em>estadio de excavaci\u00f3n <\/em>y que son depositados a su alrededor. Los eyecta de impacto son por lo general extremadamente heterog\u00e9neos debido a las condiciones del objetivo (p.e., continental o marino), la litoestratigraf\u00eda del objetivo (de naturaleza cristalina, sedimentaria o mixta), los complejos procesos de excavaci\u00f3n (incluyendo, p.e., la hipot\u00e9tica eyecci\u00f3n de las <em>placas de espalaci\u00f3n<\/em> superficiales, el hipot\u00e9tico chorro que da lugar a la formaci\u00f3n de las tectitas\u2026), y el complejo aterrizaje de los eyecta y los procesos de emplazamiento. \u00c9ste \u00faltimo incluye la craterizaci\u00f3n secundaria y la mezcla con material local; los modelos por ordenador sugieren que en los cr\u00e1teres de gran tama\u00f1o los eyectas excavados pueden incluso mezclarse con el material colapsado durante el estadio de modificaci\u00f3n de la craterizaci\u00f3n por impacto.<\/p>\n<p>Globalmente, los eyecta de impacto se subdividen en <em>eyectas proximales<\/em> y distales, y es f\u00e1cilmente comprensible que el tama\u00f1o de los clastos eyectados decrece en conjunto a medida que aumenta la distancia de deposici\u00f3n. Mientras el tama\u00f1o de los clastos de eyectas proximales pueda alcanzar tama\u00f1os del orden de kil\u00f3metros, el eyecta distal microsc\u00f3pico puede en los grandes impactos extenderse a lo largo del mundo (p.e., en el l\u00edmite K\/T del <em>impacto de Chicxulub<\/em>)<\/p>\n<p>Aunque el espesor del eyecta de impacto proximal (por definici\u00f3n, el expuesto a una distancia menor a 5 veces el radio del cr\u00e1ter desde el punto de impacto) puede ser considerable (algunos cientos de metros, p.e., en la estructura de impacto de Azuara del terciario medio (Espa\u00f1a), la <em>Fm. Pelarda<\/em>), los eyecta de impacto en contraste con la Luna y otros planetas son raros en la Tierra b\u00e1sicamente como resultado de su r\u00e1pida erosi\u00f3n.<\/p>\n<p>En algunos casos, el eyecta proximal puede ser bien descrito como diamictitas y brechas que incluyen megabrechas (p.e. las megabrechas del Alamo y de Azuara) y m\u00faltiples generaciones de brechas (brechas dentro de brechas). El car\u00e1cter diam\u00edctico de de algunos eyectas de impacto ha servido para establecer la hip\u00f3tesis (p.e., Rampino M.R.: Tillites, diamictites, and ballistic ejecta of large impacts. \u2013 J. Geology, 120, 439-456, 1994) de que algunos dep\u00f3sitos glaciog\u00e9nicos de tillitas pueden de hecho haberse originado a partir de grandes impactos (la paradoja de la edad de hielo). Esta hip\u00f3tesis no est\u00e1 soportada hasta el presente por pruebas convincentes.<\/p>\n<p>El eyecta de impacto puede ser claramente identificado por por la presencia de <em>rocas de fundido de impacto<\/em>, de vidrio, de <em>brechas suev\u00edticas<\/em>, por deformaciones caracter\u00edsticas de alta presi\u00f3n en un corto espacio de tiempo, y por la presencia de <em>efectos de metamorfismo de choque <\/em>y efectos de choque macrosc\u00f3picos tales como los <em>conos astillados<\/em>. El eyecta distal puede mostrar texturas esferul\u00edticas. En dep\u00f3sitos antiguos de eyectas, la huella del impacto puede estar enmascarada por la meteorizaci\u00f3n y diversos procesos metam\u00f3rficos.<\/p>\n<p><img loading=\"lazy\" decoding=\"async\" src=\"http:\/\/www.impact-structures.com\/Impactejecta\/image002.gif\" alt=\"Image002\" width=\"345\" height=\"259\" \/><\/p>\n<p><span style=\"color: #ff0000;\"><span style=\"color: #000000;\">Figs.1 &#8211; 4.\u00a0 Diversos aspectos del eyecta de impacto (eyecta de la brecha Bunte) de Ries (N\u00f6rdlinger Ries) sobreyaciendo calizas aut\u00f3ctonas del Jur\u00e1sico. En el eyecta de la brecha de Bunte del cr\u00e1ter de Ries, los componentes que estaban separados por centenares de metros en el objetivo aparecen ahora en estrecho contacto. Esto es debido a las trayectorias de eyecci\u00f3n en el complejo campo de flujo de excavaci\u00f3n.<\/span><\/span><br \/>\n<span style=\"color: #000000;\">Fig. 1.\u00a0Cantera de Gundelsheim (aproximadamente a unos 20 Km del centro del cr\u00e1ter).<\/span><\/p>\n<p><span style=\"color: #000000;\"><span style=\"color: #ff0000;\">\u00a0<\/span><img loading=\"lazy\" decoding=\"async\" src=\"http:\/\/www.impact-structures.com\/Impactejecta\/image004.gif\" alt=\"Image004\" width=\"345\" height=\"259\" \/><\/span><\/p>\n<p><span style=\"color: #000000;\">Fig.2.\u00a0 Cantera de Gundelsheim (situada aproximadamente a unos 20 Km del centro del cr\u00e1ter).<\/span><\/p>\n<p><img loading=\"lazy\" decoding=\"async\" src=\"http:\/\/www.impact-structures.com\/Impactejecta\/image006.gif\" alt=\"Image006\" width=\"344\" height=\"259\" \/><\/p>\n<p><span style=\"color: #000000;\">Fig. 3.\u00a0Cantera de Ronheim (ubicada a unos 14 Km del centro del cr\u00e1ter).\u00a0<\/span><\/p>\n<p><img loading=\"lazy\" decoding=\"async\" src=\"http:\/\/www.impact-structures.com\/Impactejecta\/image008.gif\" alt=\"Image008\" width=\"340\" height=\"257\" \/><\/p>\n<p><span style=\"color: #000000;\">Fig. 4.\u00a0Cantera de Ronheim (sita a unos 14 Km del centro del cr\u00e1ter).<\/span><\/p>\n<p><img loading=\"lazy\" decoding=\"async\" src=\"http:\/\/www.impact-structures.com\/Impactejecta\/image010.gif\" alt=\"Image010\" width=\"336\" height=\"447\" \/><\/p>\n<p><span style=\"color: #000000;\">Fig. 5, 6.\u00a0Eyecta del crater de Ries en la cantera de Aum\u00fchle (ubicada a unos 12 Km del centro del cr\u00e1ter) que comprende suevita (de color gris\u00e1ceo) y sedimentos multicolres del Tri\u00e1sico y Jur\u00e1sico. La suevita rica en vidrio e intensamente chocada fue depositada despu\u00e9s del emplazamiento de los eyecta Mesozoicos.<\/span><\/p>\n<p><img loading=\"lazy\" decoding=\"async\" src=\"http:\/\/www.impact-structures.com\/Impactejecta\/image012.gif\" alt=\"Image012\" width=\"332\" height=\"282\" \/><\/p>\n<p><span style=\"color: #000000;\">Fig. 6.\u00a0Eyecta del cr\u00e1ter de Ries en la cantera de Aum\u00fchle.<\/span><\/p>\n<p><img loading=\"lazy\" decoding=\"async\" src=\"http:\/\/www.impact-structures.com\/Impactejecta\/image014.gif\" alt=\"Image014\" width=\"332\" height=\"250\" \/><\/p>\n<p><span style=\"color: #000000;\">Fig. 7.\u00a0Cr\u00e1ter de impacto de Ries: megabloque dislocado del malm que forma parte del manto de eyecta. Cantera de Iggenhausen, sita a unos 12 Km del borde del cr\u00e1ter. Aunque la caliza esta fracturada y totalmente brechificada a tama\u00f1o arena, el megabloque de un tama\u00f1o del orden de unos pocos centenares de metros ha permanecido coherente a pesar de sufrir un transporte de al menos 12Km. Para los primeros ge\u00f3logos, en esta \u00e9poca partidarios del origen volc\u00e1nico de Ries, estos desplazamientos enormes de megabloques constitu\u00edan un problema.<\/span><\/p>\n<p><img loading=\"lazy\" decoding=\"async\" src=\"http:\/\/www.impact-structures.com\/Impactejecta\/image016.gif\" alt=\"Image016\" width=\"332\" height=\"249\" \/><\/p>\n<p><span style=\"color: #000000;\">Fig. 8.\u00a0Eyecta de impacto de Rubielos de la C\u00e9rida (Espa\u00f1a) que erosiona sedimentos aut\u00f3ctonos del Cret\u00e1cico bien estratificados cerca de Escucha. El emplazamiento de los eyecta puede ser tan erosivo como se nos muestra en la imagen.<\/span><\/p>\n<p><img loading=\"lazy\" decoding=\"async\" src=\"http:\/\/www.impact-structures.com\/Impactejecta\/image018.gif\" alt=\"Image018\" width=\"332\" height=\"221\" \/><\/p>\n<p><span style=\"color: #ff0000;\"><span style=\"color: #000000;\">Figs. 9 &#8211; 12.\u00a0 Eyectas de impacto de Azuara y Rubielos de la C\u00e9rida mostrando facies t\u00edpicamente diam\u00edcticas.<\/span><br \/>\n<\/span><br \/>\n<span style=\"color: #000000;\">Fig. 9.\u00a0Eyecta de Puerto Minguez, Rubielos de la C\u00e9rida.<\/span><\/p>\n<p><img loading=\"lazy\" decoding=\"async\" src=\"http:\/\/www.impact-structures.com\/Impactejecta\/image020.gif\" alt=\"Image020\" width=\"328\" height=\"212\" \/><\/p>\n<p><span style=\"color: #000000;\">Fig. 10.\u00a0Eyecta de Puerto Minguez, Rubielos de la C\u00e9rida.<\/span><\/p>\n<p><img loading=\"lazy\" decoding=\"async\" src=\"http:\/\/www.impact-structures.com\/Impactejecta\/image022.gif\" alt=\"Image022\" width=\"332\" height=\"208\" \/><\/p>\n<p><span style=\"color: #000000;\">Fig. 11.\u00a0Eyecta de Puerto Minguez, Rubielos de la C\u00e9rida.<\/span><\/p>\n<p><img loading=\"lazy\" decoding=\"async\" src=\"http:\/\/www.impact-structures.com\/Impactejecta\/image024.gif\" alt=\"Image024\" width=\"332\" height=\"203\" \/><\/p>\n<p><span style=\"color: #000000;\">Fig. 12.\u00a0 Eyecta de la Formaci\u00f3n Pelarda, Azuara.<\/span><\/p>\n<p>Los eyecta de impacto espa\u00f1oles mostrados aqu\u00ed en los afloramientos t\u00edpicos demuestran que algunos ge\u00f3logos simplemente se desesperan cuando se enfrentan con estos sedimentos. En los mapas oficiales los eyecta de Puerto Minguez se describen en general como conglomerados. Los ge\u00f3logos de la Universidad de Zaragoza ahora como antes los consideran como dep\u00f3sitos fluviales, e incluso sediment\u00f3logos esperimentados han clasificado los eyecta de impacto espa\u00f1oles como conglomerados (J. Smit, 2000, comunicaci\u00f3n escrita).<\/p>\n<p>Las estructuras de impacto con sus eyecta proximales bien preservados son citadas a continuaci\u00f3n junto a unos pocos enlaces:<\/p>\n<h1><strong><a href=\"http:\/\/www.impact-structures.com\/impact-germany\/the-ries-impact-structure-germany\/\">Ries<\/a><\/strong><\/h1>\n<p><strong>Chicxulub<\/strong> <a href=\"http:\/\/adsabs.harvard.edu\/abs\/2003EAEJA.....6925O\">http:\/\/adsabs.harvard.edu\/abs\/2003EAEJA&#8230;..6925O<\/a><\/p>\n<p><strong>Boltysh<\/strong> <a href=\"http:\/\/www.lpi.usra.edu\/meetings\/impact2000\/pdf\/3042.pdf\">http:\/\/www.lpi.usra.edu\/meetings\/impact2000\/pdf\/3042.pdf<\/a><\/p>\n<p><strong>Azuara\u00a0<a href=\"http:\/\/estructuras-de-impacto.impact-structures.com\/?page_id=137\" target=\"_blank\" rel=\"noopener noreferrer\">http:\/\/estructuras-de-impacto.impact-structures.com\/?page_id=137<\/a><\/strong><\/p>\n<p><strong>Rubielos de la C\u00e9rida<\/strong> <a href=\"http:\/\/estructuras-de-impacto.impact-structures.com\/?page_id=1427\">http:\/\/estructuras-de-impacto.impact-structures.com\/?page_id=1427<\/a>\u00a0\u00a0y\u00a0<a href=\"http:\/\/estructuras-de-impacto.impact-structures.com\/?page_id=1428\">http:\/\/estructuras-de-impacto.impact-structures.com\/?page_id=1428<\/a><\/p>\n<p><strong>Haughton<\/strong>\u00a0<a href=\"http:\/\/www.lpi.usra.edu\/meetings\/lpsc2008\/pdf\/1579.pdf\">http:\/\/www.lpi.usra.edu\/meetings\/lpsc2008\/pdf\/1579.pdf<\/a><\/p>\n<h1><strong>T\u00fcttensee, Chiemgau impact<\/strong> <a href=\"http:\/\/www.chiemgau-impact.com\/artikel2.pdf\">http:\/\/www.chiemgau-impact.com\/artikel2.pdf<\/a><\/h1>\n<p>La p\u00e1gina de eyecta de impacto es provisional y ser\u00e1 por lo tanto considerablemente aumentada.<\/p>\n","protected":false},"excerpt":{"rendered":"<p>Los t\u00e9rminos escritos en it\u00e1lica est\u00e1n generalmente explicados en el glosario de nuestra web. Los eyecta de impacto constituyen un grupo especial de sedimentos que comprenden aquellos materiales que son expulsados del cr\u00e1ter de impacto durante el estadio de excavaci\u00f3n y que son depositados a su alrededor. Los eyecta de impacto son por lo general &hellip; <a href=\"http:\/\/estructuras-de-impacto.impact-structures.com\/?page_id=1402\" class=\"more-link\">Continuar leyendo<span class=\"screen-reader-text\"> \u00abEyecta de impacto\u00bb<\/span><\/a><\/p>\n","protected":false},"author":1,"featured_media":0,"parent":0,"menu_order":6,"comment_status":"closed","ping_status":"closed","template":"","meta":{"footnotes":""},"class_list":["post-1402","page","type-page","status-publish","hentry"],"yoast_head":"<!-- This site is optimized with the Yoast SEO plugin v27.3 - https:\/\/yoast.com\/product\/yoast-seo-wordpress\/ -->\n<title>Eyecta de impacto - ERNSTSON CLAUDIN ESTRUCTURAS DE IMPACTO - CR\u00c1TERES METEOR\u00cdTICOS<\/title>\n<meta name=\"description\" content=\"Eyecta de impacto - cr\u00e1ter de Ries - Formaci\u00f3n Pelarda estructura de impacto de Azuara - eyecta de Puerto M\u00ednguez Rubielos de la C\u00e9rida\" \/>\n<meta name=\"robots\" content=\"index, follow, max-snippet:-1, max-image-preview:large, max-video-preview:-1\" \/>\n<link rel=\"canonical\" href=\"https:\/\/estructuras-de-impacto.impact-structures.com\/?page_id=1402\" \/>\n<meta property=\"og:locale\" content=\"es_ES\" \/>\n<meta property=\"og:type\" content=\"article\" \/>\n<meta property=\"og:title\" content=\"Eyecta de impacto - ERNSTSON CLAUDIN ESTRUCTURAS DE IMPACTO - CR\u00c1TERES METEOR\u00cdTICOS\" \/>\n<meta property=\"og:description\" content=\"Eyecta de impacto - cr\u00e1ter de Ries - Formaci\u00f3n Pelarda estructura de impacto de Azuara - eyecta de Puerto M\u00ednguez Rubielos de la C\u00e9rida\" \/>\n<meta property=\"og:url\" content=\"https:\/\/estructuras-de-impacto.impact-structures.com\/?page_id=1402\" \/>\n<meta property=\"og:site_name\" content=\"ERNSTSON CLAUDIN ESTRUCTURAS DE IMPACTO - CR\u00c1TERES METEOR\u00cdTICOS\" \/>\n<meta property=\"article:modified_time\" content=\"2020-01-29T12:28:25+00:00\" \/>\n<meta property=\"og:image\" content=\"http:\/\/www.impact-structures.com\/Impactejecta\/image002.gif\" \/>\n<meta name=\"twitter:card\" content=\"summary_large_image\" \/>\n<meta name=\"twitter:label1\" content=\"Tiempo de lectura\" \/>\n\t<meta name=\"twitter:data1\" content=\"6 minutos\" \/>\n<script type=\"application\/ld+json\" class=\"yoast-schema-graph\">{\"@context\":\"https:\\\/\\\/schema.org\",\"@graph\":[{\"@type\":\"WebPage\",\"@id\":\"https:\\\/\\\/estructuras-de-impacto.impact-structures.com\\\/?page_id=1402\",\"url\":\"https:\\\/\\\/estructuras-de-impacto.impact-structures.com\\\/?page_id=1402\",\"name\":\"Eyecta de impacto - ERNSTSON CLAUDIN ESTRUCTURAS DE IMPACTO - CR\u00c1TERES METEOR\u00cdTICOS\",\"isPartOf\":{\"@id\":\"http:\\\/\\\/estructuras-de-impacto.impact-structures.com\\\/#website\"},\"primaryImageOfPage\":{\"@id\":\"https:\\\/\\\/estructuras-de-impacto.impact-structures.com\\\/?page_id=1402#primaryimage\"},\"image\":{\"@id\":\"https:\\\/\\\/estructuras-de-impacto.impact-structures.com\\\/?page_id=1402#primaryimage\"},\"thumbnailUrl\":\"http:\\\/\\\/www.impact-structures.com\\\/Impactejecta\\\/image002.gif\",\"datePublished\":\"2011-12-01T13:27:29+00:00\",\"dateModified\":\"2020-01-29T12:28:25+00:00\",\"description\":\"Eyecta de impacto - cr\u00e1ter de Ries - Formaci\u00f3n Pelarda estructura de impacto de Azuara - eyecta de Puerto M\u00ednguez Rubielos de la C\u00e9rida\",\"breadcrumb\":{\"@id\":\"https:\\\/\\\/estructuras-de-impacto.impact-structures.com\\\/?page_id=1402#breadcrumb\"},\"inLanguage\":\"es\",\"potentialAction\":[{\"@type\":\"ReadAction\",\"target\":[\"https:\\\/\\\/estructuras-de-impacto.impact-structures.com\\\/?page_id=1402\"]}]},{\"@type\":\"ImageObject\",\"inLanguage\":\"es\",\"@id\":\"https:\\\/\\\/estructuras-de-impacto.impact-structures.com\\\/?page_id=1402#primaryimage\",\"url\":\"http:\\\/\\\/www.impact-structures.com\\\/Impactejecta\\\/image002.gif\",\"contentUrl\":\"http:\\\/\\\/www.impact-structures.com\\\/Impactejecta\\\/image002.gif\"},{\"@type\":\"BreadcrumbList\",\"@id\":\"https:\\\/\\\/estructuras-de-impacto.impact-structures.com\\\/?page_id=1402#breadcrumb\",\"itemListElement\":[{\"@type\":\"ListItem\",\"position\":1,\"name\":\"Portada\",\"item\":\"http:\\\/\\\/estructuras-de-impacto.impact-structures.com\\\/\"},{\"@type\":\"ListItem\",\"position\":2,\"name\":\"Eyecta de impacto\"}]},{\"@type\":\"WebSite\",\"@id\":\"http:\\\/\\\/estructuras-de-impacto.impact-structures.com\\\/#website\",\"url\":\"http:\\\/\\\/estructuras-de-impacto.impact-structures.com\\\/\",\"name\":\"ERNSTSON CLAUDIN ESTRUCTURAS DE IMPACTO - CR\u00c1TERES METEOR\u00cdTICOS\",\"description\":\"Investigaci\u00f3n sobre la geolog\u00eda, geof\u00edsica, y petrolog\u00eda\",\"potentialAction\":[{\"@type\":\"SearchAction\",\"target\":{\"@type\":\"EntryPoint\",\"urlTemplate\":\"http:\\\/\\\/estructuras-de-impacto.impact-structures.com\\\/?s={search_term_string}\"},\"query-input\":{\"@type\":\"PropertyValueSpecification\",\"valueRequired\":true,\"valueName\":\"search_term_string\"}}],\"inLanguage\":\"es\"}]}<\/script>\n<!-- \/ Yoast SEO plugin. -->","yoast_head_json":{"title":"Eyecta de impacto - ERNSTSON CLAUDIN ESTRUCTURAS DE IMPACTO - CR\u00c1TERES METEOR\u00cdTICOS","description":"Eyecta de impacto - cr\u00e1ter de Ries - Formaci\u00f3n Pelarda estructura de impacto de Azuara - eyecta de Puerto M\u00ednguez Rubielos de la C\u00e9rida","robots":{"index":"index","follow":"follow","max-snippet":"max-snippet:-1","max-image-preview":"max-image-preview:large","max-video-preview":"max-video-preview:-1"},"canonical":"https:\/\/estructuras-de-impacto.impact-structures.com\/?page_id=1402","og_locale":"es_ES","og_type":"article","og_title":"Eyecta de impacto - ERNSTSON CLAUDIN ESTRUCTURAS DE IMPACTO - CR\u00c1TERES METEOR\u00cdTICOS","og_description":"Eyecta de impacto - cr\u00e1ter de Ries - Formaci\u00f3n Pelarda estructura de impacto de Azuara - eyecta de Puerto M\u00ednguez Rubielos de la C\u00e9rida","og_url":"https:\/\/estructuras-de-impacto.impact-structures.com\/?page_id=1402","og_site_name":"ERNSTSON CLAUDIN ESTRUCTURAS DE IMPACTO - CR\u00c1TERES METEOR\u00cdTICOS","article_modified_time":"2020-01-29T12:28:25+00:00","og_image":[{"url":"http:\/\/www.impact-structures.com\/Impactejecta\/image002.gif","type":"","width":"","height":""}],"twitter_card":"summary_large_image","twitter_misc":{"Tiempo de lectura":"6 minutos"},"schema":{"@context":"https:\/\/schema.org","@graph":[{"@type":"WebPage","@id":"https:\/\/estructuras-de-impacto.impact-structures.com\/?page_id=1402","url":"https:\/\/estructuras-de-impacto.impact-structures.com\/?page_id=1402","name":"Eyecta de impacto - ERNSTSON CLAUDIN ESTRUCTURAS DE IMPACTO - CR\u00c1TERES METEOR\u00cdTICOS","isPartOf":{"@id":"http:\/\/estructuras-de-impacto.impact-structures.com\/#website"},"primaryImageOfPage":{"@id":"https:\/\/estructuras-de-impacto.impact-structures.com\/?page_id=1402#primaryimage"},"image":{"@id":"https:\/\/estructuras-de-impacto.impact-structures.com\/?page_id=1402#primaryimage"},"thumbnailUrl":"http:\/\/www.impact-structures.com\/Impactejecta\/image002.gif","datePublished":"2011-12-01T13:27:29+00:00","dateModified":"2020-01-29T12:28:25+00:00","description":"Eyecta de impacto - cr\u00e1ter de Ries - Formaci\u00f3n Pelarda estructura de impacto de Azuara - eyecta de Puerto M\u00ednguez Rubielos de la C\u00e9rida","breadcrumb":{"@id":"https:\/\/estructuras-de-impacto.impact-structures.com\/?page_id=1402#breadcrumb"},"inLanguage":"es","potentialAction":[{"@type":"ReadAction","target":["https:\/\/estructuras-de-impacto.impact-structures.com\/?page_id=1402"]}]},{"@type":"ImageObject","inLanguage":"es","@id":"https:\/\/estructuras-de-impacto.impact-structures.com\/?page_id=1402#primaryimage","url":"http:\/\/www.impact-structures.com\/Impactejecta\/image002.gif","contentUrl":"http:\/\/www.impact-structures.com\/Impactejecta\/image002.gif"},{"@type":"BreadcrumbList","@id":"https:\/\/estructuras-de-impacto.impact-structures.com\/?page_id=1402#breadcrumb","itemListElement":[{"@type":"ListItem","position":1,"name":"Portada","item":"http:\/\/estructuras-de-impacto.impact-structures.com\/"},{"@type":"ListItem","position":2,"name":"Eyecta de impacto"}]},{"@type":"WebSite","@id":"http:\/\/estructuras-de-impacto.impact-structures.com\/#website","url":"http:\/\/estructuras-de-impacto.impact-structures.com\/","name":"ERNSTSON CLAUDIN ESTRUCTURAS DE IMPACTO - CR\u00c1TERES METEOR\u00cdTICOS","description":"Investigaci\u00f3n sobre la geolog\u00eda, geof\u00edsica, y petrolog\u00eda","potentialAction":[{"@type":"SearchAction","target":{"@type":"EntryPoint","urlTemplate":"http:\/\/estructuras-de-impacto.impact-structures.com\/?s={search_term_string}"},"query-input":{"@type":"PropertyValueSpecification","valueRequired":true,"valueName":"search_term_string"}}],"inLanguage":"es"}]}},"_links":{"self":[{"href":"http:\/\/estructuras-de-impacto.impact-structures.com\/index.php?rest_route=\/wp\/v2\/pages\/1402","targetHints":{"allow":["GET"]}}],"collection":[{"href":"http:\/\/estructuras-de-impacto.impact-structures.com\/index.php?rest_route=\/wp\/v2\/pages"}],"about":[{"href":"http:\/\/estructuras-de-impacto.impact-structures.com\/index.php?rest_route=\/wp\/v2\/types\/page"}],"author":[{"embeddable":true,"href":"http:\/\/estructuras-de-impacto.impact-structures.com\/index.php?rest_route=\/wp\/v2\/users\/1"}],"replies":[{"embeddable":true,"href":"http:\/\/estructuras-de-impacto.impact-structures.com\/index.php?rest_route=%2Fwp%2Fv2%2Fcomments&post=1402"}],"version-history":[{"count":0,"href":"http:\/\/estructuras-de-impacto.impact-structures.com\/index.php?rest_route=\/wp\/v2\/pages\/1402\/revisions"}],"wp:attachment":[{"href":"http:\/\/estructuras-de-impacto.impact-structures.com\/index.php?rest_route=%2Fwp%2Fv2%2Fmedia&parent=1402"}],"curies":[{"name":"wp","href":"https:\/\/api.w.org\/{rel}","templated":true}]}}